{"id":346,"date":"2023-04-04T16:26:25","date_gmt":"2023-04-04T13:26:25","guid":{"rendered":"https:\/\/blogi.eoppimispalvelut.fi\/jatkuvaoppiminen\/?page_id=346"},"modified":"2023-04-15T12:02:53","modified_gmt":"2023-04-15T09:02:53","slug":"saavutettavuusseloste","status":"publish","type":"page","link":"https:\/\/blogi.eoppimispalvelut.fi\/jatkuvaoppiminen\/saavutettavuusseloste\/","title":{"rendered":"Saavutettavuusseloste"},"content":{"rendered":"\n<h2 class=\"wp-block-heading\" style=\"font-size:25px\">Tervetuloa, t\u00e4m\u00e4 on organisaation Lapin AMK saavutettavuusseloste<\/h2>\n\n\n\n<p>T\u00e4m\u00e4 saavutettavuusseloste koskee palvelua https:\/\/blogi.eoppimispalvelut.fi\/jatkuvaoppiminen\/ ja on laadittu \/ p\u00e4ivitetty 15.04.2023. Palvelua koskee laki digitaalisten palvelujen tarjoamisesta, jossa edellytet\u00e4\u00e4n, ett\u00e4 julkisten verkkopalvelujen on oltava saavutettavia. <\/p>\n\n\n\n<p>Verkko-alustan sis\u00e4lt\u00f6 on toteutettu Lapin AMK:n MUUVI \u2013 Yritysten muutoskyvykkyys, vihre\u00e4 siirtym\u00e4 ja digitalisaatio -hankkeessa Euroopan sosiaalirahaston REACT-EU-rahoituksella vuonna 2023.<\/p>\n\n\n\n<p>Olemme arvioineet palvelun saavutettavuuden itse.<\/p>\n\n\n\n<h2 class=\"wp-block-heading\" style=\"font-size:25px\">Digipalvelun saavutettavuuden tila<\/h2>\n\n\n\n<p>T\u00e4ytt\u00e4\u00e4 saavutettavuusvaatimukset osittain.<\/p>\n\n\n\n<h2 class=\"wp-block-heading\" style=\"font-size:25px\">Ei-saavutettava sis\u00e4lt\u00f6<\/h2>\n\n\n\n<h3 class=\"wp-block-heading\" style=\"font-size:18px\">3. Verkkosivusto ei ole viel\u00e4 kaikilta osin vaatimusten mukainen<\/h3>\n\n\n\n<ul class=\"wp-block-list\">\n<li>Verkko-alustan kehitysty\u00f6 on kesken. <\/li>\n<\/ul>\n\n\n\n<h2 class=\"wp-block-heading\" style=\"font-size:25px\">Huomasitko saavutettavuuspuutteen digipalvelussamme? Kerro se meille ja teemme parhaamme puutteen korjaamiseksi<\/h2>\n\n\n\n<h3 class=\"wp-block-heading\" style=\"font-size:22px\">S\u00e4hk\u00f6postilla<\/h3>\n\n\n\n<p>natalia.pulakka[at]lapinamk.fi, asiantuntija, MUUVI \u2013 Yritysten muutoskyvykkyys, vihre\u00e4 siirtym\u00e4 ja digitalisaatio -hanke, Lapin AMK, Kauppakatu 58, Tornio.<\/p>\n\n\n\n<h2 class=\"wp-block-heading\" style=\"font-size:25px\">Valvontaviranomainen<\/h2>\n\n\n\n<p>Jos huomaat sivustolla saavutettavuusongelmia, anna ensin palautetta meille eli sivuston yll\u00e4pit\u00e4j\u00e4lle. Vastauksessa voi menn\u00e4 14 p\u00e4iv\u00e4\u00e4. Jos et ole tyytyv\u00e4inen saamaasi vastaukseen tai et saa vastausta lainkaan kahden viikon aikana,&nbsp;<a href=\"https:\/\/www.saavutettavuusvaatimukset.fi\/oikeutesi\/\" target=\"_blank\" rel=\"noreferrer noopener\">voit tehd\u00e4 ilmoituksen Etel\u00e4-Suomen aluehallintovirastoon&nbsp;Avautuu uuteen ikkunaan<\/a>. Etel\u00e4-Suomen aluehallintoviraston sivulla kerrotaan tarkasti, miten ilmoituksen voi tehd\u00e4 ja miten asia k\u00e4sitell\u00e4\u00e4n.<\/p>\n\n\n\n<h2 class=\"wp-block-heading\" style=\"font-size:25px\">Valvontaviranomaisen yhteystiedot<\/h2>\n\n\n\n<p>Etel\u00e4-Suomen aluehallintovirasto<br>Saavutettavuuden valvonnan yksikk\u00f6<br>www.saavutettavuusvaatimukset.fi<br>saavutettavuus(at)avi.fi<br>puhelinnumero vaihde 0295 016 000<\/p>\n","protected":false},"excerpt":{"rendered":"<p>Tervetuloa, t\u00e4m\u00e4 on organisaation Lapin AMK saavutettavuusseloste T\u00e4m\u00e4 saavutettavuusseloste koskee palvelua https:\/\/blogi.eoppimispalvelut.fi\/jatkuvaoppiminen\/ ja on laadittu \/ p\u00e4ivitetty 15.04.2023. Palvelua koskee laki digitaalisten palvelujen tarjoamisesta, jossa edellytet\u00e4\u00e4n, ett\u00e4 julkisten verkkopalvelujen on oltava saavutettavia. Verkko-alustan sis\u00e4lt\u00f6 on toteutettu Lapin AMK:n MUUVI \u2013 Yritysten muutoskyvykkyys, vihre\u00e4 siirtym\u00e4 ja digitalisaatio -hankkeessa Euroopan sosiaalirahaston REACT-EU-rahoituksella vuonna 2023. Olemme arvioineet palvelun [&hellip;]<\/p>\n","protected":false},"author":4381,"featured_media":0,"parent":0,"menu_order":0,"comment_status":"closed","ping_status":"closed","template":"","meta":{"_et_pb_use_builder":"off","_et_pb_old_content":"","_et_gb_content_width":"1080","footnotes":""},"class_list":["post-346","page","type-page","status-publish","hentry"],"_links":{"self":[{"href":"https:\/\/blogi.eoppimispalvelut.fi\/jatkuvaoppiminen\/wp-json\/wp\/v2\/pages\/346","targetHints":{"allow":["GET"]}}],"collection":[{"href":"https:\/\/blogi.eoppimispalvelut.fi\/jatkuvaoppiminen\/wp-json\/wp\/v2\/pages"}],"about":[{"href":"https:\/\/blogi.eoppimispalvelut.fi\/jatkuvaoppiminen\/wp-json\/wp\/v2\/types\/page"}],"author":[{"embeddable":true,"href":"https:\/\/blogi.eoppimispalvelut.fi\/jatkuvaoppiminen\/wp-json\/wp\/v2\/users\/4381"}],"replies":[{"embeddable":true,"href":"https:\/\/blogi.eoppimispalvelut.fi\/jatkuvaoppiminen\/wp-json\/wp\/v2\/comments?post=346"}],"version-history":[{"count":10,"href":"https:\/\/blogi.eoppimispalvelut.fi\/jatkuvaoppiminen\/wp-json\/wp\/v2\/pages\/346\/revisions"}],"predecessor-version":[{"id":1707,"href":"https:\/\/blogi.eoppimispalvelut.fi\/jatkuvaoppiminen\/wp-json\/wp\/v2\/pages\/346\/revisions\/1707"}],"wp:attachment":[{"href":"https:\/\/blogi.eoppimispalvelut.fi\/jatkuvaoppiminen\/wp-json\/wp\/v2\/media?parent=346"}],"curies":[{"name":"wp","href":"https:\/\/api.w.org\/{rel}","templated":true}]}}