{"id":1860,"date":"2020-09-23T17:11:58","date_gmt":"2020-09-23T14:11:58","guid":{"rendered":"https:\/\/blogi.eoppimispalvelut.fi\/johdatuspalvelumuotoiluun\/?page_id=1860"},"modified":"2021-02-10T09:49:40","modified_gmt":"2021-02-10T07:49:40","slug":"register","status":"publish","type":"page","link":"https:\/\/blogi.eoppimispalvelut.fi\/johdatuspalvelumuotoiluun\/register\/","title":{"rendered":"Tunnus &#8211; Luo uusi"},"content":{"rendered":"<h3><span style=\"font-family: helvetica, arial, sans-serif;\">Luo tunnus ja aloita opintojen suorittaminen<\/span><\/h3>\n<p><a href=\"https:\/\/blogi.eoppimispalvelut.fi\/johdatuspalvelumuotoiluun\/login\/\">Minulla on jo tunnus, klikkaa t\u00e4st\u00e4<\/a><\/p>\n<p><a>\n<div class=\"cleanlogin-container cleanlogin-full-width\">\n\t<form class=\"cleanlogin-form\" method=\"post\" action=\"#\">\n\t\t<fieldset>\n\n\t\t\t\t\t\t\t\t\t\t<div class=\"cleanlogin-field\">\n                    <label for=\"first_name\">First name<\/label>\n\t\t\t\t\t<input class=\"cleanlogin-field-name\" type=\"text\" name=\"first_name\" value=\"\" placeholder=\"First name\">\n\t\t\t\t<\/div>\n\t\t\t\t<div class=\"cleanlogin-field\">\n                    <label for=\"last_name\">Last name<\/label>\n\t\t\t\t\t<input class=\"cleanlogin-field-surname\" type=\"text\" name=\"last_name\" value=\"\" placeholder=\"Last name\">\n\t\t\t\t<\/div>\n\t\t\t\t\t\t\n\t\t\t\t\t\t\n\t\t\t<div class=\"cleanlogin-field\">\n                <label for=\"email\">Email<\/label>\n\t\t\t\t<input class=\"cleanlogin-field-email\" type=\"email\" name=\"email\" value=\"\" placeholder=\"Email\" aria-label=\"Email\">\n\t\t\t<\/div>\n\n\t\t\t<div class=\"cleanlogin-field-website\">\n\t\t\t\t<label for='website'>Website<\/label>\n\t\t\t\t<input type='text' name='website' value=\".\">\n\t\t\t<\/div>\n\n\t\t\t<div class=\"cleanlogin-field\">\n                <label for=\"pass1\">New password<\/label>\n\t\t\t\t<input class=\"cleanlogin-field-password\" type=\"password\" name=\"pass1\" value=\"\" autocomplete=\"off\" placeholder=\"New password\" aria-label=\"New password\">\n\t\t\t<\/div>\n\n\t\t\t\n\t\t\t\n\t\t\t            \n\t\t\t\n\t\t\t\t\t\t\t<div class=\"cleanlogin-field\">\n\t\t\t\t\t<label class=\"cleanlogin-terms\">\n\t\t\t\t\t\t<input name=\"termsconditions\" type=\"checkbox\" id=\"termsconditions\">\n\t\t\t\t\t\t<a href=\"https:\/\/blogi.eoppimispalvelut.fi\/johdatuspalvelumuotoiluun\/files\/2020\/09\/Tietosuojaseloste_Johdatus-palvelumuotoiluun-MOOC.pdf\" target=\"_blank\">Rekister&ouml;itym&auml;ll&auml; hyv&auml;ksyn antamieni tietojen k&auml;sittelyn Tietosuojailmoituksen mukaisesti.<\/a>\n\t\t\t\t\t<\/label>\n\t\t\t\t<\/div>\n\t\t\t\n\t\t\t<input type=\"hidden\" name=\"clean_login_wpnonce\" value=\"512089ccfc\">\n\n\t\t\t\t\t<\/fieldset>\n\n\t\t<div>\n\t\t\t<input type=\"submit\" value=\"Register\" name=\"btn-submit\" onclick=\"this.form.submit(); this.disabled = true;\">\n\t\t\t<input type=\"hidden\" name=\"action\" value=\"register\">\n\t\t<\/div>\n\n\t<\/form>\n<\/div><\/a><\/p>\n<p>Mik\u00e4li sinulla on ongelmia tunnuksen kanssa, ole yhteydess\u00e4 eoppimispalvelut@luc.fi<\/p>\n","protected":false},"excerpt":{"rendered":"<p>Luo tunnus ja aloita opintojen suorittaminen Minulla on jo tunnus, klikkaa t\u00e4st\u00e4 Mik\u00e4li sinulla on ongelmia tunnuksen kanssa, ole yhteydess\u00e4 eoppimispalvelut@luc.fi<\/p>\n","protected":false},"author":36,"featured_media":0,"parent":0,"menu_order":0,"comment_status":"closed","ping_status":"closed","template":"","meta":{"_et_pb_use_builder":"off","_et_pb_old_content":"","_et_gb_content_width":"","footnotes":""},"class_list":["post-1860","page","type-page","status-publish","hentry"],"_links":{"self":[{"href":"https:\/\/blogi.eoppimispalvelut.fi\/johdatuspalvelumuotoiluun\/wp-json\/wp\/v2\/pages\/1860","targetHints":{"allow":["GET"]}}],"collection":[{"href":"https:\/\/blogi.eoppimispalvelut.fi\/johdatuspalvelumuotoiluun\/wp-json\/wp\/v2\/pages"}],"about":[{"href":"https:\/\/blogi.eoppimispalvelut.fi\/johdatuspalvelumuotoiluun\/wp-json\/wp\/v2\/types\/page"}],"author":[{"embeddable":true,"href":"https:\/\/blogi.eoppimispalvelut.fi\/johdatuspalvelumuotoiluun\/wp-json\/wp\/v2\/users\/36"}],"replies":[{"embeddable":true,"href":"https:\/\/blogi.eoppimispalvelut.fi\/johdatuspalvelumuotoiluun\/wp-json\/wp\/v2\/comments?post=1860"}],"version-history":[{"count":10,"href":"https:\/\/blogi.eoppimispalvelut.fi\/johdatuspalvelumuotoiluun\/wp-json\/wp\/v2\/pages\/1860\/revisions"}],"predecessor-version":[{"id":6922,"href":"https:\/\/blogi.eoppimispalvelut.fi\/johdatuspalvelumuotoiluun\/wp-json\/wp\/v2\/pages\/1860\/revisions\/6922"}],"wp:attachment":[{"href":"https:\/\/blogi.eoppimispalvelut.fi\/johdatuspalvelumuotoiluun\/wp-json\/wp\/v2\/media?parent=1860"}],"curies":[{"name":"wp","href":"https:\/\/api.w.org\/{rel}","templated":true}]}}