{"id":2094,"date":"2020-09-26T11:30:52","date_gmt":"2020-09-26T08:30:52","guid":{"rendered":"https:\/\/blogi.eoppimispalvelut.fi\/johdatuspalvelumuotoiluun\/?page_id=2094"},"modified":"2020-11-02T09:18:20","modified_gmt":"2020-11-02T07:18:20","slug":"login_forgot","status":"publish","type":"page","link":"https:\/\/blogi.eoppimispalvelut.fi\/johdatuspalvelumuotoiluun\/login_forgot\/","title":{"rendered":"Tunnus &#8211; Unohtunut"},"content":{"rendered":"<h3><span style=\"font-family: helvetica, arial, sans-serif;\">Olen unohtanut tunnuksen<\/span><\/h3>\n<p><a href=\"https:\/\/blogi.eoppimispalvelut.fi\/johdatuspalvelumuotoiluun\/register\">Minulla ei ole viel\u00e4 tunnusta, klikkaa t\u00e4st\u00e4<\/a><\/p>\n\n<div class=\"cleanlogin-container\">\n\t<form class=\"cleanlogin-form\" method=\"post\" action=\"#\" onsubmit=\"submit.disabled = true; return true;\">\n\n\t\t<fieldset>\n\t\t\n\t\t\t<div class=\"cleanlogin-field\">\n                <label for=\"username\">Username (or E-mail)<\/label>\n\t\t\t\t<input class=\"cleanlogin-field-username\" type=\"text\" name=\"username\" value=\"\" placeholder=\"Username (or E-mail)\" aria-label=\"Username (or E-mail)\">\n\t\t\t<\/div>\n\n\t\t\t<div class=\"cleanlogin-field-website\">\n\t\t\t\t<label for='website'>Website<\/label>\n\t    \t\t<input type='text' name='website' value=\".\">\n\t    \t<\/div>\n\t\t\n\t\t<\/fieldset>\n\t\t\n\t\t<div>\t\n\t\t\t<input type=\"submit\" value=\"Restore password\" name=\"submit\">\n\t\t\t<input type=\"hidden\" name=\"action\" value=\"restore\">\t\t\n\t\t<\/div>\n\n\t<\/form>\n<\/div>\n<p>Mik\u00e4li et saa uusittua salasanaasi, pyyd\u00e4 uusi salasana eoppimispalvelut@lapinamk.fi<\/p>\n","protected":false},"excerpt":{"rendered":"<p>Olen unohtanut tunnuksen Minulla ei ole viel\u00e4 tunnusta, klikkaa t\u00e4st\u00e4 Mik\u00e4li et saa uusittua salasanaasi, pyyd\u00e4 uusi salasana eoppimispalvelut@lapinamk.fi<\/p>\n","protected":false},"author":36,"featured_media":0,"parent":0,"menu_order":0,"comment_status":"closed","ping_status":"closed","template":"","meta":{"_et_pb_use_builder":"","_et_pb_old_content":"","_et_gb_content_width":"","footnotes":""},"class_list":["post-2094","page","type-page","status-publish","hentry"],"_links":{"self":[{"href":"https:\/\/blogi.eoppimispalvelut.fi\/johdatuspalvelumuotoiluun\/wp-json\/wp\/v2\/pages\/2094","targetHints":{"allow":["GET"]}}],"collection":[{"href":"https:\/\/blogi.eoppimispalvelut.fi\/johdatuspalvelumuotoiluun\/wp-json\/wp\/v2\/pages"}],"about":[{"href":"https:\/\/blogi.eoppimispalvelut.fi\/johdatuspalvelumuotoiluun\/wp-json\/wp\/v2\/types\/page"}],"author":[{"embeddable":true,"href":"https:\/\/blogi.eoppimispalvelut.fi\/johdatuspalvelumuotoiluun\/wp-json\/wp\/v2\/users\/36"}],"replies":[{"embeddable":true,"href":"https:\/\/blogi.eoppimispalvelut.fi\/johdatuspalvelumuotoiluun\/wp-json\/wp\/v2\/comments?post=2094"}],"version-history":[{"count":5,"href":"https:\/\/blogi.eoppimispalvelut.fi\/johdatuspalvelumuotoiluun\/wp-json\/wp\/v2\/pages\/2094\/revisions"}],"predecessor-version":[{"id":2654,"href":"https:\/\/blogi.eoppimispalvelut.fi\/johdatuspalvelumuotoiluun\/wp-json\/wp\/v2\/pages\/2094\/revisions\/2654"}],"wp:attachment":[{"href":"https:\/\/blogi.eoppimispalvelut.fi\/johdatuspalvelumuotoiluun\/wp-json\/wp\/v2\/media?parent=2094"}],"curies":[{"name":"wp","href":"https:\/\/api.w.org\/{rel}","templated":true}]}}