{"id":28,"date":"2020-02-24T17:31:54","date_gmt":"2020-02-24T15:31:54","guid":{"rendered":"https:\/\/blogi.eoppimispalvelut.fi\/k4tr1\/?page_id=28"},"modified":"2020-03-14T16:48:17","modified_gmt":"2020-03-14T14:48:17","slug":"cv","status":"publish","type":"page","link":"https:\/\/blogi.eoppimispalvelut.fi\/k4tr1\/cv\/","title":{"rendered":"CV"},"content":{"rendered":"<p>T\u00e4ydellisemm\u00e4n kuvauksen ty\u00f6kokemuksestani ja luottamusteht\u00e4vist\u00e4ni saat t\u00e4\u00e4lt\u00e4 <a href=\"https:\/\/www.linkedin.com\/in\/katrirantala\/\">LinkedIn-profiilistani<\/a> &#8211; p\u00e4tev\u00e4n yleissilm\u00e4yksen saat alla olevasta CV:st\u00e4 \ud83d\ude42<\/p>\n<p>[pdf-embedder url=&#8221;https:\/\/blogi.eoppimispalvelut.fi\/k4tr1\/files\/2020\/03\/CV.pdf&#8221; title=&#8221;CV Katri Rantala&#8221;]<\/p>\n","protected":false},"excerpt":{"rendered":"<p>T\u00e4ydellisemm\u00e4n kuvauksen ty\u00f6kokemuksestani ja luottamusteht\u00e4vist\u00e4ni saat t\u00e4\u00e4lt\u00e4 LinkedIn-profiilistani &#8211; p\u00e4tev\u00e4n yleissilm\u00e4yksen saat alla olevasta CV:st\u00e4 \ud83d\ude42 [pdf-embedder url=&#8221;https:\/\/blogi.eoppimispalvelut.fi\/k4tr1\/files\/2020\/03\/CV.pdf&#8221; title=&#8221;CV Katri Rantala&#8221;]<\/p>\n","protected":false},"author":4224,"featured_media":0,"parent":0,"menu_order":0,"comment_status":"closed","ping_status":"closed","template":"","meta":{"footnotes":""},"class_list":["post-28","page","type-page","status-publish","hentry"],"_links":{"self":[{"href":"https:\/\/blogi.eoppimispalvelut.fi\/k4tr1\/wp-json\/wp\/v2\/pages\/28","targetHints":{"allow":["GET"]}}],"collection":[{"href":"https:\/\/blogi.eoppimispalvelut.fi\/k4tr1\/wp-json\/wp\/v2\/pages"}],"about":[{"href":"https:\/\/blogi.eoppimispalvelut.fi\/k4tr1\/wp-json\/wp\/v2\/types\/page"}],"author":[{"embeddable":true,"href":"https:\/\/blogi.eoppimispalvelut.fi\/k4tr1\/wp-json\/wp\/v2\/users\/4224"}],"replies":[{"embeddable":true,"href":"https:\/\/blogi.eoppimispalvelut.fi\/k4tr1\/wp-json\/wp\/v2\/comments?post=28"}],"version-history":[{"count":6,"href":"https:\/\/blogi.eoppimispalvelut.fi\/k4tr1\/wp-json\/wp\/v2\/pages\/28\/revisions"}],"predecessor-version":[{"id":119,"href":"https:\/\/blogi.eoppimispalvelut.fi\/k4tr1\/wp-json\/wp\/v2\/pages\/28\/revisions\/119"}],"wp:attachment":[{"href":"https:\/\/blogi.eoppimispalvelut.fi\/k4tr1\/wp-json\/wp\/v2\/media?parent=28"}],"curies":[{"name":"wp","href":"https:\/\/api.w.org\/{rel}","templated":true}]}}