{"id":120,"date":"2024-06-06T12:33:09","date_gmt":"2024-06-06T09:33:09","guid":{"rendered":"https:\/\/blogi.eoppimispalvelut.fi\/kestavaliiketoiminta\/?page_id=120"},"modified":"2026-04-15T16:23:57","modified_gmt":"2026-04-15T13:23:57","slug":"etusivu","status":"publish","type":"page","link":"https:\/\/blogi.eoppimispalvelut.fi\/kestavaliiketoiminta\/","title":{"rendered":"Etusivu"},"content":{"rendered":"<p>[et_pb_section fb_built=&#8221;1&#8243; _builder_version=&#8221;4.27.4&#8243; background_color=&#8221;#FFFFFF&#8221; min_height=&#8221;612.3px&#8221; global_colors_info=&#8221;{}&#8221;][et_pb_row _builder_version=&#8221;4.16&#8243; background_size=&#8221;initial&#8221; background_position=&#8221;top_left&#8221; background_repeat=&#8221;repeat&#8221; global_colors_info=&#8221;{}&#8221;][et_pb_column type=&#8221;4_4&#8243; _builder_version=&#8221;4.16&#8243; custom_padding=&#8221;|||&#8221; global_colors_info=&#8221;{}&#8221; custom_padding__hover=&#8221;|||&#8221;][et_pb_heading title=&#8221;Kest\u00e4vyysraportointi ja kest\u00e4v\u00e4 kilpailukyky&#8221; _builder_version=&#8221;4.27.4&#8243; _module_preset=&#8221;default&#8221; hover_enabled=&#8221;0&#8243; global_colors_info=&#8221;{}&#8221; sticky_enabled=&#8221;0&#8243;][\/et_pb_heading][et_pb_image src=&#8221;https:\/\/blogi.eoppimispalvelut.fi\/kestavaliiketoiminta\/files\/2026\/04\/Nayttokuva-2026-04-15-151438.png&#8221; title_text=&#8221;N\u00e4ytt\u00f6kuva 2026-04-15 151438&#8243; _builder_version=&#8221;4.27.4&#8243; _module_preset=&#8221;default&#8221; global_colors_info=&#8221;{}&#8221;][\/et_pb_image][\/et_pb_column][\/et_pb_row][et_pb_row _builder_version=&#8221;4.27.4&#8243; _module_preset=&#8221;default&#8221; column_structure=&#8221;2_5,3_5&#8243;][et_pb_column _builder_version=&#8221;4.27.4&#8243; _module_preset=&#8221;default&#8221; type=&#8221;2_5&#8243;][et_pb_image src=&#8221;https:\/\/blogi.eoppimispalvelut.fi\/kestavaliiketoiminta\/files\/2026\/04\/koskeeko-raporoitnti-sinun-yritysta-15.png&#8221; _builder_version=&#8221;4.27.4&#8243; _module_preset=&#8221;default&#8221; title_text=&#8221;koskeeko raporoitnti sinun yrityst\u00e4 (15)&#8221; hover_enabled=&#8221;0&#8243; sticky_enabled=&#8221;0&#8243;][\/et_pb_image][\/et_pb_column][et_pb_column _builder_version=&#8221;4.27.4&#8243; _module_preset=&#8221;default&#8221; type=&#8221;3_5&#8243;][et_pb_text _builder_version=&#8221;4.27.4&#8243; _module_preset=&#8221;default&#8221; hover_enabled=&#8221;0&#8243; sticky_enabled=&#8221;0&#8243;]<\/p>\n<p><strong>Miten kest\u00e4vyysraportointiin ja sen hy\u00f6tyihin p\u00e4\u00e4see k\u00e4siksi? <\/strong><\/p>\n<p><span>Raportoinnista on paljon yleistietoa ja kehoitteita raportoinnin aloittamiseen. Aloittaminen voi kuitenkin olla vaikeaa, jos osaamista tai aikaa ei ole. Alkuun p\u00e4\u00e4see <\/span><span>sill\u00e4, ett\u00e4 yrityksen johto p\u00e4\u00e4tt\u00e4\u00e4 aloittaa raportoinnin ja valtuuttaa tekij\u00e4t t\u00f6ihin.<\/span><\/p>\n<p><span> Kest\u00e4vyysraportti on asiakirja, joka voidaan laittaa tarjousten liitteeksi tai rahoitushakemuksen osaksi ja sen vuoksi sen tekemisen ja sis\u00e4ll\u00f6t hyv\u00e4ksyy yrityksen johto.<\/span><span class=\"white-space-pre\"> <\/span><span><br \/><\/span><span><br \/><\/span><span><strong>Kest\u00e4vyys ei parane raportoimalla \u2013 vaan johtamall<\/strong>a \ud83d\udcaa\u00a0<\/span><\/p>\n<p>Kest\u00e4vyysraportoinnin hy\u00f6ty ei ole se valmis dokumentti. Hy\u00f6ty on se, ett\u00e4 raportoinnin tuloksia hy\u00f6dynnet\u00e4\u00e4n johtamisen ty\u00f6kaluna. Kest\u00e4vyysraportti tekee n\u00e4kyv\u00e4ksi markkinoiden vaatimukset ja samalla yrityksen kehitt\u00e4miskohteet.<\/p>\n<p>[\/et_pb_text][\/et_pb_column][\/et_pb_row][\/et_pb_section][et_pb_section fb_built=&#8221;1&#8243; theme_builder_area=&#8221;post_content&#8221; _builder_version=&#8221;4.27.4&#8243; _module_preset=&#8221;default&#8221;][et_pb_row _builder_version=&#8221;4.27.4&#8243; _module_preset=&#8221;default&#8221; column_structure=&#8221;3_5,2_5&#8243; theme_builder_area=&#8221;post_content&#8221;][et_pb_column _builder_version=&#8221;4.27.4&#8243; _module_preset=&#8221;default&#8221; type=&#8221;3_5&#8243; theme_builder_area=&#8221;post_content&#8221;][et_pb_text _builder_version=&#8221;4.27.4&#8243; _module_preset=&#8221;default&#8221; theme_builder_area=&#8221;post_content&#8221; hover_enabled=&#8221;0&#8243; sticky_enabled=&#8221;0&#8243;]<\/p>\n<p><strong style=\"font-size: 14px\">Aloittaminen on helppoa<\/strong><span><\/span><\/p>\n<p><span>Kun p\u00e4\u00e4t\u00f6s kest\u00e4vyysraportoinnista ja sen hy\u00f6tyjen realisoinnista on tehty, kannattaa raportin tekij\u00e4n ottaa suunnaksi Lapin AMK:n maksuton ty\u00f6kalu. Ty\u00f6kalu ohjaa raportointiprosessia siihen asti, ett\u00e4 sen voi vied\u00e4 johtoryhm\u00e4n hyv\u00e4ksytt\u00e4v\u00e4ksi ja aloittaa viestinn\u00e4n vaikkapa kest\u00e4vyyteen liittyvist\u00e4 periaatteista, toimintamalleista ja asetetuista tavoitteista.<\/span><\/p>\n<ul>\n<li><span>selke\u00e4t ohjeet<\/span><\/li>\n<li><span>ohjaavat lomakeet<\/span><\/li>\n<li><span>teko\u00e4ly auttamassa<\/span><\/li>\n<\/ul>\n<p><span><\/span><\/p>\n<p>[\/et_pb_text][et_pb_button button_text=&#8221;Rekister\u00f6idy ja kokeile!&#8221; _builder_version=&#8221;4.27.4&#8243; _module_preset=&#8221;default&#8221; theme_builder_area=&#8221;post_content&#8221; button_url=&#8221;https:\/\/blogi.eoppimispalvelut.fi\/kestavaliiketoiminta\/etusivu\/kestavyysraportti-maksuton-tyokalu-vastuullisuusraportointiin-pk-yrityksille\/&#8221; hover_enabled=&#8221;0&#8243; sticky_enabled=&#8221;0&#8243;][\/et_pb_button][\/et_pb_column][et_pb_column _builder_version=&#8221;4.27.4&#8243; _module_preset=&#8221;default&#8221; type=&#8221;2_5&#8243; theme_builder_area=&#8221;post_content&#8221;][et_pb_image src=&#8221;https:\/\/blogi.eoppimispalvelut.fi\/kestavaliiketoiminta\/files\/2026\/04\/koskeeko-raporoitnti-sinun-yritysta-16.png&#8221; _builder_version=&#8221;4.27.4&#8243; _module_preset=&#8221;default&#8221; theme_builder_area=&#8221;post_content&#8221; title_text=&#8221;koskeeko raporoitnti sinun yrityst\u00e4 (16)&#8221; hover_enabled=&#8221;0&#8243; sticky_enabled=&#8221;0&#8243; force_fullwidth=&#8221;on&#8221;][\/et_pb_image][\/et_pb_column][\/et_pb_row][\/et_pb_section][et_pb_section fb_built=&#8221;1&#8243; _builder_version=&#8221;4.24.3&#8243; _module_preset=&#8221;default&#8221; global_colors_info=&#8221;{}&#8221;][et_pb_row _builder_version=&#8221;4.24.3&#8243; _module_preset=&#8221;default&#8221; global_colors_info=&#8221;{}&#8221;][et_pb_column type=&#8221;4_4&#8243; _builder_version=&#8221;4.24.3&#8243; _module_preset=&#8221;default&#8221; global_colors_info=&#8221;{}&#8221;][et_pb_image src=&#8221;https:\/\/blogi.eoppimispalvelut.fi\/kestavaliiketoiminta\/files\/2024\/06\/cropped-cropped-hankelogot.jpg&#8221; title_text=&#8221;Untitled design &#8211; 1&#8243; _builder_version=&#8221;4.24.3&#8243; _module_preset=&#8221;default&#8221; global_colors_info=&#8221;{}&#8221;][\/et_pb_image][\/et_pb_column][\/et_pb_row][\/et_pb_section]<\/p>\n","protected":false},"excerpt":{"rendered":"<p>Miten kest\u00e4vyysraportointiin ja sen hy\u00f6tyihin p\u00e4\u00e4see k\u00e4siksi? Raportoinnista on paljon yleistietoa ja kehoitteita raportoinnin aloittamiseen. Aloittaminen voi kuitenkin olla vaikeaa, jos osaamista tai aikaa ei ole. Alkuun p\u00e4\u00e4see sill\u00e4, ett\u00e4 yrityksen johto p\u00e4\u00e4tt\u00e4\u00e4 aloittaa raportoinnin ja valtuuttaa tekij\u00e4t t\u00f6ihin. Kest\u00e4vyysraportti on asiakirja, joka voidaan laittaa tarjousten liitteeksi tai rahoitushakemuksen osaksi ja sen vuoksi sen tekemisen [&hellip;]<\/p>\n","protected":false},"author":46936,"featured_media":247,"parent":0,"menu_order":0,"comment_status":"closed","ping_status":"closed","template":"","meta":{"_et_pb_use_builder":"on","_et_pb_old_content":"<!-- wp:image {\"id\":84,\"aspectRatio\":\"16\/9\",\"scale\":\"cover\",\"sizeSlug\":\"large\",\"linkDestination\":\"none\",\"style\":{\"border\":{\"width\":\"0px\",\"style\":\"none\",\"radius\":\"0px\"}}} -->\n<figure class=\"wp-block-image size-large has-custom-border\"><img src=\"https:\/\/blogi.eoppimispalvelut.fi\/kestavaliiketoiminta\/files\/2024\/06\/Kesa_T4A5538_2021_Marko_Junttila-1024x683.jpg\" alt=\"\" class=\"wp-image-84\" style=\"border-style:none;border-width:0px;border-radius:0px;aspect-ratio:16\/9;object-fit:cover\" \/><\/figure>\n<!-- \/wp:image -->\n\n<!-- wp:paragraph -->\n<p><\/p>\n<!-- \/wp:paragraph -->\n\n<!-- wp:spacer {\"height\":\"42px\"} -->\n<div style=\"height:42px\" aria-hidden=\"true\" class=\"wp-block-spacer\"><\/div>\n<!-- \/wp:spacer -->\n\n<!-- wp:paragraph -->\n<p><\/p>\n<!-- \/wp:paragraph -->\n\n<!-- wp:columns -->\n<div class=\"wp-block-columns\"><!-- wp:column -->\n<div class=\"wp-block-column\"><!-- wp:paragraph -->\n<p>EU:n kest\u00e4vyysraportointidirektiivin (CSRD) vaikutukset ulottuvat laajalle, vaikka direktiivi koskee suoraa vain suuria yrityksi\u00e4. My\u00f6s pienempien yritysten on kuitenkin sopeuduttava muutoksiin, sill\u00e4 osana arvoverkostoja kest\u00e4vyysraportoinnin velvoitteet tulevat n\u00e4kym\u00e4\u00e4n my\u00f6s niiss\u00e4. Paineet kest\u00e4vyystoimenpiteiden raportointiin tulevat yrityksiin useasta suunnasta: yhteisty\u00f6yrityksist\u00e4, rahoittajilta ja kuluttajilta.<\/p>\n<!-- \/wp:paragraph -->\n\n<!-- wp:paragraph -->\n<p>EU on suunnittelemassa vapaaehtoisen raportoinnin standardia (VSRS) pienemmille yrityksille, jotka j\u00e4\u00e4v\u00e4t  kest\u00e4vyysraportointidirektiivin (CSRD) ulkopuolelle Tavoitteena on kannustaa yrityksi\u00e4 vihre\u00e4\u00e4n siirtym\u00e4\u00e4n. Kest\u00e4vyysraportointistandardit tarjoavat ty\u00f6kaluja kest\u00e4vyystoimenpiteiden johtamiseen, kilpailukyvyn yll\u00e4pit\u00e4miseen ja vaadittavan tiedon tuottamiseen. <\/p>\n<!-- \/wp:paragraph --><\/div>\n<!-- \/wp:column -->\n\n<!-- wp:column -->\n<div class=\"wp-block-column\"><!-- wp:paragraph -->\n<p><em>Kest\u00e4vyysraportointi ja kest\u00e4v\u00e4 kehitys liiketoiminnassa<\/em> - hankkeen tavoitteena on vastata yritysten ja niiden sidosryhmien tarpeisiin tuottamalla ty\u00f6kaluja, jotka helpottavat raportointia ja lis\u00e4\u00e4v\u00e4t tietoisuutta kest\u00e4v\u00e4st\u00e4 kehityksest\u00e4 ja sen vaikutuksista liiketoimintaan.<\/p>\n<!-- \/wp:paragraph -->\n\n<!-- wp:paragraph -->\n<p>Hankkeen tavoitteena on vastata yritysten ja niiden sidosryhmien tarpeisiin tuottamalla ty\u00f6kaluja, jotka helpottavat raportointia ja lis\u00e4\u00e4v\u00e4t tietoisuutta kest\u00e4v\u00e4st\u00e4 kehityksest\u00e4 ja sen vaikutuksista liiketoimintaan. Kohderyhmien erilaisuuden vuoksi hankkeessa tuotetaan kaksi tuotosta: raportointiprosessikuvaus raportointivelvollisille yrityksille ja vapaaehtoisen raportoinnin ty\u00f6kalu, jossa kuvataan raportoinnin prosessi sek\u00e4 tuotetaan lomakepohjainen raportointimalli.<\/p>\n<!-- \/wp:paragraph --><\/div>\n<!-- \/wp:column --><\/div>\n<!-- \/wp:columns -->\n\n<!-- wp:separator {\"className\":\"is-style-wide\"} -->\n<hr class=\"wp-block-separator has-alpha-channel-opacity is-style-wide\" \/>\n<!-- \/wp:separator -->\n\n<!-- wp:paragraph {\"fontSize\":\"medium\"} -->\n<p class=\"has-medium-font-size\"><strong>Tapahtumat<\/strong><\/p>\n<!-- \/wp:paragraph -->\n\n<!-- wp:columns -->\n<div class=\"wp-block-columns\"><!-- wp:column -->\n<div class=\"wp-block-column\"><!-- wp:image {\"id\":138,\"sizeSlug\":\"full\",\"linkDestination\":\"none\"} -->\n<figure class=\"wp-block-image size-full\"><img src=\"https:\/\/blogi.eoppimispalvelut.fi\/kestavaliiketoiminta\/files\/2024\/06\/Kestavyysraportointi-30052024-2.png\" alt=\"\" class=\"wp-image-138\" \/><\/figure>\n<!-- \/wp:image --><\/div>\n<!-- \/wp:column -->\n\n<!-- wp:column -->\n<div class=\"wp-block-column\"><!-- wp:image {\"id\":138,\"sizeSlug\":\"full\",\"linkDestination\":\"none\"} -->\n<figure class=\"wp-block-image size-full\"><img src=\"https:\/\/blogi.eoppimispalvelut.fi\/kestavaliiketoiminta\/files\/2024\/06\/Kestavyysraportointi-30052024-2.png\" alt=\"\" class=\"wp-image-138\" \/><\/figure>\n<!-- \/wp:image --><\/div>\n<!-- \/wp:column -->\n\n<!-- wp:column -->\n<div class=\"wp-block-column\"><!-- wp:image {\"id\":138,\"sizeSlug\":\"full\",\"linkDestination\":\"none\"} -->\n<figure class=\"wp-block-image size-full\"><img src=\"https:\/\/blogi.eoppimispalvelut.fi\/kestavaliiketoiminta\/files\/2024\/06\/Kestavyysraportointi-30052024-2.png\" alt=\"\" class=\"wp-image-138\" \/><\/figure>\n<!-- \/wp:image --><\/div>\n<!-- \/wp:column --><\/div>\n<!-- \/wp:columns -->\n\n<!-- wp:columns -->\n<div class=\"wp-block-columns\"><!-- wp:column -->\n<div class=\"wp-block-column\"><!-- wp:paragraph -->\n<p><strong>Kest\u00e4vyysraportoinnin perusteet yrityksille<\/strong><\/p>\n<!-- \/wp:paragraph -->\n\n<!-- wp:paragraph -->\n<p>14.5.2024 klo 8.30<\/p>\n<!-- \/wp:paragraph -->\n\n<!-- wp:paragraph -->\n<p>Levi<\/p>\n<!-- \/wp:paragraph --><\/div>\n<!-- \/wp:column -->\n\n<!-- wp:column -->\n<div class=\"wp-block-column\"><!-- wp:paragraph {\"fontSize\":\"normal\"} -->\n<p class=\"has-normal-font-size\"><strong>Mit\u00e4 yritysten tulee tiet\u00e4\u00e4 kest\u00e4vyysraportoinnista?<\/strong><\/p>\n<!-- \/wp:paragraph -->\n\n<!-- wp:paragraph -->\n<p>30.5.2024 klo 8.30-9.30<\/p>\n<!-- \/wp:paragraph -->\n\n<!-- wp:paragraph -->\n<p>Zoom<\/p>\n<!-- \/wp:paragraph --><\/div>\n<!-- \/wp:column -->\n\n<!-- wp:column -->\n<div class=\"wp-block-column\"><!-- wp:paragraph {\"fontSize\":\"normal\"} -->\n<p class=\"has-normal-font-size\"><strong>Mit\u00e4 yritysten tulee tiet\u00e4\u00e4 kest\u00e4vyysraportoinnista?<\/strong><\/p>\n<!-- \/wp:paragraph -->\n\n<!-- wp:paragraph -->\n<p>30.5.2024 klo 8.30-9.30<\/p>\n<!-- \/wp:paragraph -->\n\n<!-- wp:paragraph -->\n<p>Zoom<\/p>\n<!-- \/wp:paragraph --><\/div>\n<!-- \/wp:column --><\/div>\n<!-- \/wp:columns -->\n\n<!-- wp:separator {\"className\":\"is-style-wide\"} -->\n<hr class=\"wp-block-separator has-alpha-channel-opacity is-style-wide\" \/>\n<!-- \/wp:separator -->\n\n<!-- wp:paragraph {\"fontSize\":\"medium\"} -->\n<p class=\"has-medium-font-size\"><strong>Hankkeesta<\/strong><\/p>\n<!-- \/wp:paragraph -->\n\n<!-- wp:columns {\"style\":{\"border\":{\"width\":\"0px\",\"style\":\"none\",\"radius\":\"39px\"},\"spacing\":{\"margin\":{\"top\":\"0\",\"bottom\":\"0\"}},\"color\":{\"background\":\"#d3e871\"}}} -->\n<div class=\"wp-block-columns has-background\" style=\"border-style:none;border-width:0px;border-radius:39px;background-color:#d3e871;margin-top:0;margin-bottom:0\"><!-- wp:column -->\n<div class=\"wp-block-column\"><!-- wp:paragraph -->\n<p><strong>Hankkeen nimi:<\/strong> Kest\u00e4vyysraportointi ja kest\u00e4v\u00e4 kehitys liiketoiminnassa<\/p>\n<!-- \/wp:paragraph -->\n\n<!-- wp:paragraph -->\n<p><strong>Hankeaika:<\/strong> 15.4.2024-15.4.2026<\/p>\n<!-- \/wp:paragraph -->\n\n<!-- wp:paragraph -->\n<p><strong>Toteuttaja: <\/strong>Lapin ammattikorkeakoulu<\/p>\n<!-- \/wp:paragraph --><\/div>\n<!-- \/wp:column -->\n\n<!-- wp:column -->\n<div class=\"wp-block-column\"><!-- wp:paragraph -->\n<p><strong>Budjetti ja rahoitus: <\/strong><\/p>\n<!-- \/wp:paragraph -->\n\n<!-- wp:paragraph -->\n<p>Hankkeen kokonaisbudjetti on 236 333 \u20ac. Hanketta rahoittaa Lapin liitto Euroopan aluekehitysrahaston (EAKR) rahoituksella. Hankkeelle my\u00f6nnetty EU- ja valtion rahoituksen osuus on 189 066 \u20ac.<\/p>\n<!-- \/wp:paragraph --><\/div>\n<!-- \/wp:column --><\/div>\n<!-- \/wp:columns -->","_et_gb_content_width":"1080","footnotes":""},"class_list":["post-120","page","type-page","status-publish","has-post-thumbnail","hentry"],"_links":{"self":[{"href":"https:\/\/blogi.eoppimispalvelut.fi\/kestavaliiketoiminta\/wp-json\/wp\/v2\/pages\/120","targetHints":{"allow":["GET"]}}],"collection":[{"href":"https:\/\/blogi.eoppimispalvelut.fi\/kestavaliiketoiminta\/wp-json\/wp\/v2\/pages"}],"about":[{"href":"https:\/\/blogi.eoppimispalvelut.fi\/kestavaliiketoiminta\/wp-json\/wp\/v2\/types\/page"}],"author":[{"embeddable":true,"href":"https:\/\/blogi.eoppimispalvelut.fi\/kestavaliiketoiminta\/wp-json\/wp\/v2\/users\/46936"}],"replies":[{"embeddable":true,"href":"https:\/\/blogi.eoppimispalvelut.fi\/kestavaliiketoiminta\/wp-json\/wp\/v2\/comments?post=120"}],"version-history":[{"count":88,"href":"https:\/\/blogi.eoppimispalvelut.fi\/kestavaliiketoiminta\/wp-json\/wp\/v2\/pages\/120\/revisions"}],"predecessor-version":[{"id":902,"href":"https:\/\/blogi.eoppimispalvelut.fi\/kestavaliiketoiminta\/wp-json\/wp\/v2\/pages\/120\/revisions\/902"}],"wp:featuredmedia":[{"embeddable":true,"href":"https:\/\/blogi.eoppimispalvelut.fi\/kestavaliiketoiminta\/wp-json\/wp\/v2\/media\/247"}],"wp:attachment":[{"href":"https:\/\/blogi.eoppimispalvelut.fi\/kestavaliiketoiminta\/wp-json\/wp\/v2\/media?parent=120"}],"curies":[{"name":"wp","href":"https:\/\/api.w.org\/{rel}","templated":true}]}}