{"id":49,"date":"2024-06-04T10:07:39","date_gmt":"2024-06-04T07:07:39","guid":{"rendered":"https:\/\/blogi.eoppimispalvelut.fi\/kestavaliiketoiminta\/?page_id=49"},"modified":"2024-06-17T14:25:14","modified_gmt":"2024-06-17T11:25:14","slug":"projektista","status":"publish","type":"page","link":"https:\/\/blogi.eoppimispalvelut.fi\/kestavaliiketoiminta\/projektista\/","title":{"rendered":"Hankkeesta"},"content":{"rendered":"<p>[et_pb_section fb_built=&#8221;1&#8243; _builder_version=&#8221;4.16&#8243; global_colors_info=&#8221;{}&#8221;][et_pb_row _builder_version=&#8221;4.24.3&#8243; _module_preset=&#8221;default&#8221; global_colors_info=&#8221;{}&#8221;][et_pb_column type=&#8221;4_4&#8243; _builder_version=&#8221;4.24.3&#8243; _module_preset=&#8221;default&#8221; global_colors_info=&#8221;{}&#8221;][et_pb_heading title=&#8221;Hankkeesta&#8221; _builder_version=&#8221;4.24.3&#8243; _module_preset=&#8221;default&#8221; global_colors_info=&#8221;{}&#8221;][\/et_pb_heading][\/et_pb_column][\/et_pb_row][et_pb_row column_structure=&#8221;1_2,1_2&#8243; _builder_version=&#8221;4.24.3&#8243; _module_preset=&#8221;default&#8221; global_colors_info=&#8221;{}&#8221;][et_pb_column type=&#8221;1_2&#8243; _builder_version=&#8221;4.24.3&#8243; _module_preset=&#8221;default&#8221; global_colors_info=&#8221;{}&#8221;][et_pb_text _builder_version=&#8221;4.24.3&#8243; _module_preset=&#8221;default&#8221; global_colors_info=&#8221;{}&#8221;]<\/p>\n<p>Kest\u00e4vyysraportointi ja kest\u00e4v\u00e4 kehitys liiketoiminnassa -hankkeen tavoitteena on vastata yritysten sek\u00e4 yritysten sidosryhmien tarpeisiin tuottamalla ty\u00f6kaluja, jotka helpottavat kest\u00e4vyysraportointia ja lis\u00e4\u00e4v\u00e4t tietoisuutta kest\u00e4v\u00e4st\u00e4 kehityksest\u00e4 ja sen vaikutuksista liiketoimintaan. Kohderyhmien erilaisuuden vuoksi hankkeessa tuotetaan kaksi tuotosta: raportointiprosessikuvaus raportointivelvollisille yrityksille ja vapaaehtoisen raportoinnin (VSRS) ty\u00f6kalu, jossa kuvataan raportoinnin prosessi sek\u00e4 tuotetaan lomakepohjainen raportointimalli.<\/p>\n<p><!-- \/divi:paragraph --> <!-- divi:paragraph --><\/p>\n<p>Raportointiprosessikuvaus on suunnattu raportointivelvollisille yrityksille, kun taas VSRS-pohjalta tehty ty\u00f6kalu on suunnattu mikro- ja pienyrityksille. N\u00e4iden ty\u00f6kalujen avulla yritysten tiedontuotanto helpottuu ja samalla ne auttavat johtamaan kest\u00e4vyys toimenpiteit\u00e4, parantavat kilpailukyky\u00e4 ja muutoskyky\u00e4. Hankkeen tavoitteena on my\u00f6s vahvistaa kest\u00e4vyyteen liittyv\u00e4\u00e4 osaamista ja viestint\u00e4\u00e4.<\/p>\n<p>[\/et_pb_text][\/et_pb_column][et_pb_column type=&#8221;1_2&#8243; _builder_version=&#8221;4.24.3&#8243; _module_preset=&#8221;default&#8221; global_colors_info=&#8221;{}&#8221;][et_pb_text _builder_version=&#8221;4.24.3&#8243; _module_preset=&#8221;default&#8221; custom_padding=&#8221;||6px|||&#8221; global_colors_info=&#8221;{}&#8221;]<\/p>\n<p>Ty\u00f6kalujen lis\u00e4ksi hankkeessa tuotetaan uutta tietoa ja ymm\u00e4rryst\u00e4 kest\u00e4vyyteen liittyvist\u00e4 standardeista ja niiden sovelluksista. T\u00e4m\u00e4n tiedon levitt\u00e4minen eri muodoissa ja kanavissa on t\u00e4rke\u00e4\u00e4. Lis\u00e4ksi hankkeessa painotetaan verkostojen yhteist\u00e4 p\u00e4\u00e4m\u00e4\u00e4r\u00e4\u00e4 tiedontuotannossa, mik\u00e4 tiivist\u00e4\u00e4 verkostoja ja luo kokonaisymm\u00e4rryst\u00e4 tuotteiden ja palveluiden vaikutuksista.<\/p>\n<p><!-- \/divi:paragraph --> <!-- divi:paragraph --><\/p>\n<p>Hankkeen uutuusarvo piilee siin\u00e4, ett\u00e4 se tuottaa vaikeaselkoisesta direktiivist\u00e4 helppok\u00e4ytt\u00f6isi\u00e4 ty\u00f6kaluja, jotka auttavat yrityksi\u00e4 kest\u00e4vyyden johtamisessa ja tiedontuotannossa. Hankkeen avulla pyrit\u00e4\u00e4n vastaamaan kasvaviin tiedontuotantovaatimuksiin, helpottamaan resurssiongelmaa ja motivoimaan yrityksi\u00e4 kest\u00e4vyystoimenpiteisiin.\u00a0<\/p>\n<p>[\/et_pb_text][\/et_pb_column][\/et_pb_row][et_pb_row _builder_version=&#8221;4.24.3&#8243; _module_preset=&#8221;default&#8221; global_colors_info=&#8221;{}&#8221;][et_pb_column type=&#8221;4_4&#8243; _builder_version=&#8221;4.24.3&#8243; _module_preset=&#8221;default&#8221; global_colors_info=&#8221;{}&#8221;][et_pb_divider _builder_version=&#8221;4.24.3&#8243; _module_preset=&#8221;default&#8221; global_colors_info=&#8221;{}&#8221;][\/et_pb_divider][\/et_pb_column][\/et_pb_row][et_pb_row _builder_version=&#8221;4.24.3&#8243; _module_preset=&#8221;default&#8221; global_colors_info=&#8221;{}&#8221;][et_pb_column type=&#8221;4_4&#8243; _builder_version=&#8221;4.24.3&#8243; _module_preset=&#8221;default&#8221; global_colors_info=&#8221;{}&#8221;][et_pb_heading title=&#8221;Hankkeen ty\u00f6paketit&#8221; _builder_version=&#8221;4.24.3&#8243; _module_preset=&#8221;default&#8221; global_colors_info=&#8221;{}&#8221;][\/et_pb_heading][\/et_pb_column][\/et_pb_row][et_pb_row column_structure=&#8221;1_2,1_2&#8243; _builder_version=&#8221;4.24.3&#8243; _module_preset=&#8221;default&#8221; global_colors_info=&#8221;{}&#8221;][et_pb_column type=&#8221;1_2&#8243; _builder_version=&#8221;4.24.3&#8243; _module_preset=&#8221;default&#8221; global_colors_info=&#8221;{}&#8221;][et_pb_text _builder_version=&#8221;4.24.3&#8243; _module_preset=&#8221;default&#8221; global_colors_info=&#8221;{}&#8221;]<\/p>\n<p>&nbsp;<\/p>\n<p>TP 1: CSRD ja ESRS raportointivelvollisten pk-yritysten kanssa ja raportointiprosessinkuvauksen luominen<\/p>\n<p>\u00a0<span style=\"font-size: 14px\">TP 2: Kest\u00e4vyysraportoinnin tunnetuksi tekeminen ja tietoisuuden lis\u00e4\u00e4minen lappilaisissa mikro- ja pk-yrityksiss\u00e4 sek\u00e4 yritysten sidosryhmiss\u00e4<\/span><\/p>\n<div class=\"wp-block-group\">\n<div class=\"wp-block-group\"><!-- \/divi:paragraph --> <!-- divi:paragraph --><\/p>\n<p>TP 3: Vapaaehtoisen raportoinnin ty\u00f6kalujen laatiminen VSRS-standardin pohjalta<\/p>\n<p><!-- \/divi:paragraph --> <!-- divi:paragraph --><\/p>\n<p>TP 4: Laaditun ty\u00f6kalun pilotointi ja kest\u00e4v\u00e4n liiketoiminnan elementtien esiin nostaminen<\/p>\n<p><!-- \/divi:paragraph --> <!-- divi:paragraph --><\/p>\n<p>TP 5: Hankkeen hallinto ja viestint\u00e4<\/p>\n<\/div>\n<\/div>\n<p>[\/et_pb_text][\/et_pb_column][et_pb_column type=&#8221;1_2&#8243; _builder_version=&#8221;4.24.3&#8243; _module_preset=&#8221;default&#8221; global_colors_info=&#8221;{}&#8221;][et_pb_image src=&#8221;https:\/\/blogi.eoppimispalvelut.fi\/kestavaliiketoiminta\/files\/2024\/06\/Sanapilvi2-1.png&#8221; title_text=&#8221;Sanapilvi2&#8243; _builder_version=&#8221;4.24.3&#8243; _module_preset=&#8221;default&#8221; hover_enabled=&#8221;0&#8243; global_colors_info=&#8221;{}&#8221; sticky_enabled=&#8221;0&#8243; force_fullwidth=&#8221;on&#8221;][\/et_pb_image][\/et_pb_column][\/et_pb_row][\/et_pb_section][et_pb_section fb_built=&#8221;1&#8243; _builder_version=&#8221;4.24.3&#8243; _module_preset=&#8221;default&#8221; background_image=&#8221;https:\/\/blogi.eoppimispalvelut.fi\/kestavaliiketoiminta\/files\/2024\/06\/Taustakuva-verkkosivulle2.png&#8221; global_colors_info=&#8221;{}&#8221;][et_pb_row _builder_version=&#8221;4.24.3&#8243; _module_preset=&#8221;default&#8221; global_colors_info=&#8221;{}&#8221;][et_pb_column type=&#8221;4_4&#8243; _builder_version=&#8221;4.24.3&#8243; _module_preset=&#8221;default&#8221; global_colors_info=&#8221;{}&#8221;][et_pb_text _builder_version=&#8221;4.24.3&#8243; _module_preset=&#8221;default&#8221; global_colors_info=&#8221;{}&#8221;]<\/p>\n<h3 style=\"margin-right: var(--wp--preset--spacing--30);margin-left: var(--wp--preset--spacing--30)\"><strong>Hankkeen nimi<\/strong><\/h3>\n<p style=\"margin-right: var(--wp--preset--spacing--30);margin-left: var(--wp--preset--spacing--30)\">Kest\u00e4vyysraportointi ja kest\u00e4v\u00e4 kehitys liiketoiminnassa 403769<\/p>\n<p><!-- \/divi:paragraph --><\/p>\n<p><!-- divi:paragraph {\"style\":{\"spacing\":{\"margin\":{\"right\":\"var:preset|spacing|30\",\"left\":\"var:preset|spacing|30\"}}}} --><\/p>\n<h3 style=\"margin-right: var(--wp--preset--spacing--30);margin-left: var(--wp--preset--spacing--30)\"><strong>Hankeaika<\/strong><\/h3>\n<p style=\"margin-right: var(--wp--preset--spacing--30);margin-left: var(--wp--preset--spacing--30)\">15.4.2024-15.4.2026<\/p>\n<p><!-- \/divi:paragraph --><\/p>\n<p><!-- divi:paragraph {\"style\":{\"spacing\":{\"margin\":{\"right\":\"var:preset|spacing|30\",\"left\":\"var:preset|spacing|30\"}}}} --><\/p>\n<h3 style=\"margin-right: var(--wp--preset--spacing--30);margin-left: var(--wp--preset--spacing--30)\"><strong>Toteuttaja<\/strong><\/h3>\n<p style=\"margin-right: var(--wp--preset--spacing--30);margin-left: var(--wp--preset--spacing--30)\">Lapin ammattikorkeakoulu<\/p>\n<p><!-- \/divi:paragraph --><\/p>\n<p><!-- divi:paragraph {\"style\":{\"spacing\":{\"margin\":{\"right\":\"var:preset|spacing|30\",\"left\":\"var:preset|spacing|30\"}}}} --><\/p>\n<h3 style=\"margin-right: var(--wp--preset--spacing--30);margin-left: var(--wp--preset--spacing--30)\"><strong>Budjetti ja rahoitus<\/strong><\/h3>\n<p style=\"margin-right: var(--wp--preset--spacing--30);margin-left: var(--wp--preset--spacing--30)\">Hankkeen kokonaisbudjetti on 236 333 \u20ac. Hanketta rahoittaa Lapin liitto Euroopan aluekehitysrahaston (EAKR) rahoituksella. Hankkeelle my\u00f6nnetty EU- ja valtion rahoituksen osuus on 189 066 \u20ac.<\/p>\n<p>[\/et_pb_text][\/et_pb_column][\/et_pb_row][\/et_pb_section][et_pb_section fb_built=&#8221;1&#8243; _builder_version=&#8221;4.24.3&#8243; _module_preset=&#8221;default&#8221; global_colors_info=&#8221;{}&#8221;][et_pb_row _builder_version=&#8221;4.24.3&#8243; _module_preset=&#8221;default&#8221; global_colors_info=&#8221;{}&#8221;][et_pb_column type=&#8221;4_4&#8243; _builder_version=&#8221;4.24.3&#8243; _module_preset=&#8221;default&#8221; global_colors_info=&#8221;{}&#8221;][et_pb_image src=&#8221;https:\/\/blogi.eoppimispalvelut.fi\/kestavaliiketoiminta\/files\/2024\/06\/cropped-cropped-hankelogot.jpg&#8221; title_text=&#8221;Untitled design &#8211; 1&#8243; _builder_version=&#8221;4.24.3&#8243; _module_preset=&#8221;default&#8221; global_colors_info=&#8221;{}&#8221;][\/et_pb_image][\/et_pb_column][\/et_pb_row][\/et_pb_section]<\/p>\n","protected":false},"excerpt":{"rendered":"<p>Kest\u00e4vyysraportointi ja kest\u00e4v\u00e4 kehitys liiketoiminnassa -hankkeen tavoitteena on vastata yritysten sek\u00e4 yritysten sidosryhmien tarpeisiin tuottamalla ty\u00f6kaluja, jotka helpottavat kest\u00e4vyysraportointia ja lis\u00e4\u00e4v\u00e4t tietoisuutta kest\u00e4v\u00e4st\u00e4 kehityksest\u00e4 ja sen vaikutuksista liiketoimintaan. Kohderyhmien erilaisuuden vuoksi hankkeessa tuotetaan kaksi tuotosta: raportointiprosessikuvaus raportointivelvollisille yrityksille ja vapaaehtoisen raportoinnin (VSRS) ty\u00f6kalu, jossa kuvataan raportoinnin prosessi sek\u00e4 tuotetaan lomakepohjainen raportointimalli. Raportointiprosessikuvaus on suunnattu raportointivelvollisille [&hellip;]<\/p>\n","protected":false},"author":46936,"featured_media":0,"parent":0,"menu_order":0,"comment_status":"closed","ping_status":"closed","template":"","meta":{"_et_pb_use_builder":"on","_et_pb_old_content":"<!-- wp:columns -->\n<div class=\"wp-block-columns\"><!-- wp:column -->\n<div class=\"wp-block-column\"><!-- wp:paragraph -->\n<p>Kest\u00e4vyysraportointi ja kest\u00e4v\u00e4 kehitys liiketoiminnassa -hankkeen tavoitteena on vastata yritysten sek\u00e4 yritysten sidosryhmien tarpeisiin tuottamalla ty\u00f6kaluja, jotka helpottavat kest\u00e4vyysraportointia ja lis\u00e4\u00e4v\u00e4t tietoisuutta kest\u00e4v\u00e4st\u00e4 kehityksest\u00e4 ja sen vaikutuksista liiketoimintaan. Kohderyhmien erilaisuuden vuoksi hankkeessa tuotetaan kaksi tuotosta: raportointiprosessikuvaus raportointivelvollisille yrityksille ja vapaaehtoisen raportoinnin (VSRS) ty\u00f6kalu, jossa kuvataan raportoinnin prosessi sek\u00e4 tuotetaan lomakepohjainen raportointimalli.<\/p>\n<!-- \/wp:paragraph -->\n\n<!-- wp:paragraph -->\n<p>Raportointiprosessikuvaus on suunnattu raportointivelvollisille yrityksille, kun taas VSRS-pohjalta tehty ty\u00f6kalu on suunnattu mikro- ja pienyrityksille. N\u00e4iden ty\u00f6kalujen avulla yritysten tiedontuotanto helpottuu ja samalla ne auttavat johtamaan kest\u00e4vyys toimenpiteit\u00e4, parantavat kilpailukyky\u00e4 ja muutoskyky\u00e4. Hankkeen tavoitteena on my\u00f6s vahvistaa kest\u00e4vyyteen liittyv\u00e4\u00e4 osaamista ja viestint\u00e4\u00e4.<\/p>\n<!-- \/wp:paragraph --><\/div>\n<!-- \/wp:column -->\n\n<!-- wp:column -->\n<div class=\"wp-block-column\"><!-- wp:paragraph -->\n<p>Ty\u00f6kalujen lis\u00e4ksi hankkeessa tuotetaan uutta tietoa ja ymm\u00e4rryst\u00e4 kest\u00e4vyyteen liittyvist\u00e4 standardeista ja niiden sovelluksista. T\u00e4m\u00e4n tiedon levitt\u00e4minen eri muodoissa ja kanavissa on t\u00e4rke\u00e4\u00e4. Lis\u00e4ksi hankkeessa painotetaan verkostojen yhteist\u00e4 p\u00e4\u00e4m\u00e4\u00e4r\u00e4\u00e4 tiedontuotannossa, mik\u00e4 tiivist\u00e4\u00e4 verkostoja ja luo kokonaisymm\u00e4rryst\u00e4 tuotteiden ja palveluiden vaikutuksista.<\/p>\n<!-- \/wp:paragraph -->\n\n<!-- wp:paragraph -->\n<p>Hankkeen uutuusarvo piilee siin\u00e4, ett\u00e4 se tuottaa vaikeaselkoisesta direktiivist\u00e4 helppok\u00e4ytt\u00f6isi\u00e4 ty\u00f6kaluja, jotka auttavat yrityksi\u00e4 kest\u00e4vyyden johtamisessa ja tiedontuotannossa. Hankkeen avulla pyrit\u00e4\u00e4n vastaamaan kasvaviin tiedontuotantovaatimuksiin, helpottamaan resurssiongelmaa ja motivoimaan yrityksi\u00e4 kest\u00e4vyystoimenpiteisiin. Lis\u00e4ksi hankkeen avulla yritykset voivat kohdentaa toimiaan Lapin \u00e4lykk\u00e4\u00e4n erikoistumisen strategian tavoitteisiin.<\/p>\n<!-- \/wp:paragraph --><\/div>\n<!-- \/wp:column --><\/div>\n<!-- \/wp:columns -->\n\n<!-- wp:separator {\"className\":\"is-style-wide\"} -->\n<hr class=\"wp-block-separator has-alpha-channel-opacity is-style-wide\" \/>\n<!-- \/wp:separator -->\n\n<!-- wp:paragraph {\"fontSize\":\"medium\"} -->\n<p class=\"has-medium-font-size\">Hankkeen ty\u00f6paketit<\/p>\n<!-- \/wp:paragraph -->\n\n<!-- wp:group {\"layout\":{\"type\":\"flex\",\"orientation\":\"vertical\"}} -->\n<div class=\"wp-block-group\"><!-- wp:group {\"style\":{\"spacing\":{\"blockGap\":\"var:preset|spacing|20\"}},\"layout\":{\"type\":\"flex\",\"orientation\":\"vertical\",\"justifyContent\":\"left\"}} -->\n<div class=\"wp-block-group\"><!-- wp:paragraph -->\n<p>TP 1: CSRD ja ESRS raportointivelvollisten pk-yritysten kanssa ja raportointiprosessinkuvauksen luominen<\/p>\n<!-- \/wp:paragraph -->\n\n<!-- wp:paragraph -->\n<p>TP 2: Kest\u00e4vyysraportoinnin tunnetuksi tekeminen ja tietoisuuden lis\u00e4\u00e4minen lappilaisissa mikro- ja pk-yrityksiss\u00e4 sek\u00e4 yritysten sidosryhmiss\u00e4<\/p>\n<!-- \/wp:paragraph -->\n\n<!-- wp:paragraph -->\n<p>TP 3: Vapaaehtoisen raportoinnin ty\u00f6kalujen laatiminen VSRS-standardin pohjalta<\/p>\n<!-- \/wp:paragraph -->\n\n<!-- wp:paragraph -->\n<p>TP 4: Laaditun ty\u00f6kalun pilotointi ja kest\u00e4v\u00e4n liiketoiminnan elementtien esiin nostaminen<\/p>\n<!-- \/wp:paragraph -->\n\n<!-- wp:paragraph -->\n<p>TP 5: Hankkeen hallinto ja viestint\u00e4<\/p>\n<!-- \/wp:paragraph -->\n\n<!-- wp:paragraph -->\n<p><\/p>\n<!-- \/wp:paragraph --><\/div>\n<!-- \/wp:group --><\/div>\n<!-- \/wp:group -->\n\n<!-- wp:separator {\"className\":\"is-style-wide\"} -->\n<hr class=\"wp-block-separator has-alpha-channel-opacity is-style-wide\" \/>\n<!-- \/wp:separator -->\n\n<!-- wp:paragraph {\"fontSize\":\"medium\"} -->\n<p class=\"has-medium-font-size\">Hanketiedot<\/p>\n<!-- \/wp:paragraph -->\n\n<!-- wp:columns {\"style\":{\"spacing\":{\"blockGap\":{\"top\":\"0\",\"left\":\"0\"},\"margin\":{\"top\":\"0\",\"bottom\":\"0\"}},\"border\":{\"radius\":\"39px\",\"width\":\"0px\",\"style\":\"none\"},\"color\":{\"background\":\"#d3e871\"}}} -->\n<div class=\"wp-block-columns has-background\" style=\"border-style:none;border-width:0px;border-radius:39px;background-color:#d3e871;margin-top:0;margin-bottom:0\"><!-- wp:column -->\n<div class=\"wp-block-column\"><!-- wp:paragraph {\"style\":{\"spacing\":{\"margin\":{\"right\":\"var:preset|spacing|30\",\"left\":\"var:preset|spacing|30\"}}}} -->\n<p style=\"margin-right:var(--wp--preset--spacing--30);margin-left:var(--wp--preset--spacing--30)\"><strong>Hankkeen nimi:<\/strong> Kest\u00e4vyysraportointi ja kest\u00e4v\u00e4 kehitys liiketoiminnassa 403769<\/p>\n<!-- \/wp:paragraph -->\n\n<!-- wp:paragraph {\"style\":{\"spacing\":{\"margin\":{\"right\":\"var:preset|spacing|30\",\"left\":\"var:preset|spacing|30\"}}}} -->\n<p style=\"margin-right:var(--wp--preset--spacing--30);margin-left:var(--wp--preset--spacing--30)\"><strong>Hankeaika:<\/strong> 15.4.2024-15.4.2026<\/p>\n<!-- \/wp:paragraph -->\n\n<!-- wp:paragraph {\"style\":{\"spacing\":{\"margin\":{\"right\":\"var:preset|spacing|30\",\"left\":\"var:preset|spacing|30\"}}}} -->\n<p style=\"margin-right:var(--wp--preset--spacing--30);margin-left:var(--wp--preset--spacing--30)\"><strong>Toteuttaja:<\/strong> Lapin ammattikorkeakoulu<\/p>\n<!-- \/wp:paragraph -->\n\n<!-- wp:paragraph {\"style\":{\"spacing\":{\"margin\":{\"right\":\"var:preset|spacing|30\",\"left\":\"var:preset|spacing|30\"}}}} -->\n<p style=\"margin-right:var(--wp--preset--spacing--30);margin-left:var(--wp--preset--spacing--30)\"><strong>Budjetti ja rahoitus:<\/strong> Hankkeen kokonaisbudjetti on 236 333 \u20ac. Hanketta rahoittaa Lapin liitto Euroopan aluekehitysrahaston (EAKR) rahoituksella. Hankkeelle my\u00f6nnetty EU- ja valtion rahoituksen osuus on 189 066 \u20ac.<\/p>\n<!-- \/wp:paragraph --><\/div>\n<!-- \/wp:column --><\/div>\n<!-- \/wp:columns -->\n\n<!-- wp:spacer {\"height\":\"59px\"} -->\n<div style=\"height:59px\" aria-hidden=\"true\" class=\"wp-block-spacer\"><\/div>\n<!-- \/wp:spacer -->\n\n<!-- wp:image {\"id\":208,\"sizeSlug\":\"large\",\"linkDestination\":\"none\"} -->\n<figure class=\"wp-block-image size-large\"><img src=\"https:\/\/blogi.eoppimispalvelut.fi\/kestavaliiketoiminta\/files\/2024\/06\/hankelogot-1024x140.jpg\" alt=\"\" class=\"wp-image-208\" \/><\/figure>\n<!-- \/wp:image -->","_et_gb_content_width":"","footnotes":""},"class_list":["post-49","page","type-page","status-publish","hentry"],"_links":{"self":[{"href":"https:\/\/blogi.eoppimispalvelut.fi\/kestavaliiketoiminta\/wp-json\/wp\/v2\/pages\/49","targetHints":{"allow":["GET"]}}],"collection":[{"href":"https:\/\/blogi.eoppimispalvelut.fi\/kestavaliiketoiminta\/wp-json\/wp\/v2\/pages"}],"about":[{"href":"https:\/\/blogi.eoppimispalvelut.fi\/kestavaliiketoiminta\/wp-json\/wp\/v2\/types\/page"}],"author":[{"embeddable":true,"href":"https:\/\/blogi.eoppimispalvelut.fi\/kestavaliiketoiminta\/wp-json\/wp\/v2\/users\/46936"}],"replies":[{"embeddable":true,"href":"https:\/\/blogi.eoppimispalvelut.fi\/kestavaliiketoiminta\/wp-json\/wp\/v2\/comments?post=49"}],"version-history":[{"count":29,"href":"https:\/\/blogi.eoppimispalvelut.fi\/kestavaliiketoiminta\/wp-json\/wp\/v2\/pages\/49\/revisions"}],"predecessor-version":[{"id":422,"href":"https:\/\/blogi.eoppimispalvelut.fi\/kestavaliiketoiminta\/wp-json\/wp\/v2\/pages\/49\/revisions\/422"}],"wp:attachment":[{"href":"https:\/\/blogi.eoppimispalvelut.fi\/kestavaliiketoiminta\/wp-json\/wp\/v2\/media?parent=49"}],"curies":[{"name":"wp","href":"https:\/\/api.w.org\/{rel}","templated":true}]}}