{"id":557,"date":"2024-10-14T12:45:14","date_gmt":"2024-10-14T09:45:14","guid":{"rendered":"https:\/\/blogi.eoppimispalvelut.fi\/kestavaliiketoiminta\/?page_id=557"},"modified":"2024-10-15T09:51:57","modified_gmt":"2024-10-15T06:51:57","slug":"kestavyysraportoinnin-vaikutukset-rahoitukseen-webinaari-28-11-2024","status":"publish","type":"page","link":"https:\/\/blogi.eoppimispalvelut.fi\/kestavaliiketoiminta\/kestavyysraportoinnin-vaikutukset-rahoitukseen-webinaari-28-11-2024\/","title":{"rendered":"Kest\u00e4vyysraportoinnin vaikutukset rahoitukseen -webinaari 28.11.2024"},"content":{"rendered":"<p>[et_pb_section fb_built=&#8221;1&#8243; _builder_version=&#8221;4.27.0&#8243; _module_preset=&#8221;default&#8221; global_colors_info=&#8221;{}&#8221;][et_pb_row column_structure=&#8221;1_2,1_2&#8243; _builder_version=&#8221;4.27.0&#8243; _module_preset=&#8221;default&#8221; global_colors_info=&#8221;{}&#8221;][et_pb_column type=&#8221;1_2&#8243; _builder_version=&#8221;4.27.0&#8243; _module_preset=&#8221;default&#8221; global_colors_info=&#8221;{}&#8221;][et_pb_heading title=&#8221;Kest\u00e4vyysraportoinnin vaikutukset rahoitukseen -webinaari&#8221; _builder_version=&#8221;4.27.0&#8243; _module_preset=&#8221;default&#8221; global_colors_info=&#8221;{}&#8221;][\/et_pb_heading][\/et_pb_column][et_pb_column type=&#8221;1_2&#8243; _builder_version=&#8221;4.27.0&#8243; _module_preset=&#8221;default&#8221; global_colors_info=&#8221;{}&#8221;][\/et_pb_column][\/et_pb_row][et_pb_row column_structure=&#8221;1_2,1_2&#8243; _builder_version=&#8221;4.27.0&#8243; _module_preset=&#8221;default&#8221; global_colors_info=&#8221;{}&#8221;][et_pb_column type=&#8221;1_2&#8243; _builder_version=&#8221;4.27.0&#8243; _module_preset=&#8221;default&#8221; global_colors_info=&#8221;{}&#8221;][et_pb_text _builder_version=&#8221;4.27.0&#8243; _module_preset=&#8221;default&#8221; global_colors_info=&#8221;{}&#8221;]<\/p>\n<h3>28.11.2024 klo 8.30-9.30 (Zoom)<\/h3>\n<p>&nbsp;<\/p>\n<p>Yritysten rahoitusmarkkinat ovat murroksessa, ja EU:n kest\u00e4vyysraportointidirektiivi (CSRD) asettaa uusia vaatimuksia paitsi suurille yrityksille, my\u00f6s niiden sidosryhmille, kuten rahoittajille ja pienemmille alihankkijoille. Mit\u00e4 t\u00e4m\u00e4 tarkoittaa rahoituksen n\u00e4k\u00f6kulmasta, ja miten yrityksesi voi valmistautua vastaamaan rahoittajien kriteereihin?<\/p>\n<p>Tervetuloa webinaariimme <strong>tiistaina 28.11. klo 8.30\u20139.30<\/strong>, jossa syvennymme kest\u00e4vyysraportoinnin merkitykseen rahoittajan n\u00e4k\u00f6kulmasta. Aamun aikana kuulet, miten CSRD vaikuttaa rahoittajien toimintamalleihin, kest\u00e4vyysraportointiin ja sit\u00e4 kautta my\u00f6s rahoitusp\u00e4\u00e4t\u00f6ksiin. K\u00e4sittelemme aihetta k\u00e4yt\u00e4nn\u00f6nl\u00e4heisesti ja tarjoamme yrityksille arvokasta tietoa siit\u00e4, miten muutoksiin kannattaa varautua.<\/p>\n<p>[\/et_pb_text][et_pb_button button_text=&#8221;Ilmoittaudu t\u00e4st\u00e4&#8221; _builder_version=&#8221;4.27.0&#8243; _module_preset=&#8221;default&#8221; hover_enabled=&#8221;0&#8243; global_colors_info=&#8221;{}&#8221; button_url=&#8221;https:\/\/link.webropolsurveys.com\/EP\/206C403E702619C8&#8243; url_new_window=&#8221;on&#8221; sticky_enabled=&#8221;0&#8243;][\/et_pb_button][\/et_pb_column][et_pb_column type=&#8221;1_2&#8243; _builder_version=&#8221;4.27.0&#8243; _module_preset=&#8221;default&#8221; global_colors_info=&#8221;{}&#8221;][et_pb_text _builder_version=&#8221;4.27.0&#8243; _module_preset=&#8221;default&#8221; global_colors_info=&#8221;{}&#8221;]<\/p>\n<p><strong>Ohjelma:<\/strong><\/p>\n<ul>\n<li><strong>8.30\u20138.45:<\/strong> Johdatus kest\u00e4vyysraportointiin<br \/>Kest\u00e4vyysraportoinnin keskeiset periaatteet ja miten Lapin AMK tukee yrityksi\u00e4 kest\u00e4vyysraportoinnissa &#8211; Lapin ammattikorkeakoulu<\/li>\n<li><strong>8.45\u20139.15:<\/strong> Kest\u00e4vyysraportointi rahoittajan n\u00e4k\u00f6kulmasta<br \/><strong>Nea Klossner<\/strong>, Sustainable Finance Specialist, OP Yrityspankki Oyj<\/li>\n<li><strong>9.15\u20139.30:<\/strong> Kysymykset ja vastaukset<br \/>Mahdollisuus esitt\u00e4\u00e4 kysymyksi\u00e4 ja keskustella asiantuntijoiden kanssa.<\/li>\n<\/ul>\n<p><strong>Kenelle webinaari sopii?<\/strong><br \/>Tilaisuus on suunnattu erityisesti yrityksille, jotka haluavat varmistaa, ett\u00e4 ne t\u00e4ytt\u00e4v\u00e4t kest\u00e4vyysraportoinnin vaatimukset ja ovat valmiita vastaamaan rahoitusmarkkinoiden muutoksiin. Tieto on olennaista niin mikro- ja pk-yrityksille kuin suuremmillekin toimijoille, jotka haluavat olla kilpailukykyisi\u00e4 muuttuvassa rahoitusymp\u00e4rist\u00f6ss\u00e4.<\/p>\n<p><strong>Ilmoittaudu mukaan!<\/strong> Webinaari on maksuton, mutta edellytt\u00e4\u00e4 ennakkoilmoittautumisen.<\/p>\n<p>[\/et_pb_text][\/et_pb_column][\/et_pb_row][et_pb_row _builder_version=&#8221;4.27.0&#8243; _module_preset=&#8221;default&#8221; global_colors_info=&#8221;{}&#8221;][et_pb_column type=&#8221;4_4&#8243; _builder_version=&#8221;4.27.0&#8243; _module_preset=&#8221;default&#8221; global_colors_info=&#8221;{}&#8221;][et_pb_divider _builder_version=&#8221;4.27.0&#8243; _module_preset=&#8221;default&#8221; global_colors_info=&#8221;{}&#8221;][\/et_pb_divider][\/et_pb_column][\/et_pb_row][\/et_pb_section]<\/p>\n","protected":false},"excerpt":{"rendered":"<p>28.11.2024 klo 8.30-9.30 (Zoom) &nbsp; Yritysten rahoitusmarkkinat ovat murroksessa, ja EU:n kest\u00e4vyysraportointidirektiivi (CSRD) asettaa uusia vaatimuksia paitsi suurille yrityksille, my\u00f6s niiden sidosryhmille, kuten rahoittajille ja pienemmille alihankkijoille. Mit\u00e4 t\u00e4m\u00e4 tarkoittaa rahoituksen n\u00e4k\u00f6kulmasta, ja miten yrityksesi voi valmistautua vastaamaan rahoittajien kriteereihin? Tervetuloa webinaariimme tiistaina 28.11. klo 8.30\u20139.30, jossa syvennymme kest\u00e4vyysraportoinnin merkitykseen rahoittajan n\u00e4k\u00f6kulmasta. Aamun aikana kuulet, [&hellip;]<\/p>\n","protected":false},"author":46936,"featured_media":0,"parent":0,"menu_order":0,"comment_status":"closed","ping_status":"closed","template":"","meta":{"_et_pb_use_builder":"on","_et_pb_old_content":"","_et_gb_content_width":"","footnotes":""},"class_list":["post-557","page","type-page","status-publish","hentry"],"_links":{"self":[{"href":"https:\/\/blogi.eoppimispalvelut.fi\/kestavaliiketoiminta\/wp-json\/wp\/v2\/pages\/557","targetHints":{"allow":["GET"]}}],"collection":[{"href":"https:\/\/blogi.eoppimispalvelut.fi\/kestavaliiketoiminta\/wp-json\/wp\/v2\/pages"}],"about":[{"href":"https:\/\/blogi.eoppimispalvelut.fi\/kestavaliiketoiminta\/wp-json\/wp\/v2\/types\/page"}],"author":[{"embeddable":true,"href":"https:\/\/blogi.eoppimispalvelut.fi\/kestavaliiketoiminta\/wp-json\/wp\/v2\/users\/46936"}],"replies":[{"embeddable":true,"href":"https:\/\/blogi.eoppimispalvelut.fi\/kestavaliiketoiminta\/wp-json\/wp\/v2\/comments?post=557"}],"version-history":[{"count":6,"href":"https:\/\/blogi.eoppimispalvelut.fi\/kestavaliiketoiminta\/wp-json\/wp\/v2\/pages\/557\/revisions"}],"predecessor-version":[{"id":568,"href":"https:\/\/blogi.eoppimispalvelut.fi\/kestavaliiketoiminta\/wp-json\/wp\/v2\/pages\/557\/revisions\/568"}],"wp:attachment":[{"href":"https:\/\/blogi.eoppimispalvelut.fi\/kestavaliiketoiminta\/wp-json\/wp\/v2\/media?parent=557"}],"curies":[{"name":"wp","href":"https:\/\/api.w.org\/{rel}","templated":true}]}}