{"id":672,"date":"2025-04-01T08:41:01","date_gmt":"2025-04-01T05:41:01","guid":{"rendered":"https:\/\/blogi.eoppimispalvelut.fi\/kestavaliiketoiminta\/?page_id=672"},"modified":"2025-04-01T08:41:01","modified_gmt":"2025-04-01T05:41:01","slug":"hiilijalanjalkiklinikka-laskenta-haltuun-kaytannossa-22-4-2025","status":"publish","type":"page","link":"https:\/\/blogi.eoppimispalvelut.fi\/kestavaliiketoiminta\/tapahtumat\/hiilijalanjalkiklinikka-laskenta-haltuun-kaytannossa-22-4-2025\/","title":{"rendered":"Hiilijalanj\u00e4lkiklinikka: Laskenta haltuun k\u00e4yt\u00e4nn\u00f6ss\u00e4 22.4.2025"},"content":{"rendered":"<p>[et_pb_section fb_built=&#8221;1&#8243; _builder_version=&#8221;4.27.4&#8243; _module_preset=&#8221;default&#8221; global_colors_info=&#8221;{}&#8221;][et_pb_row _builder_version=&#8221;4.27.4&#8243; _module_preset=&#8221;default&#8221; hover_enabled=&#8221;0&#8243; global_colors_info=&#8221;{}&#8221; sticky_enabled=&#8221;0&#8243;][et_pb_column type=&#8221;4_4&#8243; _builder_version=&#8221;4.27.4&#8243; _module_preset=&#8221;default&#8221; global_colors_info=&#8221;{}&#8221;][et_pb_heading title=&#8221;Hiilijanlanj\u00e4lkiklinikka 22.4.2025&#8243; _builder_version=&#8221;4.27.4&#8243; _module_preset=&#8221;default&#8221; global_colors_info=&#8221;{}&#8221;][\/et_pb_heading][\/et_pb_column][\/et_pb_row][et_pb_row _builder_version=&#8221;4.27.4&#8243; _module_preset=&#8221;default&#8221; global_colors_info=&#8221;{}&#8221;][et_pb_column type=&#8221;4_4&#8243; _builder_version=&#8221;4.27.4&#8243; _module_preset=&#8221;default&#8221; global_colors_info=&#8221;{}&#8221;][et_pb_text _builder_version=&#8221;4.27.4&#8243; _module_preset=&#8221;default&#8221; hover_enabled=&#8221;0&#8243; global_colors_info=&#8221;{}&#8221; sticky_enabled=&#8221;0&#8243;]<\/p>\n<div class=\"et_pb_column et_pb_column_1_2 et_pb_column_2  et_pb_css_mix_blend_mode_passthrough\">\n<div class=\"et_pb_module et_pb_text et_pb_text_0  et_pb_text_align_left et_pb_bg_layout_light\">\n<div class=\"et_pb_text_inner\">\n<p><strong>Laskenta haltuun k\u00e4yt\u00e4nn\u00f6ss\u00e4 <em>22.4. klo 13\u201316 Teams<\/em><\/strong><\/p>\n<p>Tarjoamme kev\u00e4\u00e4ll\u00e4 2025 ilmaista sparrausta yrityksille hiilijalanj\u00e4ljen laskentaan yhden hiilijalanj\u00e4lkiklinikan muodossa.\u00a0 Klinikka on tarkoitettu lappilaisille mikro- ja pk-yrityksille, jotka eiv\u00e4t ole viel\u00e4 laskeneet hiilijalanj\u00e4lke\u00e4\u00e4n tai ovat vain alustavasti tutustuneet laskennan periaatteisiin.<\/p>\n<p>Hiilijalanj\u00e4lkiklinikka koostuu kahdesta osasta. Ensimm\u00e4isen kahden tunnin aikana perehdyt\u00e4\u00e4n hiilijalanj\u00e4lkilaskennan teoriaan k\u00e4yt\u00e4nn\u00f6n l\u00e4heisesti. Ensimm\u00e4isen osion j\u00e4lkeen ymm\u00e4rr\u00e4t mit\u00e4 hiilijalanj\u00e4ljen scopet tarkoittavat ja mit\u00e4 scope 1 ja 2 laskennassa lasketaan k\u00e4yt\u00e4nn\u00f6ss\u00e4.<\/p>\n<\/div>\n<\/div>\n<\/div>\n<div class=\"et_pb_column et_pb_column_1_2 et_pb_column_3  et_pb_css_mix_blend_mode_passthrough et-last-child\">\n<div class=\"et_pb_module et_pb_text et_pb_text_1  et_pb_text_align_left et_pb_bg_layout_light\">\n<div class=\"et_pb_text_inner\">\n<p>Toisessa osiossa p\u00e4\u00e4st\u00e4\u00e4n kokeilemaan hiilijalanj\u00e4lkilaskentaa k\u00e4yt\u00e4nn\u00f6ss\u00e4. Voit tuoda klinikalle joko omia toteutuneita kulutuksia esimerkiksi polttoaineiden ja s\u00e4hk\u00f6n kulutuksesta, tai sitten laskennat voi tehd\u00e4 esimerkkilukuja k\u00e4ytt\u00e4en.<\/p>\n<p>Greenstepin kokenut hiiljalanj\u00e4lkilaskennan asiantuntija opastaa sinua k\u00e4yt\u00e4nn\u00f6n laskennan tekemisess\u00e4 ty\u00f6pajan aikana ja laskennassa hy\u00f6dynnet\u00e4\u00e4n excelpohjaista ty\u00f6kalua.<\/p>\n<p>Klinikka j\u00e4rjestet\u00e4\u00e4n verkossa.<\/p>\n<\/div>\n<\/div>\n<\/div>\n<p>[\/et_pb_text][\/et_pb_column][\/et_pb_row][et_pb_row _builder_version=&#8221;4.27.4&#8243; _module_preset=&#8221;default&#8221; global_colors_info=&#8221;{}&#8221;][et_pb_column type=&#8221;4_4&#8243; _builder_version=&#8221;4.27.4&#8243; _module_preset=&#8221;default&#8221; global_colors_info=&#8221;{}&#8221;][et_pb_button button_text=&#8221;Ilmoittaudu t\u00e4st\u00e4! &#8221; _builder_version=&#8221;4.27.4&#8243; _module_preset=&#8221;default&#8221; hover_enabled=&#8221;0&#8243; global_colors_info=&#8221;{}&#8221; button_url=&#8221;https:\/\/link.webropolsurveys.com\/EP\/42BDCCA86DC64BCA&#8221; sticky_enabled=&#8221;0&#8243;][\/et_pb_button][\/et_pb_column][\/et_pb_row][\/et_pb_section]<\/p>\n","protected":false},"excerpt":{"rendered":"<p>Laskenta haltuun k\u00e4yt\u00e4nn\u00f6ss\u00e4 22.4. klo 13\u201316 Teams Tarjoamme kev\u00e4\u00e4ll\u00e4 2025 ilmaista sparrausta yrityksille hiilijalanj\u00e4ljen laskentaan yhden hiilijalanj\u00e4lkiklinikan muodossa.\u00a0 Klinikka on tarkoitettu lappilaisille mikro- ja pk-yrityksille, jotka eiv\u00e4t ole viel\u00e4 laskeneet hiilijalanj\u00e4lke\u00e4\u00e4n tai ovat vain alustavasti tutustuneet laskennan periaatteisiin. Hiilijalanj\u00e4lkiklinikka koostuu kahdesta osasta. Ensimm\u00e4isen kahden tunnin aikana perehdyt\u00e4\u00e4n hiilijalanj\u00e4lkilaskennan teoriaan k\u00e4yt\u00e4nn\u00f6n l\u00e4heisesti. Ensimm\u00e4isen osion j\u00e4lkeen ymm\u00e4rr\u00e4t [&hellip;]<\/p>\n","protected":false},"author":4448,"featured_media":0,"parent":47,"menu_order":0,"comment_status":"closed","ping_status":"closed","template":"","meta":{"_et_pb_use_builder":"on","_et_pb_old_content":"","_et_gb_content_width":"","footnotes":""},"class_list":["post-672","page","type-page","status-publish","hentry"],"_links":{"self":[{"href":"https:\/\/blogi.eoppimispalvelut.fi\/kestavaliiketoiminta\/wp-json\/wp\/v2\/pages\/672","targetHints":{"allow":["GET"]}}],"collection":[{"href":"https:\/\/blogi.eoppimispalvelut.fi\/kestavaliiketoiminta\/wp-json\/wp\/v2\/pages"}],"about":[{"href":"https:\/\/blogi.eoppimispalvelut.fi\/kestavaliiketoiminta\/wp-json\/wp\/v2\/types\/page"}],"author":[{"embeddable":true,"href":"https:\/\/blogi.eoppimispalvelut.fi\/kestavaliiketoiminta\/wp-json\/wp\/v2\/users\/4448"}],"replies":[{"embeddable":true,"href":"https:\/\/blogi.eoppimispalvelut.fi\/kestavaliiketoiminta\/wp-json\/wp\/v2\/comments?post=672"}],"version-history":[{"count":5,"href":"https:\/\/blogi.eoppimispalvelut.fi\/kestavaliiketoiminta\/wp-json\/wp\/v2\/pages\/672\/revisions"}],"predecessor-version":[{"id":712,"href":"https:\/\/blogi.eoppimispalvelut.fi\/kestavaliiketoiminta\/wp-json\/wp\/v2\/pages\/672\/revisions\/712"}],"up":[{"embeddable":true,"href":"https:\/\/blogi.eoppimispalvelut.fi\/kestavaliiketoiminta\/wp-json\/wp\/v2\/pages\/47"}],"wp:attachment":[{"href":"https:\/\/blogi.eoppimispalvelut.fi\/kestavaliiketoiminta\/wp-json\/wp\/v2\/media?parent=672"}],"curies":[{"name":"wp","href":"https:\/\/api.w.org\/{rel}","templated":true}]}}