{"id":4,"date":"2018-12-07T12:28:54","date_gmt":"2018-12-07T10:28:54","guid":{"rendered":"https:\/\/blogi.eoppimispalvelut.fi\/kideve\/?page_id=4"},"modified":"2018-12-11T10:43:42","modified_gmt":"2018-12-11T08:43:42","slug":"etusivu","status":"publish","type":"page","link":"https:\/\/blogi.eoppimispalvelut.fi\/kideve\/","title":{"rendered":""},"content":{"rendered":"<p><img loading=\"lazy\" decoding=\"async\" class=\"alignnone size-full wp-image-24\" src=\"https:\/\/blogi.eoppimispalvelut.fi\/kideve\/files\/2018\/12\/hankintahanke_logobanneri_web_koko_2016.png\" alt=\"\" width=\"800\" height=\"79\" srcset=\"https:\/\/blogi.eoppimispalvelut.fi\/kideve\/files\/2018\/12\/hankintahanke_logobanneri_web_koko_2016.png 800w, https:\/\/blogi.eoppimispalvelut.fi\/kideve\/files\/2018\/12\/hankintahanke_logobanneri_web_koko_2016-300x30.png 300w, https:\/\/blogi.eoppimispalvelut.fi\/kideve\/files\/2018\/12\/hankintahanke_logobanneri_web_koko_2016-768x76.png 768w\" sizes=\"auto, (max-width: 800px) 85vw, 800px\" \/><\/p>\n<p><iframe loading=\"lazy\" width=\"840\" height=\"473\" src=\"https:\/\/www.youtube.com\/embed\/AsrRxpByriI?feature=oembed\" frameborder=\"0\" allow=\"accelerometer; autoplay; encrypted-media; gyroscope; picture-in-picture\" allowfullscreen><\/iframe><\/p>\n<div>\n<h1 class=\"entry-title\"><strong style=\"font-size: 16px\">9.00 Tilaisuuden avaus ja tavoitteet<\/strong><strong style=\"font-size: 16px\">\u00a0 \u00a0 \u00a0 \u00a0 \u00a0 \u00a0 \u00a0 \u00a0 \u00a0 \u00a0 \u00a0 \u00a0 \u00a0 \u00a0<\/strong><\/h1>\n<\/div>\n<div><\/div>\n<div><strong>Hankinnan m\u00e4\u00e4ritelm\u00e4<\/strong><\/div>\n<div>\n<ul>\n<li>Julkisen hankinnan m\u00e4\u00e4ritelm\u00e4<\/li>\n<\/ul>\n<div><strong>Hankinnan suunnittelu, hankinnasta ilmoittaminen ja menettelytavan valinta<\/strong><\/div>\n<div><\/div>\n<div><strong>Vinkkej\u00e4 hankinnan suunnitteluun<\/strong><\/div>\n<ul>\n<li>Hankintamenettelyt lyhyesti<\/li>\n<li>Menettelyn valintaan liittyvi\u00e4 n\u00e4k\u00f6kohtia<\/li>\n<\/ul>\n<div><strong>Hankintailmoituksen tekeminen ja seuranta<\/strong><\/div>\n<ul>\n<li>Ilmoitusmenettely-HILMA ilmoituskanava<\/li>\n<li>Pakolliset ja harkinnanvaraiset poissulkemisperusteet<\/li>\n<li>Tarjoajan soveltuvuusvaatimukset<\/li>\n<\/ul>\n<div><strong>12.00 Lounas (omakustanteinen)<br \/>\n<\/strong><\/div>\n<div><\/div>\n<div><strong>13.00 Tarjouspyynn\u00f6n sis\u00e4lt\u00f6<\/strong><\/div>\n<ul>\n<li>Lain vaatima sis\u00e4lt\u00f6<\/li>\n<li>Hankinnan kohteen kuvaus: Palvelukuvaus, tekninen spesifikaatio, ty\u00f6ohjelma tarjouspyynn\u00f6n liitteen\u00e4<\/li>\n<li>Hankinnan kohteen kuvaus: v\u00e4himm\u00e4isvaatimukset ja vertailuun vaikuttavat seikat<\/li>\n<li>Osatarjoukset<\/li>\n<li>Vertailuperusteet \u2013 kokonaistaloudellisen edullisuuden m\u00e4\u00e4rittely<\/li>\n<li>Sopimusehdot osana tarjouspyynt\u00f6\u00e4<\/li>\n<\/ul>\n<div><strong>Tarjousten arviointi, valinta ja p\u00e4\u00e4t\u00f6ksen perustelu<\/strong><\/div>\n<ul>\n<li>Tarjousten tarkastaminen<\/li>\n<li>Tarjousten t\u00e4sment\u00e4minen ja hylk\u00e4\u00e4minen<\/li>\n<li>Vertailu k\u00e4yt\u00e4nn\u00f6ss\u00e4: esimerkit hinta- ja laatuvertailun pisteytyksist\u00e4 ja laatuvertailun sanallisista perusteluista<\/li>\n<li>Hankintap\u00e4\u00e4t\u00f6s ja p\u00e4\u00e4t\u00f6ksen perusteluvelvollisuus<\/li>\n<li>P\u00e4\u00e4t\u00f6ksest\u00e4 ilmoittaminen<\/li>\n<\/ul>\n<div><strong>Oikeusturvakeinot<\/strong><\/div>\n<ul>\n<li>Muutoksenhaku hankinnoissa<\/li>\n<\/ul>\n<\/div>\n<div><strong>Hankintaopas tukemassa hankintaprosessia<\/strong><\/div>\n<ul>\n<li>Kest\u00e4v\u00e4t hankinnat -hankkeessa valmistuvan Hankintaoppaan esittely<\/li>\n<\/ul>\n<div>\n<div><strong>Osallistujien kysymyksi\u00e4<\/strong><\/div>\n<ul>\n<li>K\u00e4sitell\u00e4\u00e4n koulutettavien kysymyksi\u00e4 julkisista hankinnoista<\/li>\n<\/ul>\n<p><strong>16.00 Tilaisuuden p\u00e4\u00e4tt\u00e4minen<\/strong><\/p>\n<\/div>\n","protected":false},"excerpt":{"rendered":"<p>9.00 Tilaisuuden avaus ja tavoitteet\u00a0 \u00a0 \u00a0 \u00a0 \u00a0 \u00a0 \u00a0 \u00a0 \u00a0 \u00a0 \u00a0 \u00a0 \u00a0 \u00a0 Hankinnan m\u00e4\u00e4ritelm\u00e4 Julkisen hankinnan m\u00e4\u00e4ritelm\u00e4 Hankinnan suunnittelu, hankinnasta ilmoittaminen ja menettelytavan valinta Vinkkej\u00e4 hankinnan suunnitteluun Hankintamenettelyt lyhyesti Menettelyn valintaan liittyvi\u00e4 n\u00e4k\u00f6kohtia Hankintailmoituksen tekeminen ja seuranta Ilmoitusmenettely-HILMA ilmoituskanava Pakolliset ja harkinnanvaraiset poissulkemisperusteet Tarjoajan soveltuvuusvaatimukset 12.00 Lounas (omakustanteinen) 13.00 &hellip; <a href=\"https:\/\/blogi.eoppimispalvelut.fi\/kideve\/\" class=\"more-link\">Jatka lukemista<span class=\"screen-reader-text\"> &#8220;&#8221;<\/span><\/a><\/p>\n","protected":false},"author":31,"featured_media":0,"parent":0,"menu_order":0,"comment_status":"closed","ping_status":"closed","template":"","meta":{"footnotes":""},"class_list":["post-4","page","type-page","status-publish","hentry"],"_links":{"self":[{"href":"https:\/\/blogi.eoppimispalvelut.fi\/kideve\/wp-json\/wp\/v2\/pages\/4","targetHints":{"allow":["GET"]}}],"collection":[{"href":"https:\/\/blogi.eoppimispalvelut.fi\/kideve\/wp-json\/wp\/v2\/pages"}],"about":[{"href":"https:\/\/blogi.eoppimispalvelut.fi\/kideve\/wp-json\/wp\/v2\/types\/page"}],"author":[{"embeddable":true,"href":"https:\/\/blogi.eoppimispalvelut.fi\/kideve\/wp-json\/wp\/v2\/users\/31"}],"replies":[{"embeddable":true,"href":"https:\/\/blogi.eoppimispalvelut.fi\/kideve\/wp-json\/wp\/v2\/comments?post=4"}],"version-history":[{"count":9,"href":"https:\/\/blogi.eoppimispalvelut.fi\/kideve\/wp-json\/wp\/v2\/pages\/4\/revisions"}],"predecessor-version":[{"id":35,"href":"https:\/\/blogi.eoppimispalvelut.fi\/kideve\/wp-json\/wp\/v2\/pages\/4\/revisions\/35"}],"wp:attachment":[{"href":"https:\/\/blogi.eoppimispalvelut.fi\/kideve\/wp-json\/wp\/v2\/media?parent=4"}],"curies":[{"name":"wp","href":"https:\/\/api.w.org\/{rel}","templated":true}]}}