{"id":226,"date":"2020-12-03T14:16:17","date_gmt":"2020-12-03T12:16:17","guid":{"rendered":"https:\/\/blogi.eoppimispalvelut.fi\/kokkitulitaloon\/?post_type=product&#038;p=226"},"modified":"2020-12-03T14:30:52","modified_gmt":"2020-12-03T12:30:52","slug":"kokin-erikoinen","status":"publish","type":"product","link":"https:\/\/blogi.eoppimispalvelut.fi\/kokkitulitaloon\/product\/kokin-erikoinen\/","title":{"rendered":"Kokin erikoinen"},"content":{"rendered":"<p>Sunnuntaivieraita? Yll\u00e4tys isovanhemmille? Kokin erikoinen on kaiken kattava el\u00e4myspaketti!<\/p>\n","protected":false},"excerpt":{"rendered":"<p>Sunnuntaivieraita? Yll\u00e4tys isovanhemmille? Kokin erikoinen on kaiken kattava el\u00e4myspaketti!<\/p>\n","protected":false},"featured_media":15,"comment_status":"open","ping_status":"closed","template":"","meta":[],"product_brand":[],"product_cat":[655088],"product_tag":[],"class_list":{"0":"post-226","1":"product","2":"type-product","3":"status-publish","4":"has-post-thumbnail","6":"product_cat-kotipalvelu","8":"first","9":"instock","10":"taxable","11":"shipping-taxable","12":"purchasable","13":"product-type-simple"},"yoast_head":"<!-- This site is optimized with the Yoast SEO plugin v27.1.1 - https:\/\/yoast.com\/product\/yoast-seo-wordpress\/ -->\n<title>Kokin erikoinen - Kokki tuli taloon<\/title>\n<meta name=\"robots\" content=\"index, follow, max-snippet:-1, max-image-preview:large, max-video-preview:-1\" \/>\n<link rel=\"canonical\" href=\"https:\/\/blogi.eoppimispalvelut.fi\/kokkitulitaloon\/product\/kokin-erikoinen\/\" \/>\n<meta property=\"og:locale\" content=\"fi_FI\" \/>\n<meta property=\"og:type\" content=\"article\" \/>\n<meta property=\"og:title\" content=\"Kokin erikoinen - Kokki tuli taloon\" \/>\n<meta property=\"og:description\" content=\"Sunnuntaivieraita? Yll\u00e4tys isovanhemmille? Kokin erikoinen on kaiken kattava el\u00e4myspaketti!\" \/>\n<meta property=\"og:url\" content=\"https:\/\/blogi.eoppimispalvelut.fi\/kokkitulitaloon\/product\/kokin-erikoinen\/\" \/>\n<meta property=\"og:site_name\" content=\"Kokki tuli taloon\" \/>\n<meta property=\"article:modified_time\" content=\"2020-12-03T12:30:52+00:00\" \/>\n<meta property=\"og:image\" content=\"https:\/\/blogi.eoppimispalvelut.fi\/kokkitulitaloon\/files\/2020\/11\/signal-2020-10-18-142410-e1606997730141.jpeg\" \/>\n\t<meta property=\"og:image:width\" content=\"1600\" \/>\n\t<meta property=\"og:image:height\" content=\"1200\" \/>\n\t<meta property=\"og:image:type\" content=\"image\/jpeg\" \/>\n<meta name=\"twitter:card\" content=\"summary_large_image\" \/>\n<script type=\"application\/ld+json\" class=\"yoast-schema-graph\">{\"@context\":\"https:\/\/schema.org\",\"@graph\":[{\"@type\":\"WebPage\",\"@id\":\"https:\/\/blogi.eoppimispalvelut.fi\/kokkitulitaloon\/product\/kokin-erikoinen\/\",\"url\":\"https:\/\/blogi.eoppimispalvelut.fi\/kokkitulitaloon\/product\/kokin-erikoinen\/\",\"name\":\"Kokin erikoinen - Kokki tuli taloon\",\"isPartOf\":{\"@id\":\"https:\/\/blogi.eoppimispalvelut.fi\/kokkitulitaloon\/#website\"},\"primaryImageOfPage\":{\"@id\":\"https:\/\/blogi.eoppimispalvelut.fi\/kokkitulitaloon\/product\/kokin-erikoinen\/#primaryimage\"},\"image\":{\"@id\":\"https:\/\/blogi.eoppimispalvelut.fi\/kokkitulitaloon\/product\/kokin-erikoinen\/#primaryimage\"},\"thumbnailUrl\":\"https:\/\/blogi.eoppimispalvelut.fi\/kokkitulitaloon\/files\/2020\/11\/signal-2020-10-18-142410-e1606997730141.jpeg\",\"datePublished\":\"2020-12-03T12:16:17+00:00\",\"dateModified\":\"2020-12-03T12:30:52+00:00\",\"breadcrumb\":{\"@id\":\"https:\/\/blogi.eoppimispalvelut.fi\/kokkitulitaloon\/product\/kokin-erikoinen\/#breadcrumb\"},\"inLanguage\":\"fi\",\"potentialAction\":[{\"@type\":\"ReadAction\",\"target\":[\"https:\/\/blogi.eoppimispalvelut.fi\/kokkitulitaloon\/product\/kokin-erikoinen\/\"]}]},{\"@type\":\"ImageObject\",\"inLanguage\":\"fi\",\"@id\":\"https:\/\/blogi.eoppimispalvelut.fi\/kokkitulitaloon\/product\/kokin-erikoinen\/#primaryimage\",\"url\":\"https:\/\/blogi.eoppimispalvelut.fi\/kokkitulitaloon\/files\/2020\/11\/signal-2020-10-18-142410-e1606997730141.jpeg\",\"contentUrl\":\"https:\/\/blogi.eoppimispalvelut.fi\/kokkitulitaloon\/files\/2020\/11\/signal-2020-10-18-142410-e1606997730141.jpeg\",\"width\":1600,\"height\":1200},{\"@type\":\"BreadcrumbList\",\"@id\":\"https:\/\/blogi.eoppimispalvelut.fi\/kokkitulitaloon\/product\/kokin-erikoinen\/#breadcrumb\",\"itemListElement\":[{\"@type\":\"ListItem\",\"position\":1,\"name\":\"Home\",\"item\":\"https:\/\/blogi.eoppimispalvelut.fi\/kokkitulitaloon\/\"},{\"@type\":\"ListItem\",\"position\":2,\"name\":\"Ja mit\u00e4h\u00e4n t\u00e4m\u00e4 kaikki maksaa?\",\"item\":\"https:\/\/blogi.eoppimispalvelut.fi\/kokkitulitaloon\/ja-mitahan-tama-kaikki-maksaa\/\"},{\"@type\":\"ListItem\",\"position\":3,\"name\":\"Kokin erikoinen\"}]},{\"@type\":\"WebSite\",\"@id\":\"https:\/\/blogi.eoppimispalvelut.fi\/kokkitulitaloon\/#website\",\"url\":\"https:\/\/blogi.eoppimispalvelut.fi\/kokkitulitaloon\/\",\"name\":\"Kokki tuli taloon\",\"description\":\"Suomen paras kotiruokapalvelu juuri sinulle\",\"publisher\":{\"@id\":\"https:\/\/blogi.eoppimispalvelut.fi\/kokkitulitaloon\/#organization\"},\"potentialAction\":[{\"@type\":\"SearchAction\",\"target\":{\"@type\":\"EntryPoint\",\"urlTemplate\":\"https:\/\/blogi.eoppimispalvelut.fi\/kokkitulitaloon\/?s={search_term_string}\"},\"query-input\":{\"@type\":\"PropertyValueSpecification\",\"valueRequired\":true,\"valueName\":\"search_term_string\"}}],\"inLanguage\":\"fi\"},{\"@type\":\"Organization\",\"@id\":\"https:\/\/blogi.eoppimispalvelut.fi\/kokkitulitaloon\/#organization\",\"name\":\"Kokki tuli taloon\",\"url\":\"https:\/\/blogi.eoppimispalvelut.fi\/kokkitulitaloon\/\",\"logo\":{\"@type\":\"ImageObject\",\"inLanguage\":\"fi\",\"@id\":\"https:\/\/blogi.eoppimispalvelut.fi\/kokkitulitaloon\/#\/schema\/logo\/image\/\",\"url\":\"https:\/\/blogi.eoppimispalvelut.fi\/kokkitulitaloon\/files\/2020\/12\/cropped-logo-8.png\",\"contentUrl\":\"https:\/\/blogi.eoppimispalvelut.fi\/kokkitulitaloon\/files\/2020\/12\/cropped-logo-8.png\",\"width\":629,\"height\":245,\"caption\":\"Kokki tuli taloon\"},\"image\":{\"@id\":\"https:\/\/blogi.eoppimispalvelut.fi\/kokkitulitaloon\/#\/schema\/logo\/image\/\"}}]}<\/script>\n<!-- \/ Yoast SEO plugin. -->","yoast_head_json":{"title":"Kokin erikoinen - Kokki tuli taloon","robots":{"index":"index","follow":"follow","max-snippet":"max-snippet:-1","max-image-preview":"max-image-preview:large","max-video-preview":"max-video-preview:-1"},"canonical":"https:\/\/blogi.eoppimispalvelut.fi\/kokkitulitaloon\/product\/kokin-erikoinen\/","og_locale":"fi_FI","og_type":"article","og_title":"Kokin erikoinen - Kokki tuli taloon","og_description":"Sunnuntaivieraita? Yll\u00e4tys isovanhemmille? Kokin erikoinen on kaiken kattava el\u00e4myspaketti!","og_url":"https:\/\/blogi.eoppimispalvelut.fi\/kokkitulitaloon\/product\/kokin-erikoinen\/","og_site_name":"Kokki tuli taloon","article_modified_time":"2020-12-03T12:30:52+00:00","og_image":[{"width":1600,"height":1200,"url":"https:\/\/blogi.eoppimispalvelut.fi\/kokkitulitaloon\/files\/2020\/11\/signal-2020-10-18-142410-e1606997730141.jpeg","type":"image\/jpeg"}],"twitter_card":"summary_large_image","schema":{"@context":"https:\/\/schema.org","@graph":[{"@type":"WebPage","@id":"https:\/\/blogi.eoppimispalvelut.fi\/kokkitulitaloon\/product\/kokin-erikoinen\/","url":"https:\/\/blogi.eoppimispalvelut.fi\/kokkitulitaloon\/product\/kokin-erikoinen\/","name":"Kokin erikoinen - Kokki tuli taloon","isPartOf":{"@id":"https:\/\/blogi.eoppimispalvelut.fi\/kokkitulitaloon\/#website"},"primaryImageOfPage":{"@id":"https:\/\/blogi.eoppimispalvelut.fi\/kokkitulitaloon\/product\/kokin-erikoinen\/#primaryimage"},"image":{"@id":"https:\/\/blogi.eoppimispalvelut.fi\/kokkitulitaloon\/product\/kokin-erikoinen\/#primaryimage"},"thumbnailUrl":"https:\/\/blogi.eoppimispalvelut.fi\/kokkitulitaloon\/files\/2020\/11\/signal-2020-10-18-142410-e1606997730141.jpeg","datePublished":"2020-12-03T12:16:17+00:00","dateModified":"2020-12-03T12:30:52+00:00","breadcrumb":{"@id":"https:\/\/blogi.eoppimispalvelut.fi\/kokkitulitaloon\/product\/kokin-erikoinen\/#breadcrumb"},"inLanguage":"fi","potentialAction":[{"@type":"ReadAction","target":["https:\/\/blogi.eoppimispalvelut.fi\/kokkitulitaloon\/product\/kokin-erikoinen\/"]}]},{"@type":"ImageObject","inLanguage":"fi","@id":"https:\/\/blogi.eoppimispalvelut.fi\/kokkitulitaloon\/product\/kokin-erikoinen\/#primaryimage","url":"https:\/\/blogi.eoppimispalvelut.fi\/kokkitulitaloon\/files\/2020\/11\/signal-2020-10-18-142410-e1606997730141.jpeg","contentUrl":"https:\/\/blogi.eoppimispalvelut.fi\/kokkitulitaloon\/files\/2020\/11\/signal-2020-10-18-142410-e1606997730141.jpeg","width":1600,"height":1200},{"@type":"BreadcrumbList","@id":"https:\/\/blogi.eoppimispalvelut.fi\/kokkitulitaloon\/product\/kokin-erikoinen\/#breadcrumb","itemListElement":[{"@type":"ListItem","position":1,"name":"Home","item":"https:\/\/blogi.eoppimispalvelut.fi\/kokkitulitaloon\/"},{"@type":"ListItem","position":2,"name":"Ja mit\u00e4h\u00e4n t\u00e4m\u00e4 kaikki maksaa?","item":"https:\/\/blogi.eoppimispalvelut.fi\/kokkitulitaloon\/ja-mitahan-tama-kaikki-maksaa\/"},{"@type":"ListItem","position":3,"name":"Kokin erikoinen"}]},{"@type":"WebSite","@id":"https:\/\/blogi.eoppimispalvelut.fi\/kokkitulitaloon\/#website","url":"https:\/\/blogi.eoppimispalvelut.fi\/kokkitulitaloon\/","name":"Kokki tuli taloon","description":"Suomen paras kotiruokapalvelu juuri sinulle","publisher":{"@id":"https:\/\/blogi.eoppimispalvelut.fi\/kokkitulitaloon\/#organization"},"potentialAction":[{"@type":"SearchAction","target":{"@type":"EntryPoint","urlTemplate":"https:\/\/blogi.eoppimispalvelut.fi\/kokkitulitaloon\/?s={search_term_string}"},"query-input":{"@type":"PropertyValueSpecification","valueRequired":true,"valueName":"search_term_string"}}],"inLanguage":"fi"},{"@type":"Organization","@id":"https:\/\/blogi.eoppimispalvelut.fi\/kokkitulitaloon\/#organization","name":"Kokki tuli taloon","url":"https:\/\/blogi.eoppimispalvelut.fi\/kokkitulitaloon\/","logo":{"@type":"ImageObject","inLanguage":"fi","@id":"https:\/\/blogi.eoppimispalvelut.fi\/kokkitulitaloon\/#\/schema\/logo\/image\/","url":"https:\/\/blogi.eoppimispalvelut.fi\/kokkitulitaloon\/files\/2020\/12\/cropped-logo-8.png","contentUrl":"https:\/\/blogi.eoppimispalvelut.fi\/kokkitulitaloon\/files\/2020\/12\/cropped-logo-8.png","width":629,"height":245,"caption":"Kokki tuli taloon"},"image":{"@id":"https:\/\/blogi.eoppimispalvelut.fi\/kokkitulitaloon\/#\/schema\/logo\/image\/"}}]}},"_links":{"self":[{"href":"https:\/\/blogi.eoppimispalvelut.fi\/kokkitulitaloon\/wp-json\/wp\/v2\/product\/226","targetHints":{"allow":["GET"]}}],"collection":[{"href":"https:\/\/blogi.eoppimispalvelut.fi\/kokkitulitaloon\/wp-json\/wp\/v2\/product"}],"about":[{"href":"https:\/\/blogi.eoppimispalvelut.fi\/kokkitulitaloon\/wp-json\/wp\/v2\/types\/product"}],"replies":[{"embeddable":true,"href":"https:\/\/blogi.eoppimispalvelut.fi\/kokkitulitaloon\/wp-json\/wp\/v2\/comments?post=226"}],"wp:featuredmedia":[{"embeddable":true,"href":"https:\/\/blogi.eoppimispalvelut.fi\/kokkitulitaloon\/wp-json\/wp\/v2\/media\/15"}],"wp:attachment":[{"href":"https:\/\/blogi.eoppimispalvelut.fi\/kokkitulitaloon\/wp-json\/wp\/v2\/media?parent=226"}],"wp:term":[{"taxonomy":"product_brand","embeddable":true,"href":"https:\/\/blogi.eoppimispalvelut.fi\/kokkitulitaloon\/wp-json\/wp\/v2\/product_brand?post=226"},{"taxonomy":"product_cat","embeddable":true,"href":"https:\/\/blogi.eoppimispalvelut.fi\/kokkitulitaloon\/wp-json\/wp\/v2\/product_cat?post=226"},{"taxonomy":"product_tag","embeddable":true,"href":"https:\/\/blogi.eoppimispalvelut.fi\/kokkitulitaloon\/wp-json\/wp\/v2\/product_tag?post=226"}],"curies":[{"name":"wp","href":"https:\/\/api.w.org\/{rel}","templated":true}]}}