{"id":2,"date":"2019-10-02T09:47:10","date_gmt":"2019-10-02T06:47:10","guid":{"rendered":"https:\/\/blogi.eoppimispalvelut.fi\/lapineamis\/?page_id=2"},"modified":"2019-10-07T21:13:33","modified_gmt":"2019-10-07T18:13:33","slug":"esimerkkisivu","status":"publish","type":"page","link":"https:\/\/blogi.eoppimispalvelut.fi\/lapineamis\/","title":{"rendered":"ETUSIVU"},"content":{"rendered":"<p>Lapin eAmis alkaa starttailla k\u00e4yntiin pikku hiljaa. T\u00e4ll\u00e4 hetkell\u00e4 ensimm\u00e4iset yhteisty\u00f6palaverit ovat pidetty ja oppilaitokset kokoilevat riveihins\u00e4 verkkopedagogiikasta ja digioppimisesta innostuneita kehitt\u00e4j\u00e4opettajia. Hankkeen toimintasuunnitelma ja viestint\u00e4suunnitelma ovat saaneet pikku hiljaa sis\u00e4lt\u00f6\u00e4 ja pian suunnitelmiin saadaan kehitt\u00e4j\u00e4opettajien nimetkin n\u00e4k\u00f6s\u00e4lle.<\/p>\n<p>Suunnitelmien ty\u00f6st\u00e4mist\u00e4 ja p\u00e4ivitt\u00e4mist\u00e4 jatketaan koko hankeen ajan. Blogin sivuille on kartoitettu erilaisia webinaareja ja kehitt\u00e4j\u00e4opettajat tutustuvat digipedagogiikan aiheisiin ja piakkoin saadaan aluille toimintasuunnitelma tarkempine aikataulutuksineen.<\/p>\n<p>Ensimm\u00e4iset kartoitukset digilaitteiden ja -sovellusten tarpeesta\u00a0 on\u00a0 meneill\u00e4\u00e4n oppilaitoksissa. Hankkeen julisteet ovat suunnittelija-Samilla osaavissa k\u00e4siss\u00e4, ja pian p\u00e4\u00e4semme ripustamaan julisteet oppilaitoksiin. Lapin eAmis alkaa pian olla ty\u00f6skentelyvaiheessa. On mahtavaa huomata, ett\u00e4 lappilaiset oppilaitokset tekev\u00e4t innolla yhteist\u00e4 kehitysty\u00f6t\u00e4 digioppimisen parissa. Olehan sin\u00e4kin kuulolla!<\/p>\n","protected":false},"excerpt":{"rendered":"<p>Lapin eAmis alkaa starttailla k\u00e4yntiin pikku hiljaa. T\u00e4ll\u00e4 hetkell\u00e4 ensimm\u00e4iset yhteisty\u00f6palaverit ovat pidetty ja oppilaitokset kokoilevat riveihins\u00e4 verkkopedagogiikasta ja digioppimisesta innostuneita kehitt\u00e4j\u00e4opettajia. Hankkeen toimintasuunnitelma ja viestint\u00e4suunnitelma ovat saaneet pikku hiljaa sis\u00e4lt\u00f6\u00e4 ja pian suunnitelmiin saadaan kehitt\u00e4j\u00e4opettajien nimetkin n\u00e4k\u00f6s\u00e4lle. Suunnitelmien ty\u00f6st\u00e4mist\u00e4 &hellip; <a href=\"https:\/\/blogi.eoppimispalvelut.fi\/lapineamis\/\">Continue reading <span class=\"meta-nav\">&rarr;<\/span><\/a><\/p>\n","protected":false},"author":3867,"featured_media":0,"parent":0,"menu_order":0,"comment_status":"closed","ping_status":"open","template":"","meta":{"footnotes":""},"class_list":["post-2","page","type-page","status-publish","hentry"],"_links":{"self":[{"href":"https:\/\/blogi.eoppimispalvelut.fi\/lapineamis\/wp-json\/wp\/v2\/pages\/2","targetHints":{"allow":["GET"]}}],"collection":[{"href":"https:\/\/blogi.eoppimispalvelut.fi\/lapineamis\/wp-json\/wp\/v2\/pages"}],"about":[{"href":"https:\/\/blogi.eoppimispalvelut.fi\/lapineamis\/wp-json\/wp\/v2\/types\/page"}],"author":[{"embeddable":true,"href":"https:\/\/blogi.eoppimispalvelut.fi\/lapineamis\/wp-json\/wp\/v2\/users\/3867"}],"replies":[{"embeddable":true,"href":"https:\/\/blogi.eoppimispalvelut.fi\/lapineamis\/wp-json\/wp\/v2\/comments?post=2"}],"version-history":[{"count":3,"href":"https:\/\/blogi.eoppimispalvelut.fi\/lapineamis\/wp-json\/wp\/v2\/pages\/2\/revisions"}],"predecessor-version":[{"id":41,"href":"https:\/\/blogi.eoppimispalvelut.fi\/lapineamis\/wp-json\/wp\/v2\/pages\/2\/revisions\/41"}],"wp:attachment":[{"href":"https:\/\/blogi.eoppimispalvelut.fi\/lapineamis\/wp-json\/wp\/v2\/media?parent=2"}],"curies":[{"name":"wp","href":"https:\/\/api.w.org\/{rel}","templated":true}]}}