{"id":4,"date":"2013-08-07T13:02:15","date_gmt":"2013-08-07T10:02:15","guid":{"rendered":"https:\/\/blogi.eoppimispalvelut.fi\/lapintno\/?page_id=4"},"modified":"2018-03-20T15:37:41","modified_gmt":"2018-03-20T13:37:41","slug":"tervetuloa","status":"publish","type":"page","link":"https:\/\/blogi.eoppimispalvelut.fi\/lapintno\/","title":{"rendered":"Tervetuloa"},"content":{"rendered":"<p>Lapin TNO-palvelujen Toimijat-sivustolle.<\/p>\n<p>Sivusto\u00a0on Lapin TNO-palveluissa toimivien tiedonv\u00e4lityksen kanava. Verkostomme yhteiset ja aluekohtaiset kokousmuistiot ovat TNO-verkoston k\u00e4yt\u00f6ss\u00e4 sivuston yl\u00e4palkista kohdassa asiakirjat.<\/p>\n<p>TNO-verkoston yhteisen\u00e4, kirjautumista vaativana,\u00a0yhteystietohakemistona toimii yl\u00e4palkista l\u00f6ytyv\u00e4 Lapin TNO-toimijahakemisto. Arkiston kautta l\u00f6yd\u00e4t materiaalia pitk\u00e4lt\u00e4 kehityksemme polulta.<\/p>\n<p>Lapin TNO-palvelujen toiminta on kuvattu toimintak\u00e4sikirjassa (julkaistu 1.6.2017, p\u00e4ivitetty 31.10.2017), jota p\u00e4\u00e4set lukemaan<strong> <a href=\"https:\/\/issuu.com\/lappia\/docs\/toimintak__sikirja\" target=\"_blank\" rel=\"noopener\">digijulkaisuna.<\/a><\/strong><\/p>\n<p>K\u00e4y katsomassa <a href=\"https:\/\/www.facebook.com\/lapintno\/\">Lapin TNO-palvelujen<\/a> sivut Facebookissa.<\/p>\n<p><strong>Terveisin Lapin TNO-palvelut<\/strong><\/p>\n","protected":false},"excerpt":{"rendered":"<p>Lapin TNO-palvelujen Toimijat-sivustolle. Sivusto\u00a0on Lapin TNO-palveluissa toimivien tiedonv\u00e4lityksen kanava. Verkostomme yhteiset ja aluekohtaiset kokousmuistiot ovat TNO-verkoston k\u00e4yt\u00f6ss\u00e4 sivuston yl\u00e4palkista kohdassa asiakirjat. TNO-verkoston yhteisen\u00e4, kirjautumista vaativana,\u00a0yhteystietohakemistona toimii yl\u00e4palkista l\u00f6ytyv\u00e4 Lapin TNO-toimijahakemisto. [&hellip;]<\/p>\n","protected":false},"author":821,"featured_media":0,"parent":0,"menu_order":0,"comment_status":"closed","ping_status":"closed","template":"","meta":{"jetpack_post_was_ever_published":false,"footnotes":""},"class_list":["post-4","page","type-page","status-publish","hentry"],"yoast_head":"<!-- This site is optimized with the Yoast SEO plugin v27.4 - https:\/\/yoast.com\/product\/yoast-seo-wordpress\/ -->\n<title>Tervetuloa - Lapin TNO-toimijalle<\/title>\n<meta name=\"robots\" content=\"noindex, follow, max-snippet:-1, max-image-preview:large, max-video-preview:-1\" \/>\n<meta property=\"og:locale\" content=\"fi_FI\" \/>\n<meta property=\"og:type\" content=\"article\" \/>\n<meta property=\"og:title\" content=\"Tervetuloa - Lapin TNO-toimijalle\" \/>\n<meta property=\"og:description\" content=\"Lapin TNO-palvelujen Toimijat-sivustolle. Sivusto\u00a0on Lapin TNO-palveluissa toimivien tiedonv\u00e4lityksen kanava. Verkostomme yhteiset ja aluekohtaiset kokousmuistiot ovat TNO-verkoston k\u00e4yt\u00f6ss\u00e4 sivuston yl\u00e4palkista kohdassa asiakirjat. TNO-verkoston yhteisen\u00e4, kirjautumista vaativana,\u00a0yhteystietohakemistona toimii yl\u00e4palkista l\u00f6ytyv\u00e4 Lapin TNO-toimijahakemisto. [&hellip;]\" \/>\n<meta property=\"og:url\" content=\"https:\/\/blogi.eoppimispalvelut.fi\/lapintno\/\" \/>\n<meta property=\"og:site_name\" content=\"Lapin TNO-toimijalle\" \/>\n<meta property=\"article:publisher\" content=\"https:\/\/www.facebook.com\/lapintno\/\" \/>\n<meta property=\"article:modified_time\" content=\"2018-03-20T13:37:41+00:00\" \/>\n<meta name=\"twitter:card\" content=\"summary_large_image\" \/>\n<script type=\"application\/ld+json\" class=\"yoast-schema-graph\">{\"@context\":\"https:\\\/\\\/schema.org\",\"@graph\":[{\"@type\":\"WebPage\",\"@id\":\"https:\\\/\\\/blogi.eoppimispalvelut.fi\\\/lapintno\\\/\",\"url\":\"https:\\\/\\\/blogi.eoppimispalvelut.fi\\\/lapintno\\\/\",\"name\":\"Tervetuloa - Lapin TNO-toimijalle\",\"isPartOf\":{\"@id\":\"https:\\\/\\\/blogi.eoppimispalvelut.fi\\\/lapintno\\\/#website\"},\"datePublished\":\"2013-08-07T10:02:15+00:00\",\"dateModified\":\"2018-03-20T13:37:41+00:00\",\"breadcrumb\":{\"@id\":\"https:\\\/\\\/blogi.eoppimispalvelut.fi\\\/lapintno\\\/#breadcrumb\"},\"inLanguage\":\"fi\",\"potentialAction\":[{\"@type\":\"ReadAction\",\"target\":[\"https:\\\/\\\/blogi.eoppimispalvelut.fi\\\/lapintno\\\/\"]}]},{\"@type\":\"BreadcrumbList\",\"@id\":\"https:\\\/\\\/blogi.eoppimispalvelut.fi\\\/lapintno\\\/#breadcrumb\",\"itemListElement\":[{\"@type\":\"ListItem\",\"position\":1,\"name\":\"Home\",\"item\":\"https:\\\/\\\/blogi.eoppimispalvelut.fi\\\/lapintno\\\/\"},{\"@type\":\"ListItem\",\"position\":2,\"name\":\"Tervetuloa\"}]},{\"@type\":\"WebSite\",\"@id\":\"https:\\\/\\\/blogi.eoppimispalvelut.fi\\\/lapintno\\\/#website\",\"url\":\"https:\\\/\\\/blogi.eoppimispalvelut.fi\\\/lapintno\\\/\",\"name\":\"Lapin TNO-toimijalle\",\"description\":\"Sivusto Lapin tieto-, neuvonta- ja ohjaustoimijalle\",\"potentialAction\":[{\"@type\":\"SearchAction\",\"target\":{\"@type\":\"EntryPoint\",\"urlTemplate\":\"https:\\\/\\\/blogi.eoppimispalvelut.fi\\\/lapintno\\\/?s={search_term_string}\"},\"query-input\":{\"@type\":\"PropertyValueSpecification\",\"valueRequired\":true,\"valueName\":\"search_term_string\"}}],\"inLanguage\":\"fi\"}]}<\/script>\n<!-- \/ Yoast SEO plugin. -->","yoast_head_json":{"title":"Tervetuloa - Lapin TNO-toimijalle","robots":{"index":"noindex","follow":"follow","max-snippet":"max-snippet:-1","max-image-preview":"max-image-preview:large","max-video-preview":"max-video-preview:-1"},"og_locale":"fi_FI","og_type":"article","og_title":"Tervetuloa - Lapin TNO-toimijalle","og_description":"Lapin TNO-palvelujen Toimijat-sivustolle. Sivusto\u00a0on Lapin TNO-palveluissa toimivien tiedonv\u00e4lityksen kanava. Verkostomme yhteiset ja aluekohtaiset kokousmuistiot ovat TNO-verkoston k\u00e4yt\u00f6ss\u00e4 sivuston yl\u00e4palkista kohdassa asiakirjat. TNO-verkoston yhteisen\u00e4, kirjautumista vaativana,\u00a0yhteystietohakemistona toimii yl\u00e4palkista l\u00f6ytyv\u00e4 Lapin TNO-toimijahakemisto. [&hellip;]","og_url":"https:\/\/blogi.eoppimispalvelut.fi\/lapintno\/","og_site_name":"Lapin TNO-toimijalle","article_publisher":"https:\/\/www.facebook.com\/lapintno\/","article_modified_time":"2018-03-20T13:37:41+00:00","twitter_card":"summary_large_image","schema":{"@context":"https:\/\/schema.org","@graph":[{"@type":"WebPage","@id":"https:\/\/blogi.eoppimispalvelut.fi\/lapintno\/","url":"https:\/\/blogi.eoppimispalvelut.fi\/lapintno\/","name":"Tervetuloa - Lapin TNO-toimijalle","isPartOf":{"@id":"https:\/\/blogi.eoppimispalvelut.fi\/lapintno\/#website"},"datePublished":"2013-08-07T10:02:15+00:00","dateModified":"2018-03-20T13:37:41+00:00","breadcrumb":{"@id":"https:\/\/blogi.eoppimispalvelut.fi\/lapintno\/#breadcrumb"},"inLanguage":"fi","potentialAction":[{"@type":"ReadAction","target":["https:\/\/blogi.eoppimispalvelut.fi\/lapintno\/"]}]},{"@type":"BreadcrumbList","@id":"https:\/\/blogi.eoppimispalvelut.fi\/lapintno\/#breadcrumb","itemListElement":[{"@type":"ListItem","position":1,"name":"Home","item":"https:\/\/blogi.eoppimispalvelut.fi\/lapintno\/"},{"@type":"ListItem","position":2,"name":"Tervetuloa"}]},{"@type":"WebSite","@id":"https:\/\/blogi.eoppimispalvelut.fi\/lapintno\/#website","url":"https:\/\/blogi.eoppimispalvelut.fi\/lapintno\/","name":"Lapin TNO-toimijalle","description":"Sivusto Lapin tieto-, neuvonta- ja ohjaustoimijalle","potentialAction":[{"@type":"SearchAction","target":{"@type":"EntryPoint","urlTemplate":"https:\/\/blogi.eoppimispalvelut.fi\/lapintno\/?s={search_term_string}"},"query-input":{"@type":"PropertyValueSpecification","valueRequired":true,"valueName":"search_term_string"}}],"inLanguage":"fi"}]}},"jetpack_shortlink":"https:\/\/wp.me\/P3NOIj-4","jetpack_sharing_enabled":true,"_links":{"self":[{"href":"https:\/\/blogi.eoppimispalvelut.fi\/lapintno\/wp-json\/wp\/v2\/pages\/4","targetHints":{"allow":["GET"]}}],"collection":[{"href":"https:\/\/blogi.eoppimispalvelut.fi\/lapintno\/wp-json\/wp\/v2\/pages"}],"about":[{"href":"https:\/\/blogi.eoppimispalvelut.fi\/lapintno\/wp-json\/wp\/v2\/types\/page"}],"author":[{"embeddable":true,"href":"https:\/\/blogi.eoppimispalvelut.fi\/lapintno\/wp-json\/wp\/v2\/users\/821"}],"replies":[{"embeddable":true,"href":"https:\/\/blogi.eoppimispalvelut.fi\/lapintno\/wp-json\/wp\/v2\/comments?post=4"}],"version-history":[{"count":88,"href":"https:\/\/blogi.eoppimispalvelut.fi\/lapintno\/wp-json\/wp\/v2\/pages\/4\/revisions"}],"predecessor-version":[{"id":2889,"href":"https:\/\/blogi.eoppimispalvelut.fi\/lapintno\/wp-json\/wp\/v2\/pages\/4\/revisions\/2889"}],"wp:attachment":[{"href":"https:\/\/blogi.eoppimispalvelut.fi\/lapintno\/wp-json\/wp\/v2\/media?parent=4"}],"curies":[{"name":"wp","href":"https:\/\/api.w.org\/{rel}","templated":true}]}}