{"id":1322,"date":"2015-06-02T08:27:55","date_gmt":"2015-06-02T05:27:55","guid":{"rendered":"https:\/\/blogi.eoppimispalvelut.fi\/lapintno\/?post_type=tribe_events&#038;p=1322"},"modified":"2015-11-25T08:44:38","modified_gmt":"2015-11-25T06:44:38","slug":"keski-lapin-alueryhmakokous-ilincissa","status":"publish","type":"tribe_events","link":"https:\/\/blogi.eoppimispalvelut.fi\/lapintno\/tapahtuma\/keski-lapin-alueryhmakokous-ilincissa\/","title":{"rendered":"Keski-Lapin alueryhm\u00e4kokous iLinciss\u00e4"},"content":{"rendered":"<p>Asialistalla mm.\u00a0 Eteenp\u00e4in messujen ja muiden osallistumisien palaute, tulevat tapahtumat, vuoden 2016 vetovastuu sek\u00e4 kev\u00e4\u00e4n 2016 kokoukset. Kutsu ja asialista kokonaisuudessaan intrassa.<br \/>\nKirjautumisosoite on <a href=\"https:\/\/ilinc.eoppimispalvelut.fi\/join\/btkfm\" target=\"_blank\">https:\/\/ilinc.eoppimispalvelut.fi\/join\/btkfm<\/a><br \/>\nYhteys avataan klo 9:30 testauksia varten. Mahdollisissa ongelmatilanteissa yhteydenotto p\u00e4ivyst\u00e4v\u00e4\u00e4n e-tukipalveluhenkil\u00f6\u00f6n <a href=\"http:\/\/www.eoppimispalvelut.fi\" target=\"_blank\">www.eoppimispalvelut.fi<\/a><\/p>\n","protected":false},"excerpt":{"rendered":"<p>Asialistalla mm.\u00a0 Eteenp\u00e4in messujen ja muiden osallistumisien palaute, tulevat tapahtumat, vuoden 2016 vetovastuu sek\u00e4 kev\u00e4\u00e4n 2016 kokoukset. Kutsu ja asialista kokonaisuudessaan intrassa. Kirjautumisosoite on https:\/\/ilinc.eoppimispalvelut.fi\/join\/btkfm Yhteys avataan klo 9:30 testauksia [&hellip;]<\/p>\n","protected":false},"author":824,"featured_media":0,"comment_status":"open","ping_status":"open","template":"","meta":{"jetpack_post_was_ever_published":false,"_tribe_events_status":"","_tribe_events_status_reason":"","footnotes":""},"tags":[],"tribe_events_cat":[],"class_list":["post-1322","tribe_events","type-tribe_events","status-publish","hentry"],"yoast_head":"<!-- This site is optimized with the Yoast SEO plugin v27.4 - https:\/\/yoast.com\/product\/yoast-seo-wordpress\/ -->\n<title>Keski-Lapin alueryhm\u00e4kokous iLinciss\u00e4 - Lapin TNO-toimijalle<\/title>\n<meta name=\"robots\" content=\"noindex, follow, max-snippet:-1, max-image-preview:large, max-video-preview:-1\" \/>\n<meta property=\"og:locale\" content=\"fi_FI\" \/>\n<meta property=\"og:type\" content=\"article\" \/>\n<meta property=\"og:title\" content=\"Keski-Lapin alueryhm\u00e4kokous iLinciss\u00e4 - Lapin TNO-toimijalle\" \/>\n<meta property=\"og:description\" content=\"Asialistalla mm.\u00a0 Eteenp\u00e4in messujen ja muiden osallistumisien palaute, tulevat tapahtumat, vuoden 2016 vetovastuu sek\u00e4 kev\u00e4\u00e4n 2016 kokoukset. Kutsu ja asialista kokonaisuudessaan intrassa. Kirjautumisosoite on https:\/\/ilinc.eoppimispalvelut.fi\/join\/btkfm Yhteys avataan klo 9:30 testauksia [&hellip;]\" \/>\n<meta property=\"og:url\" content=\"https:\/\/blogi.eoppimispalvelut.fi\/lapintno\/tapahtuma\/keski-lapin-alueryhmakokous-ilincissa\/\" \/>\n<meta property=\"og:site_name\" content=\"Lapin TNO-toimijalle\" \/>\n<meta property=\"article:publisher\" content=\"https:\/\/www.facebook.com\/lapintno\/\" \/>\n<meta property=\"article:modified_time\" content=\"2015-11-25T06:44:38+00:00\" \/>\n<meta name=\"twitter:card\" content=\"summary_large_image\" \/>\n<script type=\"application\/ld+json\" class=\"yoast-schema-graph\">{\"@context\":\"https:\\\/\\\/schema.org\",\"@graph\":[{\"@type\":\"WebPage\",\"@id\":\"https:\\\/\\\/blogi.eoppimispalvelut.fi\\\/lapintno\\\/tapahtuma\\\/keski-lapin-alueryhmakokous-ilincissa\\\/\",\"url\":\"https:\\\/\\\/blogi.eoppimispalvelut.fi\\\/lapintno\\\/tapahtuma\\\/keski-lapin-alueryhmakokous-ilincissa\\\/\",\"name\":\"Keski-Lapin alueryhm\u00e4kokous iLinciss\u00e4 - Lapin TNO-toimijalle\",\"isPartOf\":{\"@id\":\"https:\\\/\\\/blogi.eoppimispalvelut.fi\\\/lapintno\\\/#website\"},\"datePublished\":\"2015-06-02T05:27:55+00:00\",\"dateModified\":\"2015-11-25T06:44:38+00:00\",\"breadcrumb\":{\"@id\":\"https:\\\/\\\/blogi.eoppimispalvelut.fi\\\/lapintno\\\/tapahtuma\\\/keski-lapin-alueryhmakokous-ilincissa\\\/#breadcrumb\"},\"inLanguage\":\"fi\",\"potentialAction\":[{\"@type\":\"ReadAction\",\"target\":[\"https:\\\/\\\/blogi.eoppimispalvelut.fi\\\/lapintno\\\/tapahtuma\\\/keski-lapin-alueryhmakokous-ilincissa\\\/\"]}]},{\"@type\":\"BreadcrumbList\",\"@id\":\"https:\\\/\\\/blogi.eoppimispalvelut.fi\\\/lapintno\\\/tapahtuma\\\/keski-lapin-alueryhmakokous-ilincissa\\\/#breadcrumb\",\"itemListElement\":[{\"@type\":\"ListItem\",\"position\":1,\"name\":\"Home\",\"item\":\"https:\\\/\\\/blogi.eoppimispalvelut.fi\\\/lapintno\\\/\"},{\"@type\":\"ListItem\",\"position\":2,\"name\":\"Tapahtumat\",\"item\":\"https:\\\/\\\/blogi.eoppimispalvelut.fi\\\/lapintno\\\/tapahtumat\\\/\"},{\"@type\":\"ListItem\",\"position\":3,\"name\":\"Keski-Lapin alueryhm\u00e4kokous iLinciss\u00e4\"}]},{\"@type\":\"WebSite\",\"@id\":\"https:\\\/\\\/blogi.eoppimispalvelut.fi\\\/lapintno\\\/#website\",\"url\":\"https:\\\/\\\/blogi.eoppimispalvelut.fi\\\/lapintno\\\/\",\"name\":\"Lapin TNO-toimijalle\",\"description\":\"Sivusto Lapin tieto-, neuvonta- ja ohjaustoimijalle\",\"potentialAction\":[{\"@type\":\"SearchAction\",\"target\":{\"@type\":\"EntryPoint\",\"urlTemplate\":\"https:\\\/\\\/blogi.eoppimispalvelut.fi\\\/lapintno\\\/?s={search_term_string}\"},\"query-input\":{\"@type\":\"PropertyValueSpecification\",\"valueRequired\":true,\"valueName\":\"search_term_string\"}}],\"inLanguage\":\"fi\"}]}<\/script>\n<!-- \/ Yoast SEO plugin. -->","yoast_head_json":{"title":"Keski-Lapin alueryhm\u00e4kokous iLinciss\u00e4 - Lapin TNO-toimijalle","robots":{"index":"noindex","follow":"follow","max-snippet":"max-snippet:-1","max-image-preview":"max-image-preview:large","max-video-preview":"max-video-preview:-1"},"og_locale":"fi_FI","og_type":"article","og_title":"Keski-Lapin alueryhm\u00e4kokous iLinciss\u00e4 - Lapin TNO-toimijalle","og_description":"Asialistalla mm.\u00a0 Eteenp\u00e4in messujen ja muiden osallistumisien palaute, tulevat tapahtumat, vuoden 2016 vetovastuu sek\u00e4 kev\u00e4\u00e4n 2016 kokoukset. Kutsu ja asialista kokonaisuudessaan intrassa. Kirjautumisosoite on https:\/\/ilinc.eoppimispalvelut.fi\/join\/btkfm Yhteys avataan klo 9:30 testauksia [&hellip;]","og_url":"https:\/\/blogi.eoppimispalvelut.fi\/lapintno\/tapahtuma\/keski-lapin-alueryhmakokous-ilincissa\/","og_site_name":"Lapin TNO-toimijalle","article_publisher":"https:\/\/www.facebook.com\/lapintno\/","article_modified_time":"2015-11-25T06:44:38+00:00","twitter_card":"summary_large_image","schema":{"@context":"https:\/\/schema.org","@graph":[{"@type":"WebPage","@id":"https:\/\/blogi.eoppimispalvelut.fi\/lapintno\/tapahtuma\/keski-lapin-alueryhmakokous-ilincissa\/","url":"https:\/\/blogi.eoppimispalvelut.fi\/lapintno\/tapahtuma\/keski-lapin-alueryhmakokous-ilincissa\/","name":"Keski-Lapin alueryhm\u00e4kokous iLinciss\u00e4 - Lapin TNO-toimijalle","isPartOf":{"@id":"https:\/\/blogi.eoppimispalvelut.fi\/lapintno\/#website"},"datePublished":"2015-06-02T05:27:55+00:00","dateModified":"2015-11-25T06:44:38+00:00","breadcrumb":{"@id":"https:\/\/blogi.eoppimispalvelut.fi\/lapintno\/tapahtuma\/keski-lapin-alueryhmakokous-ilincissa\/#breadcrumb"},"inLanguage":"fi","potentialAction":[{"@type":"ReadAction","target":["https:\/\/blogi.eoppimispalvelut.fi\/lapintno\/tapahtuma\/keski-lapin-alueryhmakokous-ilincissa\/"]}]},{"@type":"BreadcrumbList","@id":"https:\/\/blogi.eoppimispalvelut.fi\/lapintno\/tapahtuma\/keski-lapin-alueryhmakokous-ilincissa\/#breadcrumb","itemListElement":[{"@type":"ListItem","position":1,"name":"Home","item":"https:\/\/blogi.eoppimispalvelut.fi\/lapintno\/"},{"@type":"ListItem","position":2,"name":"Tapahtumat","item":"https:\/\/blogi.eoppimispalvelut.fi\/lapintno\/tapahtumat\/"},{"@type":"ListItem","position":3,"name":"Keski-Lapin alueryhm\u00e4kokous iLinciss\u00e4"}]},{"@type":"WebSite","@id":"https:\/\/blogi.eoppimispalvelut.fi\/lapintno\/#website","url":"https:\/\/blogi.eoppimispalvelut.fi\/lapintno\/","name":"Lapin TNO-toimijalle","description":"Sivusto Lapin tieto-, neuvonta- ja ohjaustoimijalle","potentialAction":[{"@type":"SearchAction","target":{"@type":"EntryPoint","urlTemplate":"https:\/\/blogi.eoppimispalvelut.fi\/lapintno\/?s={search_term_string}"},"query-input":{"@type":"PropertyValueSpecification","valueRequired":true,"valueName":"search_term_string"}}],"inLanguage":"fi"}]}},"jetpack_sharing_enabled":true,"_links":{"self":[{"href":"https:\/\/blogi.eoppimispalvelut.fi\/lapintno\/wp-json\/wp\/v2\/tribe_events\/1322","targetHints":{"allow":["GET"]}}],"collection":[{"href":"https:\/\/blogi.eoppimispalvelut.fi\/lapintno\/wp-json\/wp\/v2\/tribe_events"}],"about":[{"href":"https:\/\/blogi.eoppimispalvelut.fi\/lapintno\/wp-json\/wp\/v2\/types\/tribe_events"}],"author":[{"embeddable":true,"href":"https:\/\/blogi.eoppimispalvelut.fi\/lapintno\/wp-json\/wp\/v2\/users\/824"}],"replies":[{"embeddable":true,"href":"https:\/\/blogi.eoppimispalvelut.fi\/lapintno\/wp-json\/wp\/v2\/comments?post=1322"}],"version-history":[{"count":1,"href":"https:\/\/blogi.eoppimispalvelut.fi\/lapintno\/wp-json\/wp\/v2\/tribe_events\/1322\/revisions"}],"predecessor-version":[{"id":1532,"href":"https:\/\/blogi.eoppimispalvelut.fi\/lapintno\/wp-json\/wp\/v2\/tribe_events\/1322\/revisions\/1532"}],"wp:attachment":[{"href":"https:\/\/blogi.eoppimispalvelut.fi\/lapintno\/wp-json\/wp\/v2\/media?parent=1322"}],"wp:term":[{"taxonomy":"post_tag","embeddable":true,"href":"https:\/\/blogi.eoppimispalvelut.fi\/lapintno\/wp-json\/wp\/v2\/tags?post=1322"},{"taxonomy":"tribe_events_cat","embeddable":true,"href":"https:\/\/blogi.eoppimispalvelut.fi\/lapintno\/wp-json\/wp\/v2\/tribe_events_cat?post=1322"}],"curies":[{"name":"wp","href":"https:\/\/api.w.org\/{rel}","templated":true}]}}

Keski-Lapin alueryhmäkokous iLincissä

<p>Asialistalla mm.  Eteenpäin messujen ja muiden osallistumisien palaute, tulevat tapahtumat, vuoden 2016 vetovastuu sekä kevään 2016 kokoukset. Kutsu ja asialista kokonaisuudessaan intrassa.<br />
Kirjautumisosoite on <a href="https://ilinc.eoppimispalvelut.fi/join/btkfm" target="_blank">https://ilinc.eoppimispalvelut.fi/join/btkfm</a><br />
Yhteys avataan klo 9:30 testauksia varten. Mahdollisissa ongelmatilanteissa yhteydenotto päivystävään e-tukipalveluhenkilöön <a href="http://www.eoppimispalvelut.fi" target="_blank">www.eoppimispalvelut.fi</a></p>

<p>Asialistalla mm.  Eteenpäin messujen ja muiden osallistumisien palaute, tulevat tapahtumat, vuoden 2016 vetovastuu sekä kevään 2016 kokoukset. Kutsu ja asialista kokonaisuudessaan intrassa. Kirjautumisosoite on https://ilinc.eoppimispalvelut.fi/join/btkfm Yhteys avataan klo 9:30 testauksia [&hellip;]</p>

<!-- This site is optimized with the Yoast SEO plugin v27.4 - https://yoast.com/product/yoast-seo-wordpress/ -->
<title>Keski-Lapin alueryhmäkokous iLincissä - Lapin TNO-toimijalle</title>
<meta name="robots" content="noindex, follow, max-snippet:-1, max-image-preview:large, max-video-preview:-1" />
<meta property="og:locale" content="fi_FI" />
<meta property="og:type" content="article" />
<meta property="og:title" content="Keski-Lapin alueryhmäkokous iLincissä - Lapin TNO-toimijalle" />
<meta property="og:description" content="Asialistalla mm.  Eteenpäin messujen ja muiden osallistumisien palaute, tulevat tapahtumat, vuoden 2016 vetovastuu sekä kevään 2016 kokoukset. Kutsu ja asialista kokonaisuudessaan intrassa. Kirjautumisosoite on https://ilinc.eoppimispalvelut.fi/join/btkfm Yhteys avataan klo 9:30 testauksia [&hellip;]" />
<meta property="og:url" content="https://blogi.eoppimispalvelut.fi/lapintno/tapahtuma/keski-lapin-alueryhmakokous-ilincissa/" />
<meta property="og:site_name" content="Lapin TNO-toimijalle" />
<meta property="article:publisher" content="https://www.facebook.com/lapintno/" />
<meta property="article:modified_time" content="2015-11-25T06:44:38+00:00" />
<meta name="twitter:card" content="summary_large_image" />
<script type="application/ld+json" class="yoast-schema-graph">{"@context":"https:\/\/schema.org","@graph":[{"@type":"WebPage","@id":"https:\/\/blogi.eoppimispalvelut.fi\/lapintno\/tapahtuma\/keski-lapin-alueryhmakokous-ilincissa\/","url":"https:\/\/blogi.eoppimispalvelut.fi\/lapintno\/tapahtuma\/keski-lapin-alueryhmakokous-ilincissa\/","name":"Keski-Lapin alueryhmäkokous iLincissä - Lapin TNO-toimijalle","isPartOf":{"@id":"https:\/\/blogi.eoppimispalvelut.fi\/lapintno\/#website"},"datePublished":"2015-06-02T05:27:55+00:00","dateModified":"2015-11-25T06:44:38+00:00","breadcrumb":{"@id":"https:\/\/blogi.eoppimispalvelut.fi\/lapintno\/tapahtuma\/keski-lapin-alueryhmakokous-ilincissa\/#breadcrumb"},"inLanguage":"fi","potentialAction":[{"@type":"ReadAction","target":["https:\/\/blogi.eoppimispalvelut.fi\/lapintno\/tapahtuma\/keski-lapin-alueryhmakokous-ilincissa\/"]}]},{"@type":"BreadcrumbList","@id":"https:\/\/blogi.eoppimispalvelut.fi\/lapintno\/tapahtuma\/keski-lapin-alueryhmakokous-ilincissa\/#breadcrumb","itemListElement":[{"@type":"ListItem","position":1,"name":"Home","item":"https:\/\/blogi.eoppimispalvelut.fi\/lapintno\/"},{"@type":"ListItem","position":2,"name":"Tapahtumat","item":"https:\/\/blogi.eoppimispalvelut.fi\/lapintno\/tapahtumat\/"},{"@type":"ListItem","position":3,"name":"Keski-Lapin alueryhmäkokous iLincissä"}]},{"@type":"WebSite","@id":"https:\/\/blogi.eoppimispalvelut.fi\/lapintno\/#website","url":"https:\/\/blogi.eoppimispalvelut.fi\/lapintno\/","name":"Lapin TNO-toimijalle","description":"Sivusto Lapin tieto-, neuvonta- ja ohjaustoimijalle","potentialAction":[{"@type":"SearchAction","target":{"@type":"EntryPoint","urlTemplate":"https:\/\/blogi.eoppimispalvelut.fi\/lapintno\/?s={search_term_string}"},"query-input":{"@type":"PropertyValueSpecification","valueRequired":true,"valueName":"search_term_string"}}],"inLanguage":"fi"}]}</script>
<!-- / Yoast SEO plugin. -->

Keski-Lapin alueryhmäkokous iLincissä - Lapin TNO-toimijalle

Asialistalla mm.  Eteenpäin messujen ja muiden osallistumisien palaute, tulevat tapahtumat, vuoden 2016 vetovastuu sekä kevään 2016 kokoukset. Kutsu ja asialista kokonaisuudessaan intrassa. Kirjautumisosoite on https://ilinc.eoppimispalvelut.fi/join/btkfm Yhteys avataan klo 9:30 testauksia [&hellip;]
