{"id":79,"date":"2022-12-01T14:18:01","date_gmt":"2022-12-01T12:18:01","guid":{"rendered":"https:\/\/blogi.eoppimispalvelut.fi\/lapintoimistotarvike\/?page_id=79"},"modified":"2023-02-23T10:35:31","modified_gmt":"2023-02-23T08:35:31","slug":"poydat","status":"publish","type":"page","link":"https:\/\/blogi.eoppimispalvelut.fi\/lapintoimistotarvike\/poydat\/","title":{"rendered":"P\u00f6yd\u00e4t"},"content":{"rendered":"\n<p><strong>S\u00e4hk\u00f6p\u00f6yt\u00e4 680,76 \u20ac<\/strong> (hinta ilman ALV 549\u20ac) <img loading=\"lazy\" decoding=\"async\" width=\"2560\" height=\"1920\" class=\"wp-image-202\" style=\"width: 150px\" src=\"https:\/\/blogi.eoppimispalvelut.fi\/lapintoimistotarvike\/files\/2023\/01\/21-0156996-scaled.jpg\" alt=\"\" srcset=\"https:\/\/blogi.eoppimispalvelut.fi\/lapintoimistotarvike\/files\/2023\/01\/21-0156996-scaled.jpg 2560w, https:\/\/blogi.eoppimispalvelut.fi\/lapintoimistotarvike\/files\/2023\/01\/21-0156996-900x675.jpg 900w, https:\/\/blogi.eoppimispalvelut.fi\/lapintoimistotarvike\/files\/2023\/01\/21-0156996-1280x960.jpg 1280w, https:\/\/blogi.eoppimispalvelut.fi\/lapintoimistotarvike\/files\/2023\/01\/21-0156996-768x576.jpg 768w, https:\/\/blogi.eoppimispalvelut.fi\/lapintoimistotarvike\/files\/2023\/01\/21-0156996-1536x1152.jpg 1536w, https:\/\/blogi.eoppimispalvelut.fi\/lapintoimistotarvike\/files\/2023\/01\/21-0156996-2048x1536.jpg 2048w, https:\/\/blogi.eoppimispalvelut.fi\/lapintoimistotarvike\/files\/2023\/01\/21-0156996-750x563.jpg 750w\" sizes=\"auto, (max-width: 2560px) 100vw, 2560px\" \/><\/p>\n\n\n\n<p><em>S\u00e4hk\u00f6p\u00f6yt\u00e4 on erinomainen vaihtoehto niille, jotka arvostavat ty\u00f6ntekij\u00f6it\u00e4\u00e4n ja panostavat ergonomiaan ty\u00f6paikalla. S\u00e4hk\u00f6p\u00f6yt\u00e4 mahdollistaa sek\u00e4 seisomisen, ett\u00e4 istumisen t\u00e4ysin omien mittojen mukaan, sill\u00e4 s\u00e4\u00e4t\u00f6 on helppoa ja mukavaa!  <\/em><\/p>\n\n\n\n<p><strong>Kokousp\u00f6yt\u00e4 1238,76\u20ac<\/strong> (hinta ilman ALV 999\u20ac) <img loading=\"lazy\" decoding=\"async\" width=\"544\" height=\"544\" class=\"wp-image-224\" style=\"width: 150px\" src=\"https:\/\/blogi.eoppimispalvelut.fi\/lapintoimistotarvike\/files\/2023\/01\/taeydellinen-neuvotteluryhmae-4-16-hengelle-pakettihinta-forum-zerosedici-2.jpg\" alt=\"\" srcset=\"https:\/\/blogi.eoppimispalvelut.fi\/lapintoimistotarvike\/files\/2023\/01\/taeydellinen-neuvotteluryhmae-4-16-hengelle-pakettihinta-forum-zerosedici-2.jpg 544w, https:\/\/blogi.eoppimispalvelut.fi\/lapintoimistotarvike\/files\/2023\/01\/taeydellinen-neuvotteluryhmae-4-16-hengelle-pakettihinta-forum-zerosedici-2-120x120.jpg 120w\" sizes=\"auto, (max-width: 544px) 100vw, 544px\" \/><\/p>\n\n\n\n<p><em>Kokousp\u00f6yt\u00e4 mahdollistaa sek\u00e4 pienten ett\u00e4 isojen kokouksien ja tapaamisten j\u00e4rjest\u00e4misen yhdess\u00e4 tilassa! <\/em><\/p>\n","protected":false},"excerpt":{"rendered":"<p>S\u00e4hk\u00f6p\u00f6yt\u00e4 680,76 \u20ac (hinta ilman ALV 549\u20ac) S\u00e4hk\u00f6p\u00f6yt\u00e4 on erinomainen vaihtoehto niille, jotka arvostavat ty\u00f6ntekij\u00f6it\u00e4\u00e4n ja panostavat ergonomiaan ty\u00f6paikalla. S\u00e4hk\u00f6p\u00f6yt\u00e4 mahdollistaa sek\u00e4 seisomisen, ett\u00e4 istumisen t\u00e4ysin omien mittojen mukaan, sill\u00e4 s\u00e4\u00e4t\u00f6 on helppoa ja mukavaa! Kokousp\u00f6yt\u00e4 1238,76\u20ac (hinta ilman ALV 999\u20ac) Kokousp\u00f6yt\u00e4 mahdollistaa sek\u00e4 pienten ett\u00e4 isojen kokouksien ja tapaamisten j\u00e4rjest\u00e4misen yhdess\u00e4 tilassa!<\/p>\n","protected":false},"author":19865,"featured_media":0,"parent":0,"menu_order":0,"comment_status":"closed","ping_status":"closed","template":"","meta":{"footnotes":""},"class_list":["post-79","page","type-page","status-publish","hentry","nodate","item-wrap"],"_links":{"self":[{"href":"https:\/\/blogi.eoppimispalvelut.fi\/lapintoimistotarvike\/wp-json\/wp\/v2\/pages\/79","targetHints":{"allow":["GET"]}}],"collection":[{"href":"https:\/\/blogi.eoppimispalvelut.fi\/lapintoimistotarvike\/wp-json\/wp\/v2\/pages"}],"about":[{"href":"https:\/\/blogi.eoppimispalvelut.fi\/lapintoimistotarvike\/wp-json\/wp\/v2\/types\/page"}],"author":[{"embeddable":true,"href":"https:\/\/blogi.eoppimispalvelut.fi\/lapintoimistotarvike\/wp-json\/wp\/v2\/users\/19865"}],"replies":[{"embeddable":true,"href":"https:\/\/blogi.eoppimispalvelut.fi\/lapintoimistotarvike\/wp-json\/wp\/v2\/comments?post=79"}],"version-history":[{"count":5,"href":"https:\/\/blogi.eoppimispalvelut.fi\/lapintoimistotarvike\/wp-json\/wp\/v2\/pages\/79\/revisions"}],"predecessor-version":[{"id":282,"href":"https:\/\/blogi.eoppimispalvelut.fi\/lapintoimistotarvike\/wp-json\/wp\/v2\/pages\/79\/revisions\/282"}],"wp:attachment":[{"href":"https:\/\/blogi.eoppimispalvelut.fi\/lapintoimistotarvike\/wp-json\/wp\/v2\/media?parent=79"}],"curies":[{"name":"wp","href":"https:\/\/api.w.org\/{rel}","templated":true}]}}