{"id":83,"date":"2023-01-30T21:07:57","date_gmt":"2023-01-30T19:07:57","guid":{"rendered":"https:\/\/blogi.eoppimispalvelut.fi\/lapintoimistotarvike\/?page_id=83"},"modified":"2023-02-27T14:33:50","modified_gmt":"2023-02-27T12:33:50","slug":"tuolit","status":"publish","type":"page","link":"https:\/\/blogi.eoppimispalvelut.fi\/lapintoimistotarvike\/tuolit\/","title":{"rendered":"Tuolit"},"content":{"rendered":"\n<p><strong>Premium ty\u00f6tuoli 423,76\u20ac <\/strong><\/p>\n\n\n\n<p>(hinta ilman ALV 349\u20ac)<strong><img loading=\"lazy\" decoding=\"async\" width=\"1359\" height=\"1920\" class=\"wp-image-186\" style=\"width: 150px\" src=\"https:\/\/blogi.eoppimispalvelut.fi\/lapintoimistotarvike\/files\/2023\/01\/chair-g9d3718272_1920.png\" alt=\"\" srcset=\"https:\/\/blogi.eoppimispalvelut.fi\/lapintoimistotarvike\/files\/2023\/01\/chair-g9d3718272_1920.png 1359w, https:\/\/blogi.eoppimispalvelut.fi\/lapintoimistotarvike\/files\/2023\/01\/chair-g9d3718272_1920-900x1272.png 900w, https:\/\/blogi.eoppimispalvelut.fi\/lapintoimistotarvike\/files\/2023\/01\/chair-g9d3718272_1920-1280x1808.png 1280w, https:\/\/blogi.eoppimispalvelut.fi\/lapintoimistotarvike\/files\/2023\/01\/chair-g9d3718272_1920-768x1085.png 768w, https:\/\/blogi.eoppimispalvelut.fi\/lapintoimistotarvike\/files\/2023\/01\/chair-g9d3718272_1920-1087x1536.png 1087w, https:\/\/blogi.eoppimispalvelut.fi\/lapintoimistotarvike\/files\/2023\/01\/chair-g9d3718272_1920-750x1060.png 750w\" sizes=\"auto, (max-width: 1359px) 100vw, 1359px\" \/><\/strong><\/p>\n\n\n\n<p><em>Premium ty\u00f6tuoli mahdollistaa parhaimman ergonomisen asennon ty\u00f6ntekoon. Se on t\u00e4ysin s\u00e4\u00e4dett\u00e4v\u00e4. <\/em> <\/p>\n\n\n\n<p><strong>Ty\u00f6tuoli 308,76\u20ac<\/strong><\/p>\n\n\n\n<p>(hinta ilman ALV 249\u20ac)<img loading=\"lazy\" decoding=\"async\" width=\"588\" height=\"689\" class=\"wp-image-192\" style=\"width: 150px\" src=\"https:\/\/blogi.eoppimispalvelut.fi\/lapintoimistotarvike\/files\/2023\/01\/Neuvottelutuoli.jpg\" alt=\"\"><\/p>\n\n\n\n<p><em>Valkoinen ty\u00f6tuoli on tyylik\u00e4s ja moderni lis\u00e4 jokaiseen konttoriin!<\/em><\/p>\n\n\n\n<p><strong>Tuoli  122,76\u20ac <\/strong><\/p>\n\n\n\n<p>(hinta ilman ALV 99\u20ac)<strong><img loading=\"lazy\" decoding=\"async\" width=\"418\" height=\"392\" class=\"wp-image-193\" style=\"width: 150px\" src=\"https:\/\/blogi.eoppimispalvelut.fi\/lapintoimistotarvike\/files\/2023\/01\/Keittion-tuoli.jpg\" alt=\"\"><\/strong><\/p>\n\n\n\n<p><em>Tuoli on sopiva lis\u00e4 esimerkiksi odotusaulaan tai taukotiloihin! Tyylik\u00e4s valkoinen ulkoasu puujalkojen kanssa tuo toimistoille, taukotiloille sek\u00e4 odotusauloille modernin ilmapiirin. <\/em><\/p>\n\n\n\n<p><strong>Satulatuoli 184,76\u20ac<\/strong><\/p>\n\n\n\n<p>(hinta ilman ALV 149\u20ac)<img loading=\"lazy\" decoding=\"async\" width=\"1439\" height=\"1920\" class=\"wp-image-188\" style=\"width: 150px\" src=\"https:\/\/blogi.eoppimispalvelut.fi\/lapintoimistotarvike\/files\/2023\/01\/office-chair-gff803f06d_1920.jpg\" alt=\"\" srcset=\"https:\/\/blogi.eoppimispalvelut.fi\/lapintoimistotarvike\/files\/2023\/01\/office-chair-gff803f06d_1920.jpg 1439w, https:\/\/blogi.eoppimispalvelut.fi\/lapintoimistotarvike\/files\/2023\/01\/office-chair-gff803f06d_1920-900x1201.jpg 900w, https:\/\/blogi.eoppimispalvelut.fi\/lapintoimistotarvike\/files\/2023\/01\/office-chair-gff803f06d_1920-1280x1708.jpg 1280w, https:\/\/blogi.eoppimispalvelut.fi\/lapintoimistotarvike\/files\/2023\/01\/office-chair-gff803f06d_1920-768x1025.jpg 768w, https:\/\/blogi.eoppimispalvelut.fi\/lapintoimistotarvike\/files\/2023\/01\/office-chair-gff803f06d_1920-1151x1536.jpg 1151w, https:\/\/blogi.eoppimispalvelut.fi\/lapintoimistotarvike\/files\/2023\/01\/office-chair-gff803f06d_1920-750x1001.jpg 750w\" sizes=\"auto, (max-width: 1439px) 100vw, 1439px\" \/><\/p>\n\n\n\n<p><em>Satulatuoli on hyv\u00e4 lis\u00e4 toimistolle, jossa ty\u00f6ntekij\u00e4 pit\u00e4\u00e4 yksinkertaisesta mutta toimivasta ratkaisusta! Satulatuoli on ergonominen sek\u00e4 se vie v\u00e4hemm\u00e4n tilaa kuin mik\u00e4\u00e4n muu tuoli.  <\/em><\/p>\n\n\n\n<p><strong>S\u00e4kkituoli (135x50x160) 110,36\u20ac<\/strong> (hinta ilman ALV 89\u20ac) <em>Kuva tulossa!<\/em><\/p>\n\n\n\n<p><em>S\u00e4kkituoli on oiva lis\u00e4 toimistoihin sek\u00e4 taukotiloihin, sill\u00e4 se lis\u00e4\u00e4 ty\u00f6ntekij\u00e4n mukavuutta ja lis\u00e4\u00e4 ty\u00f6ntekij\u00e4n tuottavuutta mukavuuden lis\u00e4\u00e4ntyess\u00e4!<\/em><\/p>\n","protected":false},"excerpt":{"rendered":"<p>Premium ty\u00f6tuoli 423,76\u20ac (hinta ilman ALV 349\u20ac) Premium ty\u00f6tuoli mahdollistaa parhaimman ergonomisen asennon ty\u00f6ntekoon. Se on t\u00e4ysin s\u00e4\u00e4dett\u00e4v\u00e4. Ty\u00f6tuoli 308,76\u20ac (hinta ilman ALV 249\u20ac) Valkoinen ty\u00f6tuoli on tyylik\u00e4s ja moderni lis\u00e4 jokaiseen konttoriin! Tuoli 122,76\u20ac (hinta ilman ALV 99\u20ac) Tuoli on sopiva lis\u00e4 esimerkiksi odotusaulaan tai taukotiloihin! Tyylik\u00e4s valkoinen ulkoasu puujalkojen kanssa tuo toimistoille, taukotiloille &hellip; <\/p>\n<p><a class=\"more-link btn\" href=\"https:\/\/blogi.eoppimispalvelut.fi\/lapintoimistotarvike\/tuolit\/\">Jatka lukemista<\/a><\/p>\n","protected":false},"author":19865,"featured_media":0,"parent":0,"menu_order":0,"comment_status":"closed","ping_status":"closed","template":"","meta":{"footnotes":""},"class_list":["post-83","page","type-page","status-publish","hentry","nodate","item-wrap"],"_links":{"self":[{"href":"https:\/\/blogi.eoppimispalvelut.fi\/lapintoimistotarvike\/wp-json\/wp\/v2\/pages\/83","targetHints":{"allow":["GET"]}}],"collection":[{"href":"https:\/\/blogi.eoppimispalvelut.fi\/lapintoimistotarvike\/wp-json\/wp\/v2\/pages"}],"about":[{"href":"https:\/\/blogi.eoppimispalvelut.fi\/lapintoimistotarvike\/wp-json\/wp\/v2\/types\/page"}],"author":[{"embeddable":true,"href":"https:\/\/blogi.eoppimispalvelut.fi\/lapintoimistotarvike\/wp-json\/wp\/v2\/users\/19865"}],"replies":[{"embeddable":true,"href":"https:\/\/blogi.eoppimispalvelut.fi\/lapintoimistotarvike\/wp-json\/wp\/v2\/comments?post=83"}],"version-history":[{"count":8,"href":"https:\/\/blogi.eoppimispalvelut.fi\/lapintoimistotarvike\/wp-json\/wp\/v2\/pages\/83\/revisions"}],"predecessor-version":[{"id":326,"href":"https:\/\/blogi.eoppimispalvelut.fi\/lapintoimistotarvike\/wp-json\/wp\/v2\/pages\/83\/revisions\/326"}],"wp:attachment":[{"href":"https:\/\/blogi.eoppimispalvelut.fi\/lapintoimistotarvike\/wp-json\/wp\/v2\/media?parent=83"}],"curies":[{"name":"wp","href":"https:\/\/api.w.org\/{rel}","templated":true}]}}