{"id":890,"date":"2024-12-10T14:41:21","date_gmt":"2024-12-10T12:41:21","guid":{"rendered":"https:\/\/blogi.eoppimispalvelut.fi\/lapinyhdyspintakurssit\/?page_id=890"},"modified":"2024-12-10T16:21:22","modified_gmt":"2024-12-10T14:21:22","slug":"saavutettavuusseloste","status":"publish","type":"page","link":"https:\/\/blogi.eoppimispalvelut.fi\/lapinyhdyspintakurssit\/saavutettavuusseloste\/","title":{"rendered":"Saavutettavuusseloste"},"content":{"rendered":"<p>[et_pb_section fb_built=&#8221;1&#8243; _builder_version=&#8221;4.27.2&#8243; _module_preset=&#8221;default&#8221; global_colors_info=&#8221;{}&#8221;][et_pb_row _builder_version=&#8221;4.27.2&#8243; _module_preset=&#8221;default&#8221; width=&#8221;55.9%&#8221; custom_margin=&#8221;|auto|-32px|188px||&#8221; custom_padding=&#8221;5px|||||&#8221; global_colors_info=&#8221;{}&#8221;][et_pb_column type=&#8221;4_4&#8243; _builder_version=&#8221;4.27.2&#8243; _module_preset=&#8221;default&#8221; global_colors_info=&#8221;{}&#8221;][et_pb_text _builder_version=&#8221;4.27.2&#8243; _module_preset=&#8221;default&#8221; custom_padding=&#8221;16px|||||&#8221; global_colors_info=&#8221;{}&#8221;]<\/p>\n<h2>SAAVUTETTAVUUSSELOSTE<\/h2>\n<p>[\/et_pb_text][\/et_pb_column][\/et_pb_row][et_pb_row _builder_version=&#8221;4.27.2&#8243; _module_preset=&#8221;default&#8221; width=&#8221;55.9%&#8221; custom_margin=&#8221;|auto||188px||&#8221; custom_padding=&#8221;5px|||||&#8221; global_colors_info=&#8221;{}&#8221;][et_pb_column type=&#8221;4_4&#8243; _builder_version=&#8221;4.27.2&#8243; _module_preset=&#8221;default&#8221; global_colors_info=&#8221;{}&#8221;][et_pb_text _builder_version=&#8221;4.27.2&#8243; _module_preset=&#8221;default&#8221; custom_padding=&#8221;16px|||||&#8221; global_colors_info=&#8221;{}&#8221;]<\/p>\n<p><span style=\"font-size: 14px\">P\u00e4ivitetty: 26.11.2024<\/span><\/p>\n<p><span>\u00a0<\/span><\/p>\n<p><strong>Palvelun tiedot<\/strong><\/p>\n<p>T\u00e4m\u00e4 saavutettavuusseloste koskee palvelua Lapin yhdyspintakurssit ja on laadittu 22.11.2024. Palvelun tarjoaa Lapin ammattikorkeakoulu.<\/p>\n<p>&nbsp;<\/p>\n<p><strong>Saavutettavuuden tila<\/strong><\/p>\n<p>T\u00e4m\u00e4 verkkosivusto t\u00e4ytt\u00e4\u00e4 osittain digipalvelulain ja EU:n saavutettavuusdirektiivin (2016\/2102) vaatimukset.<\/p>\n<p>&nbsp;<\/p>\n<p><strong>Ei-saavutettavat sis\u00e4ll\u00f6t<\/strong><\/p>\n<ol>\n<li><strong>PDF-dokumentit<\/strong>: Osa ladattavista PDF-tiedostoista ei ole t\u00e4ysin saavutettavia, koska ne on laadittu ennen 23.9.2018.<\/li>\n<li><strong>Videot<\/strong>: Osa verkkosivuston vanhoista videoista ei sis\u00e4ll\u00e4 tekstityksi\u00e4.<\/li>\n<\/ol>\n<p>&nbsp;<\/p>\n<p><strong>Palaute ja yhteystiedot<\/strong><\/p>\n<p>Jos huomaat saavutettavuusongelmia sivustolla, ota yhteytt\u00e4:<\/p>\n<ul>\n<li><strong>S\u00e4hk\u00f6posti<\/strong>:<u> eOppimispalvelut@luc.fi<\/u><\/li>\n<li><strong>Puhelin<\/strong>: 050\u00a0461 2339 \/ 040\u00a0547 0322<\/li>\n<\/ul>\n<p>Vastaamme palautteeseen 14 p\u00e4iv\u00e4n kuluessa.<\/p>\n<p>&nbsp;<\/p>\n<p><strong>Valvontaviranomainen<\/strong><\/p>\n<p>Jos et ole tyytyv\u00e4inen saamaasi vastaukseen tai et saa vastausta lain m\u00e4\u00e4ritt\u00e4m\u00e4ss\u00e4 ajassa, voit ottaa yhteytt\u00e4:<\/p>\n<p>&nbsp;<\/p>\n<p>Etel\u00e4-Suomen aluehallintovirasto, saavutettavuusvalvonta<\/p>\n<ul>\n<li>S\u00e4hk\u00f6posti: <a href=\"mailto:saavutettavuus@avi.fi\">saavutettavuus@avi.fi<\/a><\/li>\n<li>Puhelin: 0295 016 000<\/li>\n<li>Verkkosivusto: <a href=\"https:\/\/eur02.safelinks.protection.outlook.com\/?url=http%3A%2F%2Fwww.saavutettavuusvaatimukset.fi%2F&amp;data=05%7C02%7CPiia.Mikkonen%40lapinamk.fi%7C5540475d4c61496d599f08dd0d5146c7%7C4c60a66f0a8d446e9ac0836a00d84542%7C0%7C0%7C638681364925984031%7CUnknown%7CTWFpbGZsb3d8eyJFbXB0eU1hcGkiOnRydWUsIlYiOiIwLjAuMDAwMCIsIlAiOiJXaW4zMiIsIkFOIjoiTWFpbCIsIldUIjoyfQ%3D%3D%7C0%7C%7C%7C&amp;sdata=aMlKjZsmfUKS5BMEU1Fhqq1IP0pZSh%2Fg%2FVA9TRYtkQE%3D&amp;reserved=0\">saavutettavuusvaatimukset.fi<\/a><\/li>\n<\/ul>\n<p>&nbsp;<\/p>\n<p><strong>Tekninen toteutus ja arviointi<\/strong><\/p>\n<p>Saavutettavuusarviointi on tehty itsearviointina, ja se on viimeksi p\u00e4ivitetty marraskuussa 2024.<\/p>\n<p>[\/et_pb_text][\/et_pb_column][\/et_pb_row][\/et_pb_section]<\/p>\n","protected":false},"excerpt":{"rendered":"<p>SAAVUTETTAVUUSSELOSTEP\u00e4ivitetty: 26.11.2024 \u00a0 Palvelun tiedot T\u00e4m\u00e4 saavutettavuusseloste koskee palvelua Lapin yhdyspintakurssit ja on laadittu 22.11.2024. Palvelun tarjoaa Lapin ammattikorkeakoulu. &nbsp; Saavutettavuuden tila T\u00e4m\u00e4 verkkosivusto t\u00e4ytt\u00e4\u00e4 osittain digipalvelulain ja EU:n saavutettavuusdirektiivin (2016\/2102) vaatimukset. &nbsp; Ei-saavutettavat sis\u00e4ll\u00f6t PDF-dokumentit: Osa ladattavista PDF-tiedostoista ei ole t\u00e4ysin saavutettavia, koska ne on laadittu ennen 23.9.2018. Videot: Osa verkkosivuston vanhoista videoista ei [&hellip;]<\/p>\n","protected":false},"author":7283,"featured_media":0,"parent":0,"menu_order":0,"comment_status":"closed","ping_status":"closed","template":"","meta":{"_et_pb_use_builder":"on","_et_pb_old_content":"","_et_gb_content_width":"","footnotes":""},"class_list":["post-890","page","type-page","status-publish","hentry"],"_links":{"self":[{"href":"https:\/\/blogi.eoppimispalvelut.fi\/lapinyhdyspintakurssit\/wp-json\/wp\/v2\/pages\/890","targetHints":{"allow":["GET"]}}],"collection":[{"href":"https:\/\/blogi.eoppimispalvelut.fi\/lapinyhdyspintakurssit\/wp-json\/wp\/v2\/pages"}],"about":[{"href":"https:\/\/blogi.eoppimispalvelut.fi\/lapinyhdyspintakurssit\/wp-json\/wp\/v2\/types\/page"}],"author":[{"embeddable":true,"href":"https:\/\/blogi.eoppimispalvelut.fi\/lapinyhdyspintakurssit\/wp-json\/wp\/v2\/users\/7283"}],"replies":[{"embeddable":true,"href":"https:\/\/blogi.eoppimispalvelut.fi\/lapinyhdyspintakurssit\/wp-json\/wp\/v2\/comments?post=890"}],"version-history":[{"count":6,"href":"https:\/\/blogi.eoppimispalvelut.fi\/lapinyhdyspintakurssit\/wp-json\/wp\/v2\/pages\/890\/revisions"}],"predecessor-version":[{"id":902,"href":"https:\/\/blogi.eoppimispalvelut.fi\/lapinyhdyspintakurssit\/wp-json\/wp\/v2\/pages\/890\/revisions\/902"}],"wp:attachment":[{"href":"https:\/\/blogi.eoppimispalvelut.fi\/lapinyhdyspintakurssit\/wp-json\/wp\/v2\/media?parent=890"}],"curies":[{"name":"wp","href":"https:\/\/api.w.org\/{rel}","templated":true}]}}