
{"id":303,"date":"2025-02-19T12:54:16","date_gmt":"2025-02-19T10:54:16","guid":{"rendered":"https:\/\/blogi.eoppimispalvelut.fi\/laplandsecure\/?page_id=303"},"modified":"2025-04-29T10:37:51","modified_gmt":"2025-04-29T07:37:51","slug":"paloturva-1","status":"publish","type":"page","link":"https:\/\/blogi.eoppimispalvelut.fi\/laplandsecure\/paloturva-1\/","title":{"rendered":"Paloturva 1"},"content":{"rendered":"\n<div class=\"wp-block-columns is-layout-flex wp-container-core-columns-is-layout-9d6595d7 wp-block-columns-is-layout-flex\">\n<div class=\"wp-block-column is-layout-flow wp-block-column-is-layout-flow\">\n<p>Sis\u00e4lt\u00f6:<\/p>\n\n\n\n<ul class=\"wp-block-list\">\n<li>Langaton vesivuotoh\u00e4lytin<\/li>\n\n\n\n<li>Palovaroitin* (m\u00e4\u00e4r\u00e4ytyy toimiston koon mukaan.)<\/li>\n\n\n\n<li>Vaahtosammutin<\/li>\n\n\n\n<li>Sammutuspeite (120&#215;180 cm)<\/li>\n<\/ul>\n\n\n\n<p>Hinta alk.: 279\u20ac<\/p>\n\n\n\n<p>*Palovaroitinten m\u00e4\u00e4r\u00e4 lasketaan seuraavasti:<\/p>\n\n\n\n<ul class=\"wp-block-list\">\n<li>0 &#8211; 60 m^2 = 1 \u200b<\/li>\n\n\n\n<li>61 &#8211; 120 m^2 = 2\u200b<\/li>\n\n\n\n<li>121 &#8211; 180 m^2 = 3 \u200b<\/li>\n\n\n\n<li>181 &#8211; 240 m^2 = 4 \u200b<\/li>\n\n\n\n<li>241 &#8211; 300 m^2 = 5 \u200b<\/li>\n\n\n\n<li>301 &#8211; 360 m^2 = 6<\/li>\n<\/ul>\n\n\n\n<p>Ylim\u00e4\u00e4r\u00e4isen palovaroittimen hinta on 40 \u20ac\/kpl. T\u00e4m\u00e4 veloitetaan vain kerran.<\/p>\n<\/div>\n\n\n\n<div class=\"wp-block-column is-layout-flow wp-block-column-is-layout-flow\">\n<figure class=\"wp-block-image size-large\"><img loading=\"lazy\" decoding=\"async\" width=\"1280\" height=\"723\" src=\"https:\/\/blogi.eoppimispalvelut.fi\/laplandsecure\/files\/2025\/02\/extinguisher-and-fire-alarm-1280x723.jpg\" alt=\"\" class=\"wp-image-395\" srcset=\"https:\/\/blogi.eoppimispalvelut.fi\/laplandsecure\/files\/2025\/02\/extinguisher-and-fire-alarm-1280x723.jpg 1280w, https:\/\/blogi.eoppimispalvelut.fi\/laplandsecure\/files\/2025\/02\/extinguisher-and-fire-alarm-900x509.jpg 900w, https:\/\/blogi.eoppimispalvelut.fi\/laplandsecure\/files\/2025\/02\/extinguisher-and-fire-alarm-768x434.jpg 768w, https:\/\/blogi.eoppimispalvelut.fi\/laplandsecure\/files\/2025\/02\/extinguisher-and-fire-alarm-262x148.jpg 262w, https:\/\/blogi.eoppimispalvelut.fi\/laplandsecure\/files\/2025\/02\/extinguisher-and-fire-alarm.jpg 1472w\" sizes=\"auto, (max-width: 1280px) 100vw, 1280px\" \/><\/figure>\n<\/div>\n<\/div>\n","protected":false},"excerpt":{"rendered":"<p>Sis\u00e4lt\u00f6: Hinta alk.: 279\u20ac *Palovaroitinten m\u00e4\u00e4r\u00e4 lasketaan seuraavasti: Ylim\u00e4\u00e4r\u00e4isen palovaroittimen hinta on 40 \u20ac\/kpl. T\u00e4m\u00e4 veloitetaan vain kerran.<\/p>\n","protected":false},"author":48408,"featured_media":0,"parent":0,"menu_order":0,"comment_status":"closed","ping_status":"closed","template":"","meta":{"footnotes":""},"class_list":["post-303","page","type-page","status-publish","hentry"],"_links":{"self":[{"href":"https:\/\/blogi.eoppimispalvelut.fi\/laplandsecure\/wp-json\/wp\/v2\/pages\/303","targetHints":{"allow":["GET"]}}],"collection":[{"href":"https:\/\/blogi.eoppimispalvelut.fi\/laplandsecure\/wp-json\/wp\/v2\/pages"}],"about":[{"href":"https:\/\/blogi.eoppimispalvelut.fi\/laplandsecure\/wp-json\/wp\/v2\/types\/page"}],"author":[{"embeddable":true,"href":"https:\/\/blogi.eoppimispalvelut.fi\/laplandsecure\/wp-json\/wp\/v2\/users\/48408"}],"replies":[{"embeddable":true,"href":"https:\/\/blogi.eoppimispalvelut.fi\/laplandsecure\/wp-json\/wp\/v2\/comments?post=303"}],"version-history":[{"count":8,"href":"https:\/\/blogi.eoppimispalvelut.fi\/laplandsecure\/wp-json\/wp\/v2\/pages\/303\/revisions"}],"predecessor-version":[{"id":509,"href":"https:\/\/blogi.eoppimispalvelut.fi\/laplandsecure\/wp-json\/wp\/v2\/pages\/303\/revisions\/509"}],"wp:attachment":[{"href":"https:\/\/blogi.eoppimispalvelut.fi\/laplandsecure\/wp-json\/wp\/v2\/media?parent=303"}],"curies":[{"name":"wp","href":"https:\/\/api.w.org\/{rel}","templated":true}]}}