{"id":1575,"date":"2021-12-02T20:28:12","date_gmt":"2021-12-02T18:28:12","guid":{"rendered":"https:\/\/blogi.eoppimispalvelut.fi\/latu\/?page_id=1575"},"modified":"2022-02-09T08:49:49","modified_gmt":"2022-02-09T06:49:49","slug":"suomi-sodassa-lappilainen-nakokulma","status":"publish","type":"page","link":"https:\/\/blogi.eoppimispalvelut.fi\/latu\/suomi-sodassa-lappilainen-nakokulma\/","title":{"rendered":"Suomi sodassa &#8211; lappilainen n\u00e4k\u00f6kulma"},"content":{"rendered":"<p>[et_pb_section fb_built=&#8221;1&#8243; fullwidth=&#8221;on&#8221; _builder_version=&#8221;4.8.2&#8243; _module_preset=&#8221;default&#8221;][et_pb_fullwidth_image src=&#8221;https:\/\/blogi.eoppimispalvelut.fi\/latu\/files\/2022\/02\/Vanha-rautatiesilta-2.jpg&#8221; alt=&#8221;Romahtanut rautatiesilta, kuva Lapin maakuntamuseon arkistosta.&#8221; title_text=&#8221;Ounaskosken silta r\u00e4j\u00e4ytettyn\u00e4 Lapin sodan tuhojen j\u00e4lkeen syksyll\u00e4 1944. Silta oli yhdistetty rautatie-maantiesilta.&#8221; _builder_version=&#8221;4.8.2&#8243; _module_preset=&#8221;default&#8221;][\/et_pb_fullwidth_image][\/et_pb_section][et_pb_section fb_built=&#8221;1&#8243; admin_label=&#8221;Osio&#8221; _builder_version=&#8221;4.8.2&#8243; _module_preset=&#8221;default&#8221; box_shadow_style=&#8221;preset1&#8243;][et_pb_row admin_label=&#8221;Row esimerkki henkil\u00f6kuvauksesta&#8221; _builder_version=&#8221;4.8.2&#8243; _module_preset=&#8221;default&#8221;][et_pb_column type=&#8221;4_4&#8243; _builder_version=&#8221;4.8.2&#8243; _module_preset=&#8221;default&#8221;][et_pb_text _builder_version=&#8221;4.8.2&#8243; _module_preset=&#8221;default&#8221; custom_padding=&#8221;||0px|||&#8221;]<\/p>\n<h1><b>Suomi sodassa &#8211; lappilainen n\u00e4k\u00f6kulma<\/b><\/h1>\n<p>[\/et_pb_text][et_pb_divider color=&#8221;#e20d18&#8243; divider_weight=&#8221;6px&#8221; admin_label=&#8221;Otsikon alusviiva&#8221; _builder_version=&#8221;4.8.2&#8243; _module_preset=&#8221;default&#8221; width=&#8221;40px&#8221; module_alignment=&#8221;left&#8221; custom_margin=&#8221;-25px|0px||0px|false|false&#8221; custom_padding=&#8221;0px|||0px|false|false&#8221; global_module=&#8221;662&#8243; saved_tabs=&#8221;all&#8221;][\/et_pb_divider][et_pb_text _builder_version=&#8221;4.8.2&#8243; _module_preset=&#8221;default&#8221; custom_padding=&#8221;||0px|||&#8221;]<\/p>\n<p>Sodat ovat varmuudella vaikuttaneet suomalaisiin sukupolviin ja kulttuuriin. Mutta ovatko lappilaisten ja muiden suomalaisten sotakokemukset yhtenevi\u00e4, vai l\u00f6ytyyk\u00f6 niist\u00e4 eroja?\u00a0<\/p>\n<p>T\u00e4ss\u00e4 dokumentaarisesti kuvitetussa opetusvideossa haastatellaan Lapin Yliopiston kulttuurihistorian professori Marja Tuomista, joka on tutkimuksessaan keskittynyt erityisesti mielen hiljaiseen j\u00e4lleenrakennukseen Lapin sodan tuhojen j\u00e4lkeen.<\/p>\n<p>&nbsp;<\/p>\n<p>[\/et_pb_text][\/et_pb_column][\/et_pb_row][et_pb_row admin_label=&#8221;Teht\u00e4v\u00e4 ja aineisto&#8221; _builder_version=&#8221;4.8.2&#8243; _module_preset=&#8221;default&#8221; custom_margin=&#8221;23px|auto||auto||&#8221; border_width_all=&#8221;15px&#8221; border_color_all=&#8221;#e20d18&#8243;][et_pb_column type=&#8221;4_4&#8243; _builder_version=&#8221;4.8.2&#8243; _module_preset=&#8221;default&#8221;][et_pb_text admin_label=&#8221;Aineisto&#8221; _builder_version=&#8221;4.8.2&#8243; _module_preset=&#8221;default&#8221; text_font=&#8221;||||||||&#8221; header_font=&#8221;|||on|||||&#8221;]<\/p>\n<h2><strong>\u00a0 Teht\u00e4v\u00e4t\u00a0<\/strong><\/h2>\n<p>[\/et_pb_text][et_pb_text admin_label=&#8221;Teht\u00e4v\u00e4&#8221; _builder_version=&#8221;4.8.2&#8243; _module_preset=&#8221;default&#8221; width=&#8221;98.1%&#8221; custom_padding=&#8221;|||13px||&#8221;]<\/p>\n<p>Lue teht\u00e4v\u00e4t l\u00e4pi ajatuksella ja katso sen j\u00e4lkeen Marja Tuomisen haastattelu.<\/p>\n<p>1. Millaisia eroavaisuuksia ja yhtym\u00e4kohtia Marja Tuominen n\u00e4kee lappilaisten ja Karjalan evakoiden jatkosotakokemuksissa? <br \/>2. Lapin sodan kokemuksessa on toisaalta yksil\u00f6llinen ja toisaalta yhteis\u00f6llinen taso. Miten Marja Tuominen erittelee n\u00e4it\u00e4? <br \/>3. Millaisia vaiettuja, kipeit\u00e4 ja traumaattisia kysymyksi\u00e4 Marja Tuominen nostaa esille lappilaisten jatkosota- ja Lapin sota -kokemuksiin liittyen?<br \/>4. Mit\u00e4 Marja Tuomisen esiin nostama kulttuurin el\u00e4m\u00e4nviivan katkeaminen tarkoittaa?<br \/>5. Millaisia erilaisia historian tutkimuksen pohjana olevia aineistoja Marja Tuominen haastattelussaan nostaa esille? Mit\u00e4 n\u00e4iden aineistojen k\u00e4sittelyss\u00e4 ja tutkimisessa pit\u00e4isi mielest\u00e4si muistaa ja ottaa huomioon?<br \/>6. Millaista keskustelua ja vuoropuhelua Lapin sodasta Marja Tuomisen mielest\u00e4 Suomessa viel\u00e4 tarvitaan? <br \/>7. Marja Tuominen on pyyt\u00e4nyt opiskelijoitaan pohtimaan kysymyst\u00e4: Miten historia tulee osaksi minua ja miten min\u00e4 olen osa historiaa.\u00a0 \u00a0 8. Mit\u00e4 t\u00e4m\u00e4 voisi tarkoittaa sinun kohdallasi? <br \/>Tied\u00e4tk\u00f6, millaisia kokemuksia sinun suvussasi on? Kenelt\u00e4 voisit kysy\u00e4?<\/p>\n<p>&nbsp;<\/p>\n<p>[\/et_pb_text][\/et_pb_column][\/et_pb_row][et_pb_row _builder_version=&#8221;4.8.2&#8243; _module_preset=&#8221;default&#8221;][et_pb_column type=&#8221;4_4&#8243; _builder_version=&#8221;4.8.2&#8243; _module_preset=&#8221;default&#8221;][et_pb_text _builder_version=&#8221;4.8.2&#8243; _module_preset=&#8221;default&#8221;]<\/p>\n<h2><strong>Video: Marja Tuomisen haastattelu (14:26)<\/strong><\/h2>\n<p>[\/et_pb_text][et_pb_video src=&#8221;https:\/\/youtu.be\/UKSyQVySrOU&#8221; _builder_version=&#8221;4.8.2&#8243; _module_preset=&#8221;default&#8221;][\/et_pb_video][\/et_pb_column][\/et_pb_row][\/et_pb_section][et_pb_section fb_built=&#8221;1&#8243; admin_label=&#8221;Osio&#8221; _builder_version=&#8221;4.8.2&#8243; _module_preset=&#8221;default&#8221; box_shadow_style=&#8221;preset1&#8243;][et_pb_row admin_label=&#8221;Row esimerkki henkil\u00f6kuvauksesta&#8221; _builder_version=&#8221;4.8.2&#8243; _module_preset=&#8221;default&#8221;][et_pb_column type=&#8221;4_4&#8243; _builder_version=&#8221;4.8.2&#8243; _module_preset=&#8221;default&#8221;][et_pb_text _builder_version=&#8221;4.8.2&#8243; _module_preset=&#8221;default&#8221; custom_padding=&#8221;||0px|||&#8221;]<\/p>\n<h1><b>Rovaniemi silloin ja nyt<\/b><\/h1>\n<p>[\/et_pb_text][et_pb_divider color=&#8221;#e20d18&#8243; divider_weight=&#8221;6px&#8221; admin_label=&#8221;Otsikon alusviiva&#8221; _builder_version=&#8221;4.8.2&#8243; _module_preset=&#8221;default&#8221; width=&#8221;40px&#8221; module_alignment=&#8221;left&#8221; custom_margin=&#8221;-25px|0px||0px|false|false&#8221; custom_padding=&#8221;0px|||0px|false|false&#8221; global_module=&#8221;662&#8243; saved_tabs=&#8221;all&#8221;][\/et_pb_divider][et_pb_text _builder_version=&#8221;4.8.2&#8243; _module_preset=&#8221;default&#8221; custom_padding=&#8221;||0px|||&#8221;]<\/p>\n<p>Marja Tuominen kuvaili, kuinka evakot palasivat usein suorastaan tyhjyyteen&#8230; Milt\u00e4 Rovaniemi n\u00e4ytti Lapin sodan j\u00e4lkeen? Miten kaupunki on muuttunut syksyyn 2021 tultaessa? T\u00e4m\u00e4n koskettavan videon kautta p\u00e4\u00e4set el\u00e4ytym\u00e4\u00e4n muuttuvaan maisemaan. Videolla n\u00e4ht\u00e4v\u00e4t vanhat valokuvat ovat Lapin maakuntamuseon arkistosta.\u00a0Videon ovat kuvanneet taiteiden tiedekunnan opiskelijat Iisakki Toimela, Matti Kantola ja Yang Yen, taustalla kuultavan musiikin on s\u00e4velt\u00e4nyt Iisakki Toimela.<\/p>\n<p>[\/et_pb_text][\/et_pb_column][\/et_pb_row][et_pb_row _builder_version=&#8221;4.8.2&#8243; _module_preset=&#8221;default&#8221;][et_pb_column type=&#8221;4_4&#8243; _builder_version=&#8221;4.8.2&#8243; _module_preset=&#8221;default&#8221;][et_pb_video src=&#8221;https:\/\/youtu.be\/ZicAo7breic&#8221; _builder_version=&#8221;4.8.2&#8243; _module_preset=&#8221;default&#8221;][\/et_pb_video][\/et_pb_column][\/et_pb_row][et_pb_row admin_label=&#8221;Teht\u00e4v\u00e4 ja aineisto&#8221; _builder_version=&#8221;4.8.2&#8243; _module_preset=&#8221;default&#8221; custom_margin=&#8221;23px|auto||auto||&#8221; border_width_all=&#8221;15px&#8221; border_color_all=&#8221;#e20d18&#8243;][et_pb_column type=&#8221;4_4&#8243; _builder_version=&#8221;4.8.2&#8243; _module_preset=&#8221;default&#8221;][et_pb_text admin_label=&#8221;Aineisto&#8221; _builder_version=&#8221;4.8.2&#8243; _module_preset=&#8221;default&#8221; text_font=&#8221;||||||||&#8221; header_font=&#8221;|||on|||||&#8221;]<\/p>\n<h2><strong>\u00a0 Pohdittavaa<\/strong><\/h2>\n<p>[\/et_pb_text][et_pb_text admin_label=&#8221;Teht\u00e4v\u00e4&#8221; _builder_version=&#8221;4.8.2&#8243; _module_preset=&#8221;default&#8221; width=&#8221;98.1%&#8221; custom_padding=&#8221;||0px|13px||&#8221;]<\/p>\n<ol>\n<li><span style=\"font-size: 14px\">Tunnistitko kuvauspaikkoja? <\/span><\/li>\n<li><span style=\"font-size: 14px\">Mik\u00e4 sinut yll\u00e4tti t\u00e4ss\u00e4 videossa? <\/span><\/li>\n<li><span style=\"font-size: 14px\">Millaisia tunteita video her\u00e4tti? <\/span><\/li>\n<li><span style=\"font-size: 14px\">Miten uskot maiseman muuttuvan vuoteen 2040 menness\u00e4? <\/span><\/li>\n<li><span style=\"font-size: 14px\">Tied\u00e4tk\u00f6, ovatko sodat ja j\u00e4lleenrakennus muuttaneet maisemaa sinun kotikulmillasi?<\/span><\/li>\n<\/ol>\n<p>[\/et_pb_text][\/et_pb_column][\/et_pb_row][\/et_pb_section][et_pb_section fb_built=&#8221;1&#8243; _builder_version=&#8221;4.8.2&#8243; _module_preset=&#8221;default&#8221; custom_margin=&#8221;2px|30px|2px|30px|true|true&#8221;][et_pb_row _builder_version=&#8221;4.8.2&#8243; _module_preset=&#8221;default&#8221;][et_pb_column type=&#8221;4_4&#8243; _builder_version=&#8221;4.8.2&#8243; _module_preset=&#8221;default&#8221;][et_pb_text _builder_version=&#8221;4.8.2&#8243; _module_preset=&#8221;default&#8221;]<\/p>\n<h2><strong>Yhteisty\u00f6ss\u00e4<\/strong><\/h2>\n<p>[\/et_pb_text][et_pb_divider color=&#8221;#e20d18&#8243; divider_weight=&#8221;6px&#8221; admin_label=&#8221;Otsikon alusviiva&#8221; _builder_version=&#8221;4.8.2&#8243; _module_preset=&#8221;default&#8221; width=&#8221;40px&#8221; module_alignment=&#8221;left&#8221; custom_margin=&#8221;-25px|0px||0px|false|false&#8221; custom_padding=&#8221;0px|||0px|false|false&#8221; global_module=&#8221;662&#8243; saved_tabs=&#8221;all&#8221;][\/et_pb_divider][\/et_pb_column][\/et_pb_row][et_pb_row column_structure=&#8221;1_3,1_3,1_3&#8243; _builder_version=&#8221;4.8.2&#8243; _module_preset=&#8221;default&#8221;][et_pb_column type=&#8221;1_3&#8243; _builder_version=&#8221;4.8.2&#8243; _module_preset=&#8221;default&#8221;][et_pb_image src=&#8221;https:\/\/blogi.eoppimispalvelut.fi\/latu\/files\/2021\/04\/lapinamk_rgb_lomakekoko.jpg&#8221; alt=&#8221;Lapin ammattikorkeakoulu -logo&#8221; title_text=&#8221;Lapin ammattikorkeakoulu -logo&#8221; align=&#8221;center&#8221; _builder_version=&#8221;4.8.2&#8243; _module_preset=&#8221;default&#8221; max_height=&#8221;60px&#8221;][\/et_pb_image][\/et_pb_column][et_pb_column type=&#8221;1_3&#8243; _builder_version=&#8221;4.8.2&#8243; _module_preset=&#8221;default&#8221;][et_pb_image src=&#8221;https:\/\/blogi.eoppimispalvelut.fi\/latu\/files\/2021\/04\/Ulapland_RGB_vaaka.png&#8221; alt=&#8221;Lapin yliopisto -logo&#8221; title_text=&#8221;Lapin yliopisto -logo&#8221; align=&#8221;center&#8221; _builder_version=&#8221;4.8.2&#8243; _module_preset=&#8221;default&#8221; max_height=&#8221;60px&#8221;][\/et_pb_image][\/et_pb_column][et_pb_column type=&#8221;1_3&#8243; _builder_version=&#8221;4.8.2&#8243; _module_preset=&#8221;default&#8221;][et_pb_image src=&#8221;https:\/\/blogi.eoppimispalvelut.fi\/latu\/files\/2021\/10\/lapin-maakuntamuseo.jpg&#8221; alt=&#8221;Lapin Maakuntamuseo -logo&#8221; title_text=&#8221;Lapin Maakuntamuseo&#8221; _builder_version=&#8221;4.8.2&#8243; _module_preset=&#8221;default&#8221; max_height=&#8221;60px&#8221;][\/et_pb_image][\/et_pb_column][\/et_pb_row][\/et_pb_section]<\/p>\n","protected":false},"excerpt":{"rendered":"<p>Suomi sodassa &#8211; lappilainen n\u00e4k\u00f6kulmaSodat ovat varmuudella vaikuttaneet suomalaisiin sukupolviin ja kulttuuriin. Mutta ovatko lappilaisten ja muiden suomalaisten sotakokemukset yhtenevi\u00e4, vai l\u00f6ytyyk\u00f6 niist\u00e4 eroja?\u00a0 T\u00e4ss\u00e4 dokumentaarisesti kuvitetussa opetusvideossa haastatellaan Lapin Yliopiston kulttuurihistorian professori Marja Tuomista, joka on tutkimuksessaan keskittynyt erityisesti mielen hiljaiseen j\u00e4lleenrakennukseen Lapin sodan tuhojen j\u00e4lkeen. &nbsp;\u00a0 Teht\u00e4v\u00e4t\u00a0Lue teht\u00e4v\u00e4t l\u00e4pi ajatuksella ja katso sen [&hellip;]<\/p>\n","protected":false},"author":7199,"featured_media":2282,"parent":0,"menu_order":0,"comment_status":"closed","ping_status":"closed","template":"","meta":{"_et_pb_use_builder":"on","_et_pb_old_content":"","_et_gb_content_width":"","footnotes":""},"class_list":["post-1575","page","type-page","status-publish","has-post-thumbnail","hentry"],"_links":{"self":[{"href":"https:\/\/blogi.eoppimispalvelut.fi\/latu\/wp-json\/wp\/v2\/pages\/1575","targetHints":{"allow":["GET"]}}],"collection":[{"href":"https:\/\/blogi.eoppimispalvelut.fi\/latu\/wp-json\/wp\/v2\/pages"}],"about":[{"href":"https:\/\/blogi.eoppimispalvelut.fi\/latu\/wp-json\/wp\/v2\/types\/page"}],"author":[{"embeddable":true,"href":"https:\/\/blogi.eoppimispalvelut.fi\/latu\/wp-json\/wp\/v2\/users\/7199"}],"replies":[{"embeddable":true,"href":"https:\/\/blogi.eoppimispalvelut.fi\/latu\/wp-json\/wp\/v2\/comments?post=1575"}],"version-history":[{"count":29,"href":"https:\/\/blogi.eoppimispalvelut.fi\/latu\/wp-json\/wp\/v2\/pages\/1575\/revisions"}],"predecessor-version":[{"id":2433,"href":"https:\/\/blogi.eoppimispalvelut.fi\/latu\/wp-json\/wp\/v2\/pages\/1575\/revisions\/2433"}],"wp:featuredmedia":[{"embeddable":true,"href":"https:\/\/blogi.eoppimispalvelut.fi\/latu\/wp-json\/wp\/v2\/media\/2282"}],"wp:attachment":[{"href":"https:\/\/blogi.eoppimispalvelut.fi\/latu\/wp-json\/wp\/v2\/media?parent=1575"}],"curies":[{"name":"wp","href":"https:\/\/api.w.org\/{rel}","templated":true}]}}