{"id":2442,"date":"2022-02-15T08:51:31","date_gmt":"2022-02-15T06:51:31","guid":{"rendered":"https:\/\/blogi.eoppimispalvelut.fi\/latu\/?page_id=2442"},"modified":"2022-02-15T08:51:35","modified_gmt":"2022-02-15T06:51:35","slug":"evastekaytanto","status":"publish","type":"page","link":"https:\/\/blogi.eoppimispalvelut.fi\/latu\/evastekaytanto\/","title":{"rendered":"Ev\u00e4stek\u00e4yt\u00e4nt\u00f6"},"content":{"rendered":"<p>[et_pb_section fb_built=&#8221;1&#8243; admin_label=&#8221;section&#8221; _builder_version=&#8221;3.22&#8243;][et_pb_row admin_label=&#8221;row&#8221; _builder_version=&#8221;3.25&#8243; background_size=&#8221;initial&#8221; background_position=&#8221;top_left&#8221; background_repeat=&#8221;repeat&#8221;][et_pb_column type=&#8221;4_4&#8243; _builder_version=&#8221;3.25&#8243; custom_padding=&#8221;|||&#8221; custom_padding__hover=&#8221;|||&#8221;][et_pb_text admin_label=&#8221;Text&#8221; _builder_version=&#8221;4.8.2&#8243; background_size=&#8221;initial&#8221; background_position=&#8221;top_left&#8221; background_repeat=&#8221;repeat&#8221; hover_enabled=&#8221;0&#8243; sticky_enabled=&#8221;0&#8243;]<\/p>\n<h2>Ev\u00e4stek\u00e4yt\u00e4nn\u00f6t<\/h2>\n<p>Sivustollamme k\u00e4ytet\u00e4\u00e4n ev\u00e4steit\u00e4 (cookies). Ev\u00e4steill\u00e4 parannetaan sivustomme toimivuutta.<\/p>\n<p>Ev\u00e4steet voidaan jakaa nelj\u00e4\u00e4n kategoriaan: v\u00e4ltt\u00e4m\u00e4tt\u00f6miin, toiminnallisiin, analytiikkaan ja markkinointiev\u00e4steisiin. Osa ev\u00e4steist\u00e4 on v\u00e4ltt\u00e4m\u00e4tt\u00f6mi\u00e4 sivuston teknisen toiminnan kannalta. N\u00e4m\u00e4 ev\u00e4steet eiv\u00e4t ker\u00e4\u00e4 k\u00e4ytt\u00e4j\u00e4st\u00e4 tietoa, jota voitaisiin hy\u00f6dynt\u00e4\u00e4 markkinoinnissa tai analytiikassa.<\/p>\n<p>Toiminnalliset ev\u00e4steet taas parantavat sivuston toimintaa. Analytiikkaev\u00e4steet ker\u00e4\u00e4v\u00e4t anonyymia tietoa tilastoja ja sivuston kehityst\u00e4 varten. Markkinointiev\u00e4steiden avulla voidaan esimerkiksi kohdentaa sivuston k\u00e4ytt\u00e4j\u00e4lle mainontaa. Lis\u00e4ksi sivustolla voi olla esimerkiksi sosiaalisen median laajennuksia, joita voit hy\u00f6dynt\u00e4\u00e4 ollessasi kirjautuneena sometilillesi.<\/p>\n<p>&nbsp;<\/p>\n<p>[\/et_pb_text][\/et_pb_column][\/et_pb_row][\/et_pb_section]<\/p>\n","protected":false},"excerpt":{"rendered":"<p>Ev\u00e4stek\u00e4yt\u00e4nn\u00f6t Sivustollamme k\u00e4ytet\u00e4\u00e4n ev\u00e4steit\u00e4 (cookies). Ev\u00e4steill\u00e4 parannetaan sivustomme toimivuutta. Ev\u00e4steet voidaan jakaa nelj\u00e4\u00e4n kategoriaan: v\u00e4ltt\u00e4m\u00e4tt\u00f6miin, toiminnallisiin, analytiikkaan ja markkinointiev\u00e4steisiin. Osa ev\u00e4steist\u00e4 on v\u00e4ltt\u00e4m\u00e4tt\u00f6mi\u00e4 sivuston teknisen toiminnan kannalta. N\u00e4m\u00e4 ev\u00e4steet eiv\u00e4t ker\u00e4\u00e4 k\u00e4ytt\u00e4j\u00e4st\u00e4 tietoa, jota voitaisiin hy\u00f6dynt\u00e4\u00e4 markkinoinnissa tai analytiikassa. Toiminnalliset ev\u00e4steet taas parantavat sivuston toimintaa. Analytiikkaev\u00e4steet ker\u00e4\u00e4v\u00e4t anonyymia tietoa tilastoja ja sivuston kehityst\u00e4 varten. Markkinointiev\u00e4steiden [&hellip;]<\/p>\n","protected":false},"author":7367,"featured_media":0,"parent":0,"menu_order":0,"comment_status":"closed","ping_status":"closed","template":"","meta":{"_et_pb_use_builder":"on","_et_pb_old_content":"","_et_gb_content_width":"","footnotes":""},"class_list":["post-2442","page","type-page","status-publish","hentry"],"_links":{"self":[{"href":"https:\/\/blogi.eoppimispalvelut.fi\/latu\/wp-json\/wp\/v2\/pages\/2442","targetHints":{"allow":["GET"]}}],"collection":[{"href":"https:\/\/blogi.eoppimispalvelut.fi\/latu\/wp-json\/wp\/v2\/pages"}],"about":[{"href":"https:\/\/blogi.eoppimispalvelut.fi\/latu\/wp-json\/wp\/v2\/types\/page"}],"author":[{"embeddable":true,"href":"https:\/\/blogi.eoppimispalvelut.fi\/latu\/wp-json\/wp\/v2\/users\/7367"}],"replies":[{"embeddable":true,"href":"https:\/\/blogi.eoppimispalvelut.fi\/latu\/wp-json\/wp\/v2\/comments?post=2442"}],"version-history":[{"count":2,"href":"https:\/\/blogi.eoppimispalvelut.fi\/latu\/wp-json\/wp\/v2\/pages\/2442\/revisions"}],"predecessor-version":[{"id":2446,"href":"https:\/\/blogi.eoppimispalvelut.fi\/latu\/wp-json\/wp\/v2\/pages\/2442\/revisions\/2446"}],"wp:attachment":[{"href":"https:\/\/blogi.eoppimispalvelut.fi\/latu\/wp-json\/wp\/v2\/media?parent=2442"}],"curies":[{"name":"wp","href":"https:\/\/api.w.org\/{rel}","templated":true}]}}