{"id":3441,"date":"2022-11-15T09:38:16","date_gmt":"2022-11-15T07:38:16","guid":{"rendered":"https:\/\/blogi.eoppimispalvelut.fi\/latu\/?page_id=3441"},"modified":"2022-12-12T12:30:08","modified_gmt":"2022-12-12T10:30:08","slug":"tulevaisuustaajuus-englanti-ja-aidinkieli","status":"publish","type":"page","link":"https:\/\/blogi.eoppimispalvelut.fi\/latu\/tulevaisuustaajuus-englanti-ja-aidinkieli\/","title":{"rendered":"Englanti\/\u00c4idinkieli, Futures frequency\/Tulevaisuustaajuus"},"content":{"rendered":"<p>[et_pb_section fb_built=&#8221;1&#8243; admin_label=&#8221;Opetuskokonaisuus&#8221; module_id=&#8221;tiivistelma&#8221; _builder_version=&#8221;4.16&#8243; _module_preset=&#8221;default&#8221; min_height=&#8221;2314.2px&#8221; custom_margin=&#8221;-30px|30px|-30px|30px|true|true&#8221; custom_padding=&#8221;||0px|||&#8221; box_shadow_style=&#8221;preset1&#8243; global_colors_info=&#8221;{}&#8221;][et_pb_row custom_padding_last_edited=&#8221;on|phone&#8221; admin_label=&#8221;TULEVAISUUSTY\u00d6PAJA -taustoitus&#8221; _builder_version=&#8221;4.16&#8243; _module_preset=&#8221;default&#8221; min_height=&#8221;90.5px&#8221; custom_margin=&#8221;||||false|false&#8221; custom_padding=&#8221;|300px|||false|false&#8221; custom_padding_tablet=&#8221;|0px|||false|false&#8221; custom_padding_phone=&#8221;&#8221; global_colors_info=&#8221;{}&#8221;][et_pb_column type=&#8221;4_4&#8243; _builder_version=&#8221;4.16&#8243; _module_preset=&#8221;default&#8221; global_colors_info=&#8221;{}&#8221;][et_pb_text admin_label=&#8221;Teht\u00e4v\u00e4n otsikko&#8221; _builder_version=&#8221;4.18.0&#8243; _module_preset=&#8221;default&#8221; global_colors_info=&#8221;{}&#8221;]<\/p>\n<h2><strong>TULEVAISUUSTAAJUUS\/ FUTURES FREQUENCY<\/strong><\/h2>\n<p>[\/et_pb_text][et_pb_divider color=&#8221;#e20d18&#8243; divider_weight=&#8221;6px&#8221; admin_label=&#8221;Otsikon alusviiva&#8221; _builder_version=&#8221;4.18.0&#8243; _module_preset=&#8221;default&#8221; width=&#8221;40px&#8221; module_alignment=&#8221;left&#8221; custom_margin=&#8221;-25px|0px||0px|false|false&#8221; custom_padding=&#8221;0px|||0px|false|false&#8221; global_module=&#8221;662&#8243; saved_tabs=&#8221;all&#8221; global_colors_info=&#8221;{}&#8221;][\/et_pb_divider][\/et_pb_column][\/et_pb_row][et_pb_row custom_padding_last_edited=&#8221;on|phone&#8221; admin_label=&#8221;TULEVAISUUSTY\u00d6PAJA -toteutus&#8221; _builder_version=&#8221;4.18.0&#8243; _module_preset=&#8221;default&#8221; custom_margin=&#8221;||||false|false&#8221; custom_padding=&#8221;|300px|||false|false&#8221; custom_padding_tablet=&#8221;|0px|||false|false&#8221; custom_padding_phone=&#8221;&#8221; global_colors_info=&#8221;{}&#8221;][et_pb_column type=&#8221;4_4&#8243; _builder_version=&#8221;4.16&#8243; _module_preset=&#8221;default&#8221; global_colors_info=&#8221;{}&#8221;][et_pb_text admin_label=&#8221;OPPITUNTI 1 otsikko&#8221; _builder_version=&#8221;4.18.0&#8243; _module_preset=&#8221;default&#8221; ol_font=&#8221;|700|||||||&#8221; ol_font_size=&#8221;18px&#8221; global_colors_info=&#8221;{}&#8221;]<\/p>\n<h3><strong>Dystopia, utopia ja toivottava tulevaisuus<\/strong><\/h3>\n<p>[\/et_pb_text][et_pb_divider color=&#8221;#26224E&#8221; divider_weight=&#8221;6px&#8221; admin_label=&#8221;Oppitunnin otsikon alusviiva&#8221; _builder_version=&#8221;4.18.0&#8243; _module_preset=&#8221;default&#8221; width=&#8221;5%&#8221; custom_margin=&#8221;-20px||||false|false&#8221; global_colors_info=&#8221;{}&#8221;][\/et_pb_divider][et_pb_text admin_label=&#8221;OPPITUNTI 1&#8243; _builder_version=&#8221;4.18.0&#8243; _module_preset=&#8221;default&#8221; ol_font=&#8221;|700|||||||&#8221; ol_font_size=&#8221;18px&#8221; custom_padding=&#8221;||2px|||&#8221; global_colors_info=&#8221;{}&#8221;]<\/p>\n<p><span style=\"font-size: 14px\"><img loading=\"lazy\" decoding=\"async\" src=\"https:\/\/blogi.eoppimispalvelut.fi\/latu\/files\/2022\/11\/alien-pexels-mikhail-nilov-7672278-PEXELS-900x1350.jpg\" width=\"900\" height=\"1350\" alt=\"\" class=\"wp-image-3951 alignnone size-medium\" \/><\/span><\/p>\n<p><span style=\"font-size: 14px\"><\/span><\/p>\n<p><span style=\"font-size: 14px\">\u201c<\/span><em style=\"font-size: 14px\"> &#8211; &#8211; ihmisill\u00e4 on tarve merkityksellist\u00e4\u00e4 ja tuoda inhimilliseen mittakaavaan asiat, joita emme t\u00e4ysin ymm\u00e4rr\u00e4<\/em><span style=\"font-size: 14px\">.\u201d (Helena M\u00e4ntyniemi)<\/span><span style=\"font-size: 14px\"><\/span><\/p>\n<p><strong>Opettaja:<\/strong> \u00c4I- ja EN-oppiaineen Tulevaisuustaajuus-oppimateriaali l\u00e4hestyy tulevaisuuden kuvittelua fiktion avulla, erityisesti dystopian ja utopian k\u00e4sitteit\u00e4 hy\u00f6dynt\u00e4en.<\/p>\n<p>Oppimateriaalia voi k\u00e4ytt\u00e4\u00e4 \u00c4I4- ja EN3-opintojakson yhteisty\u00f6ss\u00e4 koko periodin ajan. K\u00e4sitteet ja sis\u00e4ll\u00f6t voi k\u00e4yd\u00e4 l\u00e4pi joko suomeksi tai englanniksi. Oppimateriaalia voi hy\u00f6dynt\u00e4\u00e4 my\u00f6s pelk\u00e4st\u00e4\u00e4n toisessa oppiaineessa.<\/p>\n<p>Oppimateriaalissa l\u00e4hdet\u00e4\u00e4n paikallistasolta, jolle lopuksi my\u00f6s palataan. Kun k\u00e4sitteet dystopia ja utopia tuodaan l\u00e4helle opiskelijan l\u00e4hiymp\u00e4rist\u00f6\u00e4, niihin usein assosioituva et\u00e4isyys katoaa. N\u00e4in k\u00e4sitteet soveltuvat hyvin tulevaisuuden kuvittelun ty\u00f6v\u00e4lineiksi.<\/p>\n<p>&nbsp;<\/p>\n<h3><strong>INTRO<\/strong><\/h3>\n<p><strong><\/strong><\/p>\n<h4><strong>1. Tutustuminen Sitran tulevaisuusajatteluun paikallisen <a href=\"https:\/\/blogi.eoppimispalvelut.fi\/latu\/tulevaisuuden-polku\/\">Tulevaisuuden polku<\/a> -k\u00e4velyn avulla<\/strong><\/h4>\n<p><strong><\/strong><\/p>\n<p><span style=\"font-size: 14px\"><\/span><\/p>\n<p>Opettaja: K\u00e4yt\u00e4 mallina Rovaniemelle suunniteltua <a href=\"https:\/\/blogi.eoppimispalvelut.fi\/latu\/tulevaisuuden-polku\/\">Tulevaisuuden polkua<\/a> ja muokkaa se omalle paikkakunnallesi sopivaksi. N\u00e4in p\u00e4\u00e4set itsekin paremmin sis\u00e4lle paikallistason tulevaisuusajatteluun. Teht\u00e4v\u00e4ss\u00e4 tulevaisuusajattelua her\u00e4tell\u00e4\u00e4n Mit\u00e4 jos? -n\u00e4k\u00f6kulman avulla.<\/p>\n<p>&nbsp;<\/p>\n<h4><strong>2. Tulevaisuuden visiointi fiktiossa dystopian ja utopian k\u00e4sitteiden avulla<br \/><\/strong><\/h4>\n<p><strong><\/strong><\/p>\n<p>Opettaja: Opiskelija tutustuu dystopian ja utopian k\u00e4sitteisiin ja piirteisiin fiktiossa. K\u00e4sitteet antavat v\u00e4lineit\u00e4 tulevaisuuden pohtimiseen ja fiktion luomien tulevaisuuskuvien analyysiin. Linkit avaavat luettelot t\u00e4ll\u00e4 sivustolla.<\/p>\n<p>AI\u00a0 \u00a0 \u00a0 \u00a0 \u00a0 \u00a0 \u00a0 \u00a0 \u00a0 \u00a0 \u00a0 \u00a0 \u00a0 \u00a0 \u00a0 \u00a0 \u00a0 \u00a0 \u00a0 \u00a0 \u00a0 \u00a0 \u00a0 \u00a0 \u00a0 \u00a0 \u00a0 \u00a0 \u00a0 \u00a0 \u00a0 \u00a0 \u00a0 \u00a0 \u00a0 \u00a0 \u00a0 \u00a0 EN<\/p>\n<p><a href=\"https:\/\/blogi.eoppimispalvelut.fi\/latu\/ai-kasitteisto\/\">K\u00e4sitteist\u00f6<\/a>\u00a0 \u00a0 \u00a0 \u00a0 \u00a0 \u00a0 \u00a0 \u00a0 \u00a0 \u00a0 \u00a0 \u00a0 \u00a0 \u00a0 \u00a0 \u00a0 \u00a0 \u00a0 \u00a0 \u00a0 \u00a0 \u00a0 \u00a0 \u00a0 \u00a0 \u00a0 \u00a0 \u00a0 \u00a0 \u00a0 \u00a0<a href=\"https:\/\/blogi.eoppimispalvelut.fi\/latu\/en-dystopian-and-utopian-concepts\/\">Utopian and dystopian concepts<\/a><br \/><a href=\"https:\/\/blogi.eoppimispalvelut.fi\/latu\/tulevaisuustaajuus-utopian-ja-dystopian-piirteet\/\">Dystopian ja utopian piirteet fiktiossa<\/a>\u00a0 \u00a0 \u00a0 \u00a0 \u00a0 \u00a0 \u00a0 <a href=\"https:\/\/blogi.eoppimispalvelut.fi\/latu\/en-characteristics-of-dystopia-and-utopia\/\">Characteristics of Dystopian ja Utopian Fiction<\/a><\/p>\n<h4><strong><\/strong><\/h4>\n<h4><strong><\/strong><\/h4>\n<h4><strong>HAASTA<\/strong><\/h4>\n<p><strong><\/strong><\/p>\n<h4><strong><\/strong><\/h4>\n<h4><strong>3. Dystopia- tai utopia-aiheisen elokuvan katsominen\u00a0<\/strong><\/h4>\n<p>&nbsp;<\/p>\n<p>Opettaja: Teht\u00e4v\u00e4t syvent\u00e4v\u00e4t opiskelijan k\u00e4sityst\u00e4 siit\u00e4, mill\u00e4 keinoilla fiktio rakentaa tulevaisuuskuvia. \u00c4I-oppiaineen teht\u00e4viss\u00e4 analysoidaan ja tulkitaan elokuvan luomaa tulevaisuuskuvaa ja pohditaan sen her\u00e4tt\u00e4mi\u00e4 visioita. EN-oppiaineen teht\u00e4viss\u00e4 voi lis\u00e4ksi syventy\u00e4 tarkastelemaan sci-fi-elokuvien visuaalisuutta ja kytk\u00f6st\u00e4 muihin populaarikulttuurin muotoihin.<\/p>\n<p>AI\u00a0 \u00a0 \u00a0 \u00a0 \u00a0 \u00a0 \u00a0 \u00a0 \u00a0 \u00a0 \u00a0 \u00a0 \u00a0 \u00a0 \u00a0 \u00a0 \u00a0 \u00a0 \u00a0 \u00a0 \u00a0 \u00a0 \u00a0 \u00a0 \u00a0 \u00a0 \u00a0 \u00a0 \u00a0 \u00a0 \u00a0 \u00a0 \u00a0 \u00a0 \u00a0 \u00a0 \u00a0 \u00a0 EN<\/p>\n<p><a href=\"https:\/\/blogi.eoppimispalvelut.fi\/latu\/ai-elokuva-valineena-analysoida-kuvitella-ja-pohtia-mahdollisia-tulevaisuuksia\/\">Analyysiteht\u00e4v\u00e4, elokuvan k\u00e4sitteet<\/a>\u00a0 \u00a0 \u00a0 \u00a0 \u00a0 \u00a0 \u00a0 \u00a0 \u00a0 <a href=\"https:\/\/blogi.eoppimispalvelut.fi\/latu\/en-film-as-a-means-to-analyze-and-imagine-possible-futures\/\">Film discussion<\/a><br \/><a href=\"https:\/\/blogi.eoppimispalvelut.fi\/latu\/ai-elokuva-valineena-analysoida-kuvitella-ja-pohtia-mahdollisia-tulevaisuuksia\/\">Kirjallinen tuottoteht\u00e4v\u00e4 (pohdinta)<\/a>\u00a0 \u00a0 \u00a0 \u00a0 \u00a0 \u00a0 \u00a0 \u00a0 \u00a0<a href=\"https:\/\/blogi.eoppimispalvelut.fi\/latu\/en-vizualizing-the-future-of-the-film\/\">Visualizing the Future in Film (and Pop Culture)<\/a><\/p>\n<p>&nbsp;<\/p>\n<h4><strong><\/strong><\/h4>\n<h4><strong>4. Dystooppisen tai utooppisen romaanin lukeminen<\/strong><\/h4>\n<p>&nbsp;<\/p>\n<p>Opettaja: Luettava teos ja siihen liittyv\u00e4t teht\u00e4v\u00e4t syvent\u00e4v\u00e4t opiskelijan ymm\u00e4rryst\u00e4 siit\u00e4, miten ja millaisia tulevaisuuskuvia fiktion keinoin luodaan. Vuorovaikutuksessa muiden kanssa opiskelijan tulevaisuusajattelu monipuolistuu.<\/p>\n<p>Opintojaksot voi toteuttaa niin, ett\u00e4 luettava kirja on oppiaineissa yhteinen. Opiskelija voi valita, lukeeko h\u00e4n teoksen suomeksi vai englanniksi.<\/p>\n<p>Kirjalista tukee luettavan teoksen valinnassa. Se my\u00f6s luo kokonaiskuvan siit\u00e4, mit\u00e4 aiheita dystopiat ja utopiat tyypillisesti k\u00e4sittelev\u00e4t. Kirjalista on laadittu oppiaineiden yhteiseksi.<\/p>\n<p>AI\u00a0 \u00a0 \u00a0 \u00a0 \u00a0 \u00a0 \u00a0 \u00a0 \u00a0 \u00a0 \u00a0 \u00a0 \u00a0 \u00a0 \u00a0 \u00a0 \u00a0 \u00a0 \u00a0 \u00a0 \u00a0 \u00a0 \u00a0 \u00a0 \u00a0 \u00a0 \u00a0 \u00a0 \u00a0 \u00a0 \u00a0 \u00a0 \u00a0 \u00a0 \u00a0 \u00a0 \u00a0 \u00a0 EN<\/p>\n<p><a href=\"https:\/\/blogi.eoppimispalvelut.fi\/latu\/ai-en-kirjalista-booklist\/\">Kirjalista<\/a>\u00a0 \u00a0 \u00a0 \u00a0 \u00a0 \u00a0 \u00a0 \u00a0 \u00a0 \u00a0 \u00a0 \u00a0 \u00a0 \u00a0 \u00a0 \u00a0 \u00a0 \u00a0 \u00a0 \u00a0 \u00a0 \u00a0 \u00a0 \u00a0 \u00a0 \u00a0 \u00a0 \u00a0 \u00a0 \u00a0 \u00a0 \u00a0 <a href=\"https:\/\/blogi.eoppimispalvelut.fi\/latu\/ai-en-kirjalista-booklist\/\">Book list<\/a><br \/><a href=\"https:\/\/blogi.eoppimispalvelut.fi\/latu\/ai-kirjallisuuskeskustelu\/\">Kirjallisuuskeskustelu<\/a>\u00a0 \u00a0 \u00a0 \u00a0 \u00a0 \u00a0 \u00a0 \u00a0 \u00a0 \u00a0 \u00a0 \u00a0 \u00a0 \u00a0 \u00a0 \u00a0 \u00a0 \u00a0 \u00a0 \u00a0 \u00a0<a href=\"https:\/\/blogi.eoppimispalvelut.fi\/latu\/en-reading-journal\/\">Reading journal\u00a0<\/a><\/p>\n<p>&nbsp;<\/p>\n<h4><strong>KUVITTELE JA TOIMI<\/strong><\/h4>\n<p><strong><\/strong><\/p>\n<h4><strong><\/strong><\/h4>\n<h4><strong>5. Luova tuotos: Toivottavan tulevaisuuden kuvitteleminen<\/strong><\/h4>\n<p>&nbsp;<\/p>\n<p>Opettaja: Opintojakson lopuksi palataan paikalliselle, oman yhteis\u00f6n tasolle ja kuvitellaan luovan teht\u00e4v\u00e4n avulla mahdollista, toivottavaa tulevaisuutta. Teht\u00e4viss\u00e4 on kaksi vaihtoehtoa: A) Quizlet-kysymykset ja B) Toivottavan tulevaisuuden polku.<\/p>\n<p>T\u00e4ss\u00e4 teht\u00e4v\u00e4ss\u00e4 suunnitellaan my\u00f6s toimimista toivottavan tulevaisuuden edist\u00e4miseksi. Opiskelija tulee n\u00e4in yh\u00e4 tietoisemmaksi siit\u00e4, ett\u00e4 tulevaisuuden kuvittelun avulla tulevaisuuteen voi vaikuttaa. Toivottavan tulevaisuuden rakentamisen kannalta luovuus ja luova osaaminen on t\u00e4rke\u00e4\u00e4.<\/p>\n<p>AI\u00a0 \u00a0 \u00a0 \u00a0 \u00a0 \u00a0 \u00a0 \u00a0 \u00a0 \u00a0 \u00a0 \u00a0 \u00a0 \u00a0 \u00a0 \u00a0 \u00a0 \u00a0 \u00a0 \u00a0 \u00a0 \u00a0 \u00a0 \u00a0 \u00a0 \u00a0 \u00a0 \u00a0 \u00a0 \u00a0 \u00a0 \u00a0 \u00a0 \u00a0 \u00a0 \u00a0 \u00a0 \u00a0 EN<\/p>\n<p><a href=\"https:\/\/blogi.eoppimispalvelut.fi\/latu\/ai-kohti-toivottavaa-paikallista-tulevaisuutta\/\">Kohti toivottavaa paikallista tulevaisuutta<\/a>\u00a0 \u00a0 \u00a0 \u00a0<a href=\"https:\/\/blogi.eoppimispalvelut.fi\/latu\/en-towards-a-local-preferred-future\/\">Towards a local preferred future<\/a><\/p>\n<p>&nbsp;<\/p>\n<p><a href=\"https:\/\/blogi.eoppimispalvelut.fi\/latu\/ai-en-lahdeluettelo\/\">L\u00c4HDELUETTELO<\/a><strong><\/strong><\/p>\n<p>&nbsp;<\/p>\n<p>&nbsp;<\/p>\n<p>[\/et_pb_text][\/et_pb_column][\/et_pb_row][\/et_pb_section][et_pb_section fb_built=&#8221;1&#8243; _builder_version=&#8221;4.16&#8243; _module_preset=&#8221;default&#8221; custom_margin=&#8221;0px|30px|0px|30px|true|true&#8221; custom_padding=&#8221;||3px|||&#8221; global_colors_info=&#8221;{}&#8221;][et_pb_row _builder_version=&#8221;4.16&#8243; _module_preset=&#8221;default&#8221; global_colors_info=&#8221;{}&#8221;][et_pb_column type=&#8221;4_4&#8243; _builder_version=&#8221;4.16&#8243; _module_preset=&#8221;default&#8221; global_colors_info=&#8221;{}&#8221;][et_pb_text _builder_version=&#8221;4.16&#8243; _module_preset=&#8221;default&#8221; global_colors_info=&#8221;{}&#8221;]<\/p>\n<h2><strong>Yhteisty\u00f6ss\u00e4<\/strong><\/h2>\n<p>[\/et_pb_text][et_pb_divider color=&#8221;#e20d18&#8243; divider_weight=&#8221;6px&#8221; admin_label=&#8221;Otsikon alusviiva&#8221; _builder_version=&#8221;4.18.0&#8243; _module_preset=&#8221;default&#8221; width=&#8221;40px&#8221; module_alignment=&#8221;left&#8221; custom_margin=&#8221;-25px|0px||0px|false|false&#8221; custom_padding=&#8221;0px|||0px|false|false&#8221; global_module=&#8221;662&#8243; saved_tabs=&#8221;all&#8221; global_colors_info=&#8221;{}&#8221;][\/et_pb_divider][\/et_pb_column][\/et_pb_row][\/et_pb_section][et_pb_section fb_built=&#8221;1&#8243; _builder_version=&#8221;4.16&#8243; _module_preset=&#8221;default&#8221; custom_margin=&#8221;2px|30px|2px|30px|true|true&#8221; global_colors_info=&#8221;{}&#8221;][et_pb_row column_structure=&#8221;1_3,1_3,1_3&#8243; _builder_version=&#8221;4.16&#8243; _module_preset=&#8221;default&#8221; global_colors_info=&#8221;{}&#8221;][et_pb_column type=&#8221;1_3&#8243; _builder_version=&#8221;4.16&#8243; _module_preset=&#8221;default&#8221; global_colors_info=&#8221;{}&#8221;][et_pb_image src=&#8221;https:\/\/blogi.eoppimispalvelut.fi\/latu\/files\/2022\/08\/small_SITRA_BLACK.jpg&#8221; alt=&#8221;Lapin ammattikorkeakoulu -logo&#8221; title_text=&#8221;small_SITRA_BLACK&#8221; align=&#8221;center&#8221; _builder_version=&#8221;4.18.0&#8243; _module_preset=&#8221;default&#8221; global_colors_info=&#8221;{}&#8221;][\/et_pb_image][\/et_pb_column][et_pb_column type=&#8221;1_3&#8243; _builder_version=&#8221;4.16&#8243; _module_preset=&#8221;default&#8221; global_colors_info=&#8221;{}&#8221;][\/et_pb_column][et_pb_column type=&#8221;1_3&#8243; _builder_version=&#8221;4.16&#8243; _module_preset=&#8221;default&#8221; global_colors_info=&#8221;{}&#8221;][\/et_pb_column][\/et_pb_row][\/et_pb_section]<\/p>\n","protected":false},"excerpt":{"rendered":"<p>TULEVAISUUSTAAJUUS\/ FUTURES FREQUENCYDystopia, utopia ja toivottava tulevaisuus \u201c &#8211; &#8211; ihmisill\u00e4 on tarve merkityksellist\u00e4\u00e4 ja tuoda inhimilliseen mittakaavaan asiat, joita emme t\u00e4ysin ymm\u00e4rr\u00e4.\u201d (Helena M\u00e4ntyniemi) Opettaja: \u00c4I- ja EN-oppiaineen Tulevaisuustaajuus-oppimateriaali l\u00e4hestyy tulevaisuuden kuvittelua fiktion avulla, erityisesti dystopian ja utopian k\u00e4sitteit\u00e4 hy\u00f6dynt\u00e4en. Oppimateriaalia voi k\u00e4ytt\u00e4\u00e4 \u00c4I4- ja EN3-opintojakson yhteisty\u00f6ss\u00e4 koko periodin ajan. K\u00e4sitteet ja sis\u00e4ll\u00f6t voi [&hellip;]<\/p>\n","protected":false},"author":7199,"featured_media":0,"parent":0,"menu_order":0,"comment_status":"closed","ping_status":"closed","template":"","meta":{"_et_pb_use_builder":"on","_et_pb_old_content":"","_et_gb_content_width":"","footnotes":""},"class_list":["post-3441","page","type-page","status-publish","hentry"],"_links":{"self":[{"href":"https:\/\/blogi.eoppimispalvelut.fi\/latu\/wp-json\/wp\/v2\/pages\/3441","targetHints":{"allow":["GET"]}}],"collection":[{"href":"https:\/\/blogi.eoppimispalvelut.fi\/latu\/wp-json\/wp\/v2\/pages"}],"about":[{"href":"https:\/\/blogi.eoppimispalvelut.fi\/latu\/wp-json\/wp\/v2\/types\/page"}],"author":[{"embeddable":true,"href":"https:\/\/blogi.eoppimispalvelut.fi\/latu\/wp-json\/wp\/v2\/users\/7199"}],"replies":[{"embeddable":true,"href":"https:\/\/blogi.eoppimispalvelut.fi\/latu\/wp-json\/wp\/v2\/comments?post=3441"}],"version-history":[{"count":50,"href":"https:\/\/blogi.eoppimispalvelut.fi\/latu\/wp-json\/wp\/v2\/pages\/3441\/revisions"}],"predecessor-version":[{"id":4252,"href":"https:\/\/blogi.eoppimispalvelut.fi\/latu\/wp-json\/wp\/v2\/pages\/3441\/revisions\/4252"}],"wp:attachment":[{"href":"https:\/\/blogi.eoppimispalvelut.fi\/latu\/wp-json\/wp\/v2\/media?parent=3441"}],"curies":[{"name":"wp","href":"https:\/\/api.w.org\/{rel}","templated":true}]}}