{"id":4557,"date":"2023-01-05T16:02:58","date_gmt":"2023-01-05T14:02:58","guid":{"rendered":"https:\/\/blogi.eoppimispalvelut.fi\/latu\/?page_id=4557"},"modified":"2023-09-19T12:12:17","modified_gmt":"2023-09-19T09:12:17","slug":"lukion-laatu-ja-saavutettavuus-hanke","status":"publish","type":"page","link":"https:\/\/blogi.eoppimispalvelut.fi\/latu\/lukion-laatu-ja-saavutettavuus-hanke\/","title":{"rendered":"Lukion laatu ja saavutettavuus hanke"},"content":{"rendered":"<p>[et_pb_section fb_built=&#8221;1&#8243; fullwidth=&#8221;on&#8221; _builder_version=&#8221;4.16&#8243; _module_preset=&#8221;default&#8221; global_colors_info=&#8221;{}&#8221;][et_pb_fullwidth_header title=&#8221;Lukion laatu- ja saavutettavuushanke 2022 &#8211; 2024 Lapin LUKE -verkosto&#8221; button_one_url=&#8221;https:\/\/blogi.eoppimispalvelut.fi\/latu\/oppimateriaalit\/&#8221; button_two_url=&#8221;https:\/\/blogi.eoppimispalvelut.fi\/latu\/korkeakoulu-ja-tyoelamayhteistyo\/&#8221; background_overlay_color=&#8221;rgba(255,255,255,0.75)&#8221; admin_label=&#8221;Fullwidth Header&#8221; _builder_version=&#8221;4.16&#8243; _module_preset=&#8221;default&#8221; title_font=&#8221;|800|||||||&#8221; title_font_size=&#8221;60px&#8221; background_image=&#8221;https:\/\/blogi.eoppimispalvelut.fi\/latu\/files\/2021\/06\/IMG_2521-scaled.jpg&#8221; parallax=&#8221;on&#8221; custom_button_one=&#8221;on&#8221; button_one_bg_color=&#8221;#e20d18&#8243; button_one_border_color=&#8221;#e20d18&#8243; button_one_font=&#8221;|700|||||||&#8221; button_one_on_hover=&#8221;off&#8221; custom_button_two=&#8221;on&#8221; button_two_bg_color=&#8221;#e20d18&#8243; button_two_border_color=&#8221;#e20d18&#8243; button_two_font=&#8221;|700|||||||&#8221; button_two_on_hover=&#8221;off&#8221; background_layout=&#8221;light&#8221; title_font_size_tablet=&#8221;&#8221; title_font_size_phone=&#8221;34px&#8221; title_font_size_last_edited=&#8221;on|phone&#8221; global_colors_info=&#8221;{}&#8221;][\/et_pb_fullwidth_header][\/et_pb_section][et_pb_section fb_built=&#8221;1&#8243; _builder_version=&#8221;4.16&#8243; background_color=&#8221;rgba(0,0,0,0.01)&#8221; custom_margin=&#8221;1px|||||&#8221; custom_padding=&#8221;||0px|||&#8221; top_divider_style=&#8221;wave2&#8243; top_divider_color=&#8221;RGBA(0,0,0,0)&#8221; top_divider_height=&#8221;0px&#8221; top_divider_height_last_edited=&#8221;off|desktop&#8221; animation_style=&#8221;slide&#8221; animation_direction=&#8221;left&#8221; animation_intensity_slide=&#8221;1%&#8221; global_colors_info=&#8221;{}&#8221;][et_pb_row column_structure=&#8221;1_2,1_2&#8243; _builder_version=&#8221;4.16&#8243; background_size=&#8221;initial&#8221; background_position=&#8221;top_left&#8221; background_repeat=&#8221;repeat&#8221; custom_margin=&#8221;0px|auto||auto||&#8221; custom_padding=&#8221;6px||30px|||&#8221; global_colors_info=&#8221;{}&#8221;][et_pb_column type=&#8221;1_2&#8243; _builder_version=&#8221;4.16&#8243; custom_padding=&#8221;|||&#8221; global_colors_info=&#8221;{}&#8221; custom_padding__hover=&#8221;|||&#8221;][et_pb_text _builder_version=&#8221;4.16&#8243; background_size=&#8221;initial&#8221; background_position=&#8221;top_left&#8221; background_repeat=&#8221;repeat&#8221; custom_margin=&#8221;||2px|||&#8221; custom_padding=&#8221;||1px|||&#8221; global_colors_info=&#8221;{}&#8221;]<\/p>\n<p>&nbsp;<\/p>\n<p>Lukion laatu- ja saavutettavuushanke on k\u00e4ynniss\u00e4 1.6.2022 &#8211; 31.1.2024.<\/p>\n<p>Rovaniemen lukioiden lis\u00e4ksi mukana ovat Kemi, Keminmaa, Tornio, Ylitornio, Tervola, Simo, Ii, Sodankyl\u00e4, Inari, Kolari, Pello, Kittil\u00e4, Kemij\u00e4rvi ja Enonteki\u00f6.\u00a0<\/p>\n<p>Hanke on opetushallituksen rahoittama.\u00a0<\/p>\n<p><strong>Hankkeen keskeiset tavoitteet:<\/strong><\/p>\n<p>1. Ohjauksen tehostaminen lukioissa ja siirtymiss\u00e4, erityisesti oppivaikeuksia kokevien, psyykkisesti oireilevien sek\u00e4 kieli- ja kulttuuritaustaisten nuorten kohdalla<strong><\/strong><\/p>\n<p>2. Opiskelijoiden hyvinvoinnin ja yhteis\u00f6llisen toimintakulttuurin vahvistaminen<\/p>\n<p>3. Korkeakoulu- ja ty\u00f6el\u00e4m\u00e4yhteisty\u00f6 sek\u00e4 tulevaisuusn\u00e4k\u00f6kulman huomiointi<\/p>\n<p>4. Yhteisty\u00f6 TUVA:n (tutkintoon valmentava koulutus) kanssa<span style=\"font-size: 14px\">\u00a0<\/span><\/p>\n<p>[\/et_pb_text][\/et_pb_column][et_pb_column type=&#8221;1_2&#8243; _builder_version=&#8221;4.16&#8243; custom_padding=&#8221;|||&#8221; global_colors_info=&#8221;{}&#8221; custom_padding__hover=&#8221;|||&#8221;][et_pb_text _builder_version=&#8221;4.16&#8243; background_size=&#8221;initial&#8221; background_position=&#8221;top_left&#8221; background_repeat=&#8221;repeat&#8221; custom_margin=&#8221;||2px|||&#8221; custom_padding=&#8221;||0px|||&#8221; inline_fonts=&#8221;Verdana&#8221; global_colors_info=&#8221;{}&#8221;]<\/p>\n<p>&nbsp;<\/p>\n<h2 style=\"text-align: left\"><em><span style=\"font-family: inherit;font-weight: normal\"><strong>\u201dNiin leve\u00e4t hartiat ja tihe\u00e4 verkosto, ettei kukaan tippuisi\u201d<\/strong><\/span><\/em><\/h2>\n<p>&nbsp;<\/p>\n<p>[\/et_pb_text][et_pb_text _builder_version=&#8221;4.16&#8243; background_size=&#8221;initial&#8221; background_position=&#8221;top_left&#8221; background_repeat=&#8221;repeat&#8221; custom_margin=&#8221;||2px|||&#8221; custom_padding=&#8221;4px||0px|||&#8221; global_colors_info=&#8221;{}&#8221;][\/et_pb_text][et_pb_text _builder_version=&#8221;4.16&#8243; background_size=&#8221;initial&#8221; background_position=&#8221;top_left&#8221; background_repeat=&#8221;repeat&#8221; custom_margin=&#8221;||2px|||&#8221; custom_padding=&#8221;4px||0px|||&#8221; global_colors_info=&#8221;{}&#8221;][\/et_pb_text][et_pb_text _builder_version=&#8221;4.20.4&#8243; background_size=&#8221;initial&#8221; background_position=&#8221;top_left&#8221; background_repeat=&#8221;repeat&#8221; custom_margin=&#8221;||2px|||&#8221; custom_padding=&#8221;4px||0px|||&#8221; hover_enabled=&#8221;0&#8243; global_colors_info=&#8221;{}&#8221; sticky_enabled=&#8221;0&#8243;]<\/p>\n<p><strong>Yhteystiedot:<\/strong><\/p>\n<p>Projektip\u00e4\u00e4llikk\u00f6 Susanna T\u00f6rm\u00e4nen 040 749 4756<\/p>\n<p>Projektity\u00f6ntekij\u00e4 Elina Laukkanen 040 158 2394<\/p>\n<p>s\u00e4hk\u00f6posti: etunimi.sukunimi@roiedu.fi<\/p>\n<p>[\/et_pb_text][\/et_pb_column][\/et_pb_row][\/et_pb_section][et_pb_section fb_built=&#8221;1&#8243; _builder_version=&#8221;4.16&#8243; _module_preset=&#8221;default&#8221; custom_margin=&#8221;-1px|30px|-1px|30px|true|true&#8221; custom_padding=&#8221;15px||3px|||&#8221; global_colors_info=&#8221;{}&#8221;][et_pb_row _builder_version=&#8221;4.16&#8243; _module_preset=&#8221;default&#8221; global_colors_info=&#8221;{}&#8221;][et_pb_column type=&#8221;4_4&#8243; _builder_version=&#8221;4.16&#8243; _module_preset=&#8221;default&#8221; global_colors_info=&#8221;{}&#8221;][et_pb_social_media_follow _builder_version=&#8221;4.16&#8243; _module_preset=&#8221;default&#8221; global_colors_info=&#8221;{}&#8221;][et_pb_social_media_follow_network social_network=&#8221;facebook&#8221; url=&#8221;https:\/\/www.facebook.com\/latuhanke2021\/&#8221; _builder_version=&#8221;4.16&#8243; _module_preset=&#8221;default&#8221; background_color=&#8221;#3b5998&#8243; global_colors_info=&#8221;{}&#8221; follow_button=&#8221;off&#8221; url_new_window=&#8221;on&#8221;]facebook[\/et_pb_social_media_follow_network][et_pb_social_media_follow_network social_network=&#8221;youtube&#8221; url=&#8221;https:\/\/www.youtube.com\/channel\/UCyQkmA1Qm2aoWxMe0YjvRlg\/featured&#8221; _builder_version=&#8221;4.16&#8243; _module_preset=&#8221;default&#8221; background_color=&#8221;#a82400&#8243; global_colors_info=&#8221;{}&#8221; follow_button=&#8221;off&#8221; url_new_window=&#8221;on&#8221;]youtube[\/et_pb_social_media_follow_network][et_pb_social_media_follow_network social_network=&#8221;rss&#8221; url=&#8221;https:\/\/soundcloud.com\/lukiomateriaali&#8221; _builder_version=&#8221;4.16&#8243; _module_preset=&#8221;default&#8221; background_color=&#8221;#ff8a3c&#8221; global_colors_info=&#8221;{}&#8221; follow_button=&#8221;off&#8221; url_new_window=&#8221;on&#8221;]rss[\/et_pb_social_media_follow_network][et_pb_social_media_follow_network social_network=&#8221;instagram&#8221; url=&#8221;https:\/\/www.instagram.com\/latuhanke2021\/&#8221; _builder_version=&#8221;4.16&#8243; _module_preset=&#8221;default&#8221; background_color=&#8221;#ea2c59&#8243; global_colors_info=&#8221;{}&#8221; follow_button=&#8221;off&#8221; url_new_window=&#8221;on&#8221;]instagram[\/et_pb_social_media_follow_network][\/et_pb_social_media_follow][\/et_pb_column][\/et_pb_row][\/et_pb_section]<\/p>\n","protected":false},"excerpt":{"rendered":"<p>&nbsp; Lukion laatu- ja saavutettavuushanke on k\u00e4ynniss\u00e4 1.6.2022 &#8211; 31.1.2024. Rovaniemen lukioiden lis\u00e4ksi mukana ovat Kemi, Keminmaa, Tornio, Ylitornio, Tervola, Simo, Ii, Sodankyl\u00e4, Inari, Kolari, Pello, Kittil\u00e4, Kemij\u00e4rvi ja Enonteki\u00f6.\u00a0 Hanke on opetushallituksen rahoittama.\u00a0 Hankkeen keskeiset tavoitteet: 1. Ohjauksen tehostaminen lukioissa ja siirtymiss\u00e4, erityisesti oppivaikeuksia kokevien, psyykkisesti oireilevien sek\u00e4 kieli- ja kulttuuritaustaisten nuorten kohdalla 2. [&hellip;]<\/p>\n","protected":false},"author":18992,"featured_media":0,"parent":0,"menu_order":0,"comment_status":"closed","ping_status":"closed","template":"","meta":{"_et_pb_use_builder":"on","_et_pb_old_content":"","_et_gb_content_width":"","footnotes":""},"class_list":["post-4557","page","type-page","status-publish","hentry"],"_links":{"self":[{"href":"https:\/\/blogi.eoppimispalvelut.fi\/latu\/wp-json\/wp\/v2\/pages\/4557","targetHints":{"allow":["GET"]}}],"collection":[{"href":"https:\/\/blogi.eoppimispalvelut.fi\/latu\/wp-json\/wp\/v2\/pages"}],"about":[{"href":"https:\/\/blogi.eoppimispalvelut.fi\/latu\/wp-json\/wp\/v2\/types\/page"}],"author":[{"embeddable":true,"href":"https:\/\/blogi.eoppimispalvelut.fi\/latu\/wp-json\/wp\/v2\/users\/18992"}],"replies":[{"embeddable":true,"href":"https:\/\/blogi.eoppimispalvelut.fi\/latu\/wp-json\/wp\/v2\/comments?post=4557"}],"version-history":[{"count":14,"href":"https:\/\/blogi.eoppimispalvelut.fi\/latu\/wp-json\/wp\/v2\/pages\/4557\/revisions"}],"predecessor-version":[{"id":5053,"href":"https:\/\/blogi.eoppimispalvelut.fi\/latu\/wp-json\/wp\/v2\/pages\/4557\/revisions\/5053"}],"wp:attachment":[{"href":"https:\/\/blogi.eoppimispalvelut.fi\/latu\/wp-json\/wp\/v2\/media?parent=4557"}],"curies":[{"name":"wp","href":"https:\/\/api.w.org\/{rel}","templated":true}]}}