{"id":126,"date":"2020-11-23T15:05:19","date_gmt":"2020-11-23T13:05:19","guid":{"rendered":"https:\/\/blogi.eoppimispalvelut.fi\/lcg1\/?page_id=126"},"modified":"2020-12-08T09:24:22","modified_gmt":"2020-12-08T07:24:22","slug":"tiimimme","status":"publish","type":"page","link":"https:\/\/blogi.eoppimispalvelut.fi\/lcg1\/tiimimme\/","title":{"rendered":"Tiimimme"},"content":{"rendered":"<p>Toimitusjohtaja<br \/>\n<img loading=\"lazy\" decoding=\"async\" class=\"alignnone wp-image-176\" src=\"https:\/\/blogi.eoppimispalvelut.fi\/lcg1\/files\/2020\/11\/usericonwomen.jpg\" alt=\"\" width=\"99\" height=\"115\" \/><br \/>\nVera Ahola<\/p>\n<p>&nbsp;<\/p>\n<p>Myynti ja markkinointi<br \/>\n<img loading=\"lazy\" decoding=\"async\" class=\"alignnone wp-image-176\" src=\"https:\/\/blogi.eoppimispalvelut.fi\/lcg1\/files\/2020\/11\/usericonwomen.jpg\" alt=\"\" width=\"99\" height=\"115\" \/>\u00a0 \u00a0 \u00a0 \u00a0 \u00a0 \u00a0 \u00a0 \u00a0<img loading=\"lazy\" decoding=\"async\" class=\"alignnone wp-image-176\" src=\"https:\/\/blogi.eoppimispalvelut.fi\/lcg1\/files\/2020\/11\/usericonwomen.jpg\" alt=\"\" width=\"99\" height=\"115\" \/>\u00a0 \u00a0 \u00a0 \u00a0 \u00a0 \u00a0 \u00a0 \u00a0<img loading=\"lazy\" decoding=\"async\" class=\"alignnone wp-image-176\" src=\"https:\/\/blogi.eoppimispalvelut.fi\/lcg1\/files\/2020\/11\/usericonwomen.jpg\" alt=\"\" width=\"99\" height=\"115\" \/><br \/>\nVera Ahola\u00a0 \u00a0 \u00a0 \u00a0 \u00a0 \u00a0 \u00a0 \u00a0 \u00a0 \u00a0 Reeta Laine\u00a0 \u00a0 \u00a0 \u00a0 \u00a0 \u00a0 \u00a0 \u00a0 \u00a0 \u00a0 Iida Niska<\/p>\n<p>&nbsp;<\/p>\n<p>Hankinta<br \/>\n<img loading=\"lazy\" decoding=\"async\" class=\"alignnone wp-image-175\" src=\"https:\/\/blogi.eoppimispalvelut.fi\/lcg1\/files\/2020\/11\/usericonmen.png\" alt=\"\" width=\"98\" height=\"102\" \/>\u00a0 \u00a0 \u00a0\u00a0 \u00a0 \u00a0 \u00a0 \u00a0 <img loading=\"lazy\" decoding=\"async\" class=\"alignnone wp-image-175\" src=\"https:\/\/blogi.eoppimispalvelut.fi\/lcg1\/files\/2020\/11\/usericonmen.png\" alt=\"\" width=\"99\" height=\"103\" \/>\u00a0 \u00a0 \u00a0 \u00a0 \u00a0 \u00a0 \u00a0 \u00a0<img loading=\"lazy\" decoding=\"async\" class=\"alignnone wp-image-176\" src=\"https:\/\/blogi.eoppimispalvelut.fi\/lcg1\/files\/2020\/11\/usericonwomen.jpg\" alt=\"\" width=\"99\" height=\"115\" \/><br \/>\nAntti Arvola\u00a0 \u00a0 \u00a0 \u00a0 \u00a0 \u00a0 \u00a0 \u00a0 Teemu Poikela\u00a0 \u00a0 \u00a0 \u00a0 \u00a0 \u00a0 \u00a0 \u00a0Miia Rautio<\/p>\n<p>&nbsp;<\/p>\n<p>Talous<br \/>\n<img loading=\"lazy\" decoding=\"async\" class=\"alignnone wp-image-175\" src=\"https:\/\/blogi.eoppimispalvelut.fi\/lcg1\/files\/2020\/11\/usericonmen.png\" alt=\"\" width=\"98\" height=\"102\" \/>\u00a0 \u00a0 \u00a0 \u00a0 \u00a0 \u00a0 \u00a0 \u00a0<img loading=\"lazy\" decoding=\"async\" class=\"alignnone wp-image-175\" src=\"https:\/\/blogi.eoppimispalvelut.fi\/lcg1\/files\/2020\/11\/usericonmen.png\" alt=\"\" width=\"98\" height=\"102\" \/>\u00a0 \u00a0 \u00a0 \u00a0 \u00a0 \u00a0 \u00a0 \u00a0<img loading=\"lazy\" decoding=\"async\" class=\"alignnone wp-image-176\" src=\"https:\/\/blogi.eoppimispalvelut.fi\/lcg1\/files\/2020\/11\/usericonwomen.jpg\" alt=\"\" width=\"99\" height=\"115\" \/><br \/>\nAapo Kuivalainen\u00a0 \u00a0 \u00a0Janne Kinisj\u00e4rvi\u00a0 \u00a0 \u00a0 \u00a0 \u00a0Saaga V\u00e4\u00e4n\u00e4nen<\/p>\n<p>&nbsp;<\/p>\n<p>&nbsp;<\/p>\n<p><img loading=\"lazy\" decoding=\"async\" class=\"wp-image-78 alignleft\" src=\"https:\/\/blogi.eoppimispalvelut.fi\/lcg1\/files\/2020\/11\/Lapland-Cleanup-Group-logo-244x300.png\" alt=\"\" width=\"137\" height=\"168\" srcset=\"https:\/\/blogi.eoppimispalvelut.fi\/lcg1\/files\/2020\/11\/Lapland-Cleanup-Group-logo-244x300.png 244w, https:\/\/blogi.eoppimispalvelut.fi\/lcg1\/files\/2020\/11\/Lapland-Cleanup-Group-logo.png 389w\" sizes=\"auto, (max-width: 137px) 100vw, 137px\" \/><strong>Hallitus<\/strong><\/p>\n<p>Puhenejohtaja<br \/>\nAntti Arvola<\/p>\n<p>Hallituksen j\u00e4senet<br \/>\nVera Ahola, Teemu Poikela, Saaga V\u00e4\u00e4n\u00e4nen<\/p>\n","protected":false},"excerpt":{"rendered":"<p>Toimitusjohtaja Vera Ahola &nbsp; Myynti ja markkinointi \u00a0 \u00a0 \u00a0 \u00a0 \u00a0 \u00a0 \u00a0 \u00a0\u00a0 \u00a0 \u00a0 \u00a0 \u00a0 \u00a0 \u00a0 \u00a0 Vera Ahola\u00a0 \u00a0 \u00a0 \u00a0 \u00a0 \u00a0 \u00a0 \u00a0 \u00a0 \u00a0 Reeta Laine\u00a0 \u00a0 \u00a0 \u00a0 \u00a0 \u00a0 \u00a0 \u00a0 \u00a0 \u00a0 Iida Niska &nbsp; Hankinta \u00a0 \u00a0 \u00a0\u00a0 \u00a0 \u00a0 \u00a0 \u00a0 &hellip; <\/p>\n<p class=\"link-more\"><a href=\"https:\/\/blogi.eoppimispalvelut.fi\/lcg1\/tiimimme\/\" class=\"more-link\">Jatka lukemista<span class=\"screen-reader-text\"> &#8220;Tiimimme&#8221;<\/span><\/a><\/p>\n","protected":false},"author":4910,"featured_media":0,"parent":0,"menu_order":0,"comment_status":"closed","ping_status":"closed","template":"","meta":{"footnotes":""},"class_list":["post-126","page","type-page","status-publish","hentry"],"_links":{"self":[{"href":"https:\/\/blogi.eoppimispalvelut.fi\/lcg1\/wp-json\/wp\/v2\/pages\/126","targetHints":{"allow":["GET"]}}],"collection":[{"href":"https:\/\/blogi.eoppimispalvelut.fi\/lcg1\/wp-json\/wp\/v2\/pages"}],"about":[{"href":"https:\/\/blogi.eoppimispalvelut.fi\/lcg1\/wp-json\/wp\/v2\/types\/page"}],"author":[{"embeddable":true,"href":"https:\/\/blogi.eoppimispalvelut.fi\/lcg1\/wp-json\/wp\/v2\/users\/4910"}],"replies":[{"embeddable":true,"href":"https:\/\/blogi.eoppimispalvelut.fi\/lcg1\/wp-json\/wp\/v2\/comments?post=126"}],"version-history":[{"count":8,"href":"https:\/\/blogi.eoppimispalvelut.fi\/lcg1\/wp-json\/wp\/v2\/pages\/126\/revisions"}],"predecessor-version":[{"id":227,"href":"https:\/\/blogi.eoppimispalvelut.fi\/lcg1\/wp-json\/wp\/v2\/pages\/126\/revisions\/227"}],"wp:attachment":[{"href":"https:\/\/blogi.eoppimispalvelut.fi\/lcg1\/wp-json\/wp\/v2\/media?parent=126"}],"curies":[{"name":"wp","href":"https:\/\/api.w.org\/{rel}","templated":true}]}}