{"id":140,"date":"2020-11-23T15:07:51","date_gmt":"2020-11-23T13:07:51","guid":{"rendered":"https:\/\/blogi.eoppimispalvelut.fi\/lcg1\/?page_id=140"},"modified":"2020-12-08T07:52:46","modified_gmt":"2020-12-08T05:52:46","slug":"siivoustarvikkeet","status":"publish","type":"page","link":"https:\/\/blogi.eoppimispalvelut.fi\/lcg1\/siivoustarvikkeet\/","title":{"rendered":"Tuotteet"},"content":{"rendered":"<p><strong>Aloituspaketti 357\u20ac,05\u20ac alv. 0%<\/strong><\/p>\n<p>pakettiin sis\u00e4ltyy:<\/p>\n<ul>\n<li>wc harja<\/li>\n<li>rikkalapio ja lattiaharja<\/li>\n<li>pesumoppi<\/li>\n<li>j\u00e4teastia 90 L<\/li>\n<li>k\u00e4sipyyheteline<\/li>\n<li>annostelupumppu 1 L<\/li>\n<li>kuramatto<\/li>\n<li>tiskiharja<\/li>\n<li>wc-paperiteline<\/li>\n<li>tiskir\u00e4tti 9kpl<\/li>\n<li>palovaroitin<\/li>\n<li>katuharja<\/li>\n<li>poljinsanko 20 L<\/li>\n<li>paperikori 20 L<\/li>\n<\/ul>\n","protected":false},"excerpt":{"rendered":"<p>Aloituspaketti 357\u20ac,05\u20ac alv. 0% pakettiin sis\u00e4ltyy: wc harja rikkalapio ja lattiaharja pesumoppi j\u00e4teastia 90 L k\u00e4sipyyheteline annostelupumppu 1 L kuramatto tiskiharja wc-paperiteline tiskir\u00e4tti 9kpl palovaroitin katuharja poljinsanko 20 L paperikori 20 L<\/p>\n","protected":false},"author":4910,"featured_media":0,"parent":0,"menu_order":0,"comment_status":"closed","ping_status":"closed","template":"","meta":{"footnotes":""},"class_list":["post-140","page","type-page","status-publish","hentry"],"_links":{"self":[{"href":"https:\/\/blogi.eoppimispalvelut.fi\/lcg1\/wp-json\/wp\/v2\/pages\/140","targetHints":{"allow":["GET"]}}],"collection":[{"href":"https:\/\/blogi.eoppimispalvelut.fi\/lcg1\/wp-json\/wp\/v2\/pages"}],"about":[{"href":"https:\/\/blogi.eoppimispalvelut.fi\/lcg1\/wp-json\/wp\/v2\/types\/page"}],"author":[{"embeddable":true,"href":"https:\/\/blogi.eoppimispalvelut.fi\/lcg1\/wp-json\/wp\/v2\/users\/4910"}],"replies":[{"embeddable":true,"href":"https:\/\/blogi.eoppimispalvelut.fi\/lcg1\/wp-json\/wp\/v2\/comments?post=140"}],"version-history":[{"count":4,"href":"https:\/\/blogi.eoppimispalvelut.fi\/lcg1\/wp-json\/wp\/v2\/pages\/140\/revisions"}],"predecessor-version":[{"id":221,"href":"https:\/\/blogi.eoppimispalvelut.fi\/lcg1\/wp-json\/wp\/v2\/pages\/140\/revisions\/221"}],"wp:attachment":[{"href":"https:\/\/blogi.eoppimispalvelut.fi\/lcg1\/wp-json\/wp\/v2\/media?parent=140"}],"curies":[{"name":"wp","href":"https:\/\/api.w.org\/{rel}","templated":true}]}}