{"id":39,"date":"2019-04-22T15:42:59","date_gmt":"2019-04-22T12:42:59","guid":{"rendered":"https:\/\/blogi.eoppimispalvelut.fi\/liisatuhkanen\/?page_id=39"},"modified":"2019-04-22T18:00:29","modified_gmt":"2019-04-22T15:00:29","slug":"2-mita-on-digitaalinen-ja-alykas-taloushallinto","status":"publish","type":"page","link":"https:\/\/blogi.eoppimispalvelut.fi\/liisatuhkanen\/1-digitaalisuuden-tilanne-taloushallinnossa\/2-mita-on-digitaalinen-ja-alykas-taloushallinto\/","title":{"rendered":"2.\tMit\u00e4 on digitaalinen ja \u00e4lyk\u00e4s taloushallinto?"},"content":{"rendered":"<p>Digitaalisella taloushallinnolla tarkoitetaan taloushallinnon kaikkien tietovirtojen ja k\u00e4sittelyvaiheiden automatisointia ja k\u00e4sittely\u00e4 digitaalisessa muodossa (Kaarlej\u00e4rvi &amp; Salminen, 2008). Digitaalista taloushallintoa voi kutsua my\u00f6s m\u00e4\u00e4ritelm\u00e4ll\u00e4 automaattinen taloushallinto. Digitalisessa taloushallinnossa kaikki tietovirrat hoidetaan s\u00e4hk\u00f6isesti, toimittajien, asiakkaiden, viranomaisten, henkil\u00f6st\u00f6n, rahoittajien ja muiden sidosryhmien kanssa. Digitaalinen taloushallinto integroituu siten tiiviisti yrityksen prosesseihin ja liiketoimintaan. Digitaalisessa taloushallinnossa hy\u00f6dynnet\u00e4\u00e4n sit\u00e4, ett\u00e4 j\u00e4rjestelm\u00e4 tekee itsen\u00e4isesti rutiinitoimenpiteet ja henkil\u00f6st\u00f6 k\u00e4sittelee poikkeamia, tarkistaa, t\u00e4sm\u00e4ytt\u00e4\u00e4 ja tulkitsee lopputuloksia sek\u00e4 ennustaa tulevaa.<\/p>\n<p>\u00c4lykk\u00e4\u00e4ss\u00e4 taloushallinnossa hy\u00f6dynnet\u00e4\u00e4n digitaalisten toimintojen lis\u00e4ksi automaatios\u00e4\u00e4nt\u00f6jen luomista, poikkeusten k\u00e4sittely\u00e4, ei-rakenteellisen datan k\u00e4sittely\u00e4 ja analyysi\u00e4, ennusteiden ja toimenpide-ehdotusten muodostumista. \u00c4lykk\u00e4\u00e4ss\u00e4 taloushallinnossa \u00e4lyk\u00e4st\u00e4 on se, ett\u00e4 \u00e4lykk\u00e4\u00e4t ihmiset saavat keskitty\u00e4 \u00e4ly\u00e4 vaativiin teht\u00e4viin.<\/p>\n<p>&nbsp;<\/p>\n<p><iframe loading=\"lazy\" width=\"768\" height=\"432\" src=\"https:\/\/www.youtube.com\/embed\/gKYOvjfhGQA?feature=oembed\" frameborder=\"0\" allow=\"accelerometer; autoplay; encrypted-media; gyroscope; picture-in-picture\" allowfullscreen><\/iframe><\/p>\n","protected":false},"excerpt":{"rendered":"<p>Digitaalisella taloushallinnolla tarkoitetaan taloushallinnon kaikkien tietovirtojen ja k\u00e4sittelyvaiheiden automatisointia ja k\u00e4sittely\u00e4 digitaalisessa muodossa (Kaarlej\u00e4rvi &amp; Salminen, 2008). Digitaalista taloushallintoa voi kutsua my\u00f6s m\u00e4\u00e4ritelm\u00e4ll\u00e4 automaattinen taloushallinto. Digitalisessa taloushallinnossa kaikki tietovirrat hoidetaan s\u00e4hk\u00f6isesti, toimittajien, asiakkaiden, viranomaisten, henkil\u00f6st\u00f6n, rahoittajien ja muiden sidosryhmien kanssa. Digitaalinen taloushallinto integroituu siten tiiviisti yrityksen prosesseihin ja liiketoimintaan. Digitaalisessa taloushallinnossa hy\u00f6dynnet\u00e4\u00e4n sit\u00e4, ett\u00e4 j\u00e4rjestelm\u00e4 [&hellip;]<\/p>\n","protected":false},"author":3723,"featured_media":0,"parent":38,"menu_order":0,"comment_status":"closed","ping_status":"closed","template":"","meta":{"footnotes":""},"class_list":["post-39","page","type-page","status-publish","hentry"],"_links":{"self":[{"href":"https:\/\/blogi.eoppimispalvelut.fi\/liisatuhkanen\/wp-json\/wp\/v2\/pages\/39","targetHints":{"allow":["GET"]}}],"collection":[{"href":"https:\/\/blogi.eoppimispalvelut.fi\/liisatuhkanen\/wp-json\/wp\/v2\/pages"}],"about":[{"href":"https:\/\/blogi.eoppimispalvelut.fi\/liisatuhkanen\/wp-json\/wp\/v2\/types\/page"}],"author":[{"embeddable":true,"href":"https:\/\/blogi.eoppimispalvelut.fi\/liisatuhkanen\/wp-json\/wp\/v2\/users\/3723"}],"replies":[{"embeddable":true,"href":"https:\/\/blogi.eoppimispalvelut.fi\/liisatuhkanen\/wp-json\/wp\/v2\/comments?post=39"}],"version-history":[{"count":5,"href":"https:\/\/blogi.eoppimispalvelut.fi\/liisatuhkanen\/wp-json\/wp\/v2\/pages\/39\/revisions"}],"predecessor-version":[{"id":121,"href":"https:\/\/blogi.eoppimispalvelut.fi\/liisatuhkanen\/wp-json\/wp\/v2\/pages\/39\/revisions\/121"}],"up":[{"embeddable":true,"href":"https:\/\/blogi.eoppimispalvelut.fi\/liisatuhkanen\/wp-json\/wp\/v2\/pages\/38"}],"wp:attachment":[{"href":"https:\/\/blogi.eoppimispalvelut.fi\/liisatuhkanen\/wp-json\/wp\/v2\/media?parent=39"}],"curies":[{"name":"wp","href":"https:\/\/api.w.org\/{rel}","templated":true}]}}