{"id":2,"date":"2018-05-03T09:12:33","date_gmt":"2018-05-03T06:12:33","guid":{"rendered":"https:\/\/blogi.eoppimispalvelut.fi\/matkailuelaimet\/?page_id=2"},"modified":"2025-09-12T11:12:45","modified_gmt":"2025-09-12T08:12:45","slug":"matkailuelaimet","status":"publish","type":"page","link":"https:\/\/blogi.eoppimispalvelut.fi\/matkailuelaimet\/","title":{"rendered":"Etusivu"},"content":{"rendered":"<p>[et_pb_section fb_built=&#8221;1&#8243; _builder_version=&#8221;4.16&#8243; global_colors_info=&#8221;{}&#8221;][et_pb_row _builder_version=&#8221;4.27.4&#8243; _module_preset=&#8221;default&#8221;][et_pb_column _builder_version=&#8221;4.27.4&#8243; _module_preset=&#8221;default&#8221; type=&#8221;4_4&#8243;][et_pb_image src=&#8221;https:\/\/blogi.eoppimispalvelut.fi\/matkailuelaimet\/files\/2019\/02\/cropped-NapapiirinPorofarmi_LapinMateriaalipankki_TerhiTuovinen_dia2.png&#8221; _builder_version=&#8221;4.27.4&#8243; _module_preset=&#8221;default&#8221; title_text=&#8221;cropped-NapapiirinPorofarmi_LapinMateriaalipankki_TerhiTuovinen_dia2.png&#8221; hover_enabled=&#8221;0&#8243; sticky_enabled=&#8221;0&#8243; align=&#8221;center&#8221;][\/et_pb_image][\/et_pb_column][\/et_pb_row][et_pb_row _builder_version=&#8221;4.16&#8243; background_size=&#8221;initial&#8221; background_position=&#8221;top_left&#8221; background_repeat=&#8221;repeat&#8221; global_colors_info=&#8221;{}&#8221;][et_pb_column type=&#8221;4_4&#8243; _builder_version=&#8221;4.16&#8243; custom_padding=&#8221;|||&#8221; global_colors_info=&#8221;{}&#8221; custom_padding__hover=&#8221;|||&#8221;][et_pb_text _builder_version=&#8221;4.16&#8243; background_size=&#8221;initial&#8221; background_position=&#8221;top_left&#8221; background_repeat=&#8221;repeat&#8221; global_colors_info=&#8221;{}&#8221;]El\u00e4imill\u00e4 on merkitt\u00e4v\u00e4 rooli lappilaisten matkailupalveluiden tuottamisessa. Lapin matkailuimagolle on t\u00e4rke\u00e4\u00e4, ett\u00e4 asiakkaat voivat varmistua el\u00e4inten hyvinvoinnista ja oikeasta kohtelusta k\u00e4ytt\u00e4miss\u00e4\u00e4n matkailupalveluissa. El\u00e4inten hyvinvoinnista huolehtiminen ja sen n\u00e4kyv\u00e4ksi tekeminen my\u00f6s asiakkaille tuo lappilaisille matkailutoimijoille mahdollisuuksia vastuullisen liiketoiminnan kehitt\u00e4miseen ja kilpailukyvyn parantamiseen.<\/p>\n<p>T\u00e4lle sivustolle on ker\u00e4tty monipuolisesti tietoa, joka on tuotettu vuosina 2016-2018 toteutetussa El\u00e4inten hyvinvointi matkailupalveluissa &#8211;<a href=\"https:\/\/blogi.eoppimispalvelut.fi\/elma\/hankeinfo\/\">hankkessa<\/a> (Lapin ELY-keskus\/Euroopan maaseudun kehitt\u00e4misen maatalousrahasto). Kaikki materiaalit ovat saatavissa my\u00f6s <a href=\"#\">englanninkielisin\u00e4<\/a>.<\/p>\n<table style=\"width: 700px\" border=\"0\" cellspacing=\"0\" cellpadding=\"0\" align=\"center\">\n<tbody style=\"width: 700px\">\n<tr>\n<td style=\"width: 300px\"><a href=\"https:\/\/blogi.eoppimispalvelut.fi\/matkailuelaimet\/files\/2019\/02\/El\u00e4inmatkailu-Lapissa.pdf\" target=\"_blank\" rel=\"noopener\"><img loading=\"lazy\" decoding=\"async\" class=\"alignnone wp-image-160 size-full\" src=\"https:\/\/blogi.eoppimispalvelut.fi\/matkailuelaimet\/files\/2019\/01\/th_elainmatkailu_fi.png\" alt=\"\" width=\"300\" height=\"212\" \/><\/a><\/td>\n<td style=\"width: 100px\"><\/td>\n<td style=\"width: 300px\"><a href=\"https:\/\/blogi.eoppimispalvelut.fi\/matkailuelaimet\/files\/2019\/02\/Lapin-matkailijoiden-k\u00e4sityksi\u00e4-el\u00e4inmatkailusta.pdf\" target=\"_blank\" rel=\"noopener\"><img loading=\"lazy\" decoding=\"async\" class=\"alignnone size-full wp-image-162\" src=\"https:\/\/blogi.eoppimispalvelut.fi\/matkailuelaimet\/files\/2019\/01\/th_matkailijat_fi.png\" alt=\"\" width=\"300\" height=\"212\" \/><\/a><\/td>\n<\/tr>\n<tr>\n<td style=\"width: 300px\"><a href=\"https:\/\/blogi.eoppimispalvelut.fi\/matkailuelaimet\/files\/2019\/02\/El\u00e4inmatkailu-Lapissa.pdf\" target=\"_blank\" rel=\"noopener\">El\u00e4inmatkailu Lapissa<\/a> (pdf 0,3 MB)<\/td>\n<td style=\"width: 100px\"><\/td>\n<td style=\"width: 300px\"><a href=\"https:\/\/blogi.eoppimispalvelut.fi\/matkailuelaimet\/files\/2019\/02\/Lapin-matkailijoiden-k\u00e4sityksi\u00e4-el\u00e4inmatkailusta.pdf\" target=\"_blank\" rel=\"noopener\">Lapin matkailijoiden k\u00e4sityksi\u00e4 el\u00e4inmatkailusta<\/a> (pdf 0,3MB)<\/td>\n<\/tr>\n<\/tbody>\n<\/table>\n<p>&nbsp;[\/et_pb_text][\/et_pb_column][\/et_pb_row][\/et_pb_section]<\/p>\n","protected":false},"excerpt":{"rendered":"<p>El\u00e4imill\u00e4 on merkitt\u00e4v\u00e4 rooli lappilaisten matkailupalveluiden tuottamisessa. Lapin matkailuimagolle on t\u00e4rke\u00e4\u00e4, ett\u00e4 asiakkaat voivat varmistua el\u00e4inten hyvinvoinnista ja oikeasta kohtelusta k\u00e4ytt\u00e4miss\u00e4\u00e4n matkailupalveluissa. El\u00e4inten hyvinvoinnista huolehtiminen ja sen n\u00e4kyv\u00e4ksi tekeminen my\u00f6s asiakkaille tuo lappilaisille matkailutoimijoille mahdollisuuksia vastuullisen liiketoiminnan kehitt\u00e4miseen ja kilpailukyvyn parantamiseen. T\u00e4lle sivustolle on ker\u00e4tty monipuolisesti tietoa, joka on tuotettu vuosina 2016-2018 toteutetussa El\u00e4inten hyvinvointi [&hellip;]<\/p>\n","protected":false},"author":3135,"featured_media":0,"parent":0,"menu_order":0,"comment_status":"closed","ping_status":"closed","template":"","meta":{"_et_pb_use_builder":"on","_et_pb_old_content":"El\u00e4imill\u00e4 on merkitt\u00e4v\u00e4 rooli lappilaisten matkailupalveluiden tuottamisessa. Lapin matkailuimagolle on t\u00e4rke\u00e4\u00e4, ett\u00e4 asiakkaat voivat varmistua el\u00e4inten hyvinvoinnista ja oikeasta kohtelusta k\u00e4ytt\u00e4miss\u00e4\u00e4n matkailupalveluissa. El\u00e4inten hyvinvoinnista huolehtiminen ja sen n\u00e4kyv\u00e4ksi tekeminen my\u00f6s asiakkaille tuo lappilaisille matkailutoimijoille mahdollisuuksia vastuullisen liiketoiminnan kehitt\u00e4miseen ja kilpailukyvyn parantamiseen.\r\n\r\nT\u00e4lle sivustolle on ker\u00e4tty monipuolisesti tietoa, joka on tuotettu vuosina 2016-2018 toteutetussa El\u00e4inten hyvinvointi matkailupalveluissa -<a href=\"https:\/\/blogi.eoppimispalvelut.fi\/elma\/hankeinfo\/\">hankkessa<\/a> (Lapin ELY-keskus\/Euroopan maaseudun kehitt\u00e4misen maatalousrahasto). Kaikki materiaalit ovat saatavissa my\u00f6s <a href=\"#\">englanninkielisin\u00e4<\/a>.\r\n<table style=\"width: 700px\" border=\"0\" cellspacing=\"0\" cellpadding=\"0\" align=\"center\">\r\n<tbody style=\"width: 700px\">\r\n<tr>\r\n<td style=\"width: 300px\"><a href=\"https:\/\/blogi.eoppimispalvelut.fi\/matkailuelaimet\/files\/2019\/02\/El\u00e4inmatkailu-Lapissa.pdf\" target=\"_blank\" rel=\"noopener\"><img class=\"alignnone wp-image-160 size-full\" src=\"https:\/\/blogi.eoppimispalvelut.fi\/matkailuelaimet\/files\/2019\/01\/th_elainmatkailu_fi.png\" alt=\"\" width=\"300\" height=\"212\" \/><\/a><\/td>\r\n<td style=\"width: 100px\"><\/td>\r\n<td style=\"width: 300px\"><a href=\"https:\/\/blogi.eoppimispalvelut.fi\/matkailuelaimet\/files\/2019\/02\/Lapin-matkailijoiden-k\u00e4sityksi\u00e4-el\u00e4inmatkailusta.pdf\" target=\"_blank\" rel=\"noopener\"><img class=\"alignnone size-full wp-image-162\" src=\"https:\/\/blogi.eoppimispalvelut.fi\/matkailuelaimet\/files\/2019\/01\/th_matkailijat_fi.png\" alt=\"\" width=\"300\" height=\"212\" \/><\/a><\/td>\r\n<\/tr>\r\n<tr>\r\n<td style=\"width: 300px\"><a href=\"https:\/\/blogi.eoppimispalvelut.fi\/matkailuelaimet\/files\/2019\/02\/El\u00e4inmatkailu-Lapissa.pdf\" target=\"_blank\" rel=\"noopener\">El\u00e4inmatkailu Lapissa<\/a> (pdf 0,3 MB)<\/td>\r\n<td style=\"width: 100px\"><\/td>\r\n<td style=\"width: 300px\"><a href=\"https:\/\/blogi.eoppimispalvelut.fi\/matkailuelaimet\/files\/2019\/02\/Lapin-matkailijoiden-k\u00e4sityksi\u00e4-el\u00e4inmatkailusta.pdf\" target=\"_blank\" rel=\"noopener\">Lapin matkailijoiden k\u00e4sityksi\u00e4 el\u00e4inmatkailusta<\/a> (pdf 0,3MB)<\/td>\r\n<\/tr>\r\n<\/tbody>\r\n<\/table>\r\n&nbsp;","_et_gb_content_width":"1080","footnotes":""},"class_list":["post-2","page","type-page","status-publish","hentry"],"_links":{"self":[{"href":"https:\/\/blogi.eoppimispalvelut.fi\/matkailuelaimet\/wp-json\/wp\/v2\/pages\/2","targetHints":{"allow":["GET"]}}],"collection":[{"href":"https:\/\/blogi.eoppimispalvelut.fi\/matkailuelaimet\/wp-json\/wp\/v2\/pages"}],"about":[{"href":"https:\/\/blogi.eoppimispalvelut.fi\/matkailuelaimet\/wp-json\/wp\/v2\/types\/page"}],"author":[{"embeddable":true,"href":"https:\/\/blogi.eoppimispalvelut.fi\/matkailuelaimet\/wp-json\/wp\/v2\/users\/3135"}],"replies":[{"embeddable":true,"href":"https:\/\/blogi.eoppimispalvelut.fi\/matkailuelaimet\/wp-json\/wp\/v2\/comments?post=2"}],"version-history":[{"count":27,"href":"https:\/\/blogi.eoppimispalvelut.fi\/matkailuelaimet\/wp-json\/wp\/v2\/pages\/2\/revisions"}],"predecessor-version":[{"id":338,"href":"https:\/\/blogi.eoppimispalvelut.fi\/matkailuelaimet\/wp-json\/wp\/v2\/pages\/2\/revisions\/338"}],"wp:attachment":[{"href":"https:\/\/blogi.eoppimispalvelut.fi\/matkailuelaimet\/wp-json\/wp\/v2\/media?parent=2"}],"curies":[{"name":"wp","href":"https:\/\/api.w.org\/{rel}","templated":true}]}}