{"id":148,"date":"2019-09-30T17:41:02","date_gmt":"2019-09-30T14:41:02","guid":{"rendered":"https:\/\/blogi.eoppimispalvelut.fi\/matkailunpunainenlanka\/?page_id=148"},"modified":"2019-09-30T17:41:05","modified_gmt":"2019-09-30T14:41:05","slug":"maria","status":"publish","type":"page","link":"https:\/\/blogi.eoppimispalvelut.fi\/matkailunpunainenlanka\/etusivu\/maria\/","title":{"rendered":"Maria"},"content":{"rendered":"<p>[et_pb_section fb_built=&#8221;1&#8243; _builder_version=&#8221;3.20.2&#8243;][et_pb_row _builder_version=&#8221;3.20.2&#8243;][et_pb_column type=&#8221;4_4&#8243; _builder_version=&#8221;3.20.2&#8243;][et_pb_team_member name=&#8221;Maria&#8221; position=&#8221;Matkailualan restonomiopiskelija&#8221; image_url=&#8221;https:\/\/blogi.eoppimispalvelut.fi\/matkailunpunainenlanka\/files\/2019\/09\/522.jpg&#8221; _builder_version=&#8221;3.20.2&#8243;]<\/p>\n<p><span data-contrast=\"auto\" class=\"TextRun SCXW263716849 BCX0\" xml:lang=\"FI-FI\" lang=\"FI-FI\"><span class=\"NormalTextRun SCXW263716849 BCX0\">Olen Maria<\/span><\/span><span data-contrast=\"auto\" class=\"TextRun SCXW263716849 BCX0\" xml:lang=\"FI-FI\" lang=\"FI-FI\"><span class=\"NormalTextRun SCXW263716849 BCX0\">,<\/span><\/span><span data-contrast=\"auto\" class=\"TextRun SCXW263716849 BCX0\" xml:lang=\"FI-FI\" lang=\"FI-FI\"><span class=\"NormalTextRun SCXW263716849 BCX0\"><span>\u00a0<\/span>alun perin<span>\u00a0<\/span><\/span><\/span><span data-contrast=\"auto\" class=\"TextRun SCXW263716849 BCX0\" xml:lang=\"FI-FI\" lang=\"FI-FI\"><span class=\"ContextualSpellingAndGrammarError SCXW263716849 BCX0\">etel\u00e4-suomalainen<\/span><\/span><span data-contrast=\"auto\" class=\"TextRun SCXW263716849 BCX0\" xml:lang=\"FI-FI\" lang=\"FI-FI\"><span class=\"NormalTextRun SCXW263716849 BCX0\">, monen mutkan kautta nyky\u00e4\u00e4n rovaniemel\u00e4inen restonomiopiskelija. Vieraat kielet ja kulttuurit ovat aina kiehtoneet kovasti ja saan k\u00e4ytt\u00f6voimaa sosiaalisista tilanteista, joten havaitsin, ett\u00e4 ty\u00f6 matkailualalla on kuin tehty minua varten. Nautin my\u00f6s itse matkustamisesta. Ainutlaatuisia el\u00e4myksi\u00e4 voi l\u00f6yt\u00e4\u00e4 niin l\u00e4helt\u00e4 kuin kaukaakin. N\u00e4k\u00f6kantojani ovat avartaneet niin Intiassa vietetty vuosi kuin maailman n\u00e4keminen pienen matkakumppanini silmin. Vapaa-aikani kuluu vaihdellen erilaisissa puuhissa, sill\u00e4 tuppaan innostumaan erilaisista uusista asioista.\u00a0<\/span><\/span><span class=\"EOP SCXW263716849 BCX0\" data-ccp-props=\"{&quot;201341983&quot;:0,&quot;335559739&quot;:160,&quot;335559740&quot;:259}\">\u00a0<\/span><\/p>\n<p>[\/et_pb_team_member][\/et_pb_column][\/et_pb_row][\/et_pb_section]<\/p>\n","protected":false},"excerpt":{"rendered":"<p>Olen Maria,\u00a0alun perin\u00a0etel\u00e4-suomalainen, monen mutkan kautta nyky\u00e4\u00e4n rovaniemel\u00e4inen restonomiopiskelija. Vieraat kielet ja kulttuurit ovat aina kiehtoneet kovasti ja saan k\u00e4ytt\u00f6voimaa sosiaalisista tilanteista, joten havaitsin, ett\u00e4 ty\u00f6 matkailualalla on kuin tehty minua varten. Nautin my\u00f6s itse matkustamisesta. Ainutlaatuisia el\u00e4myksi\u00e4 voi l\u00f6yt\u00e4\u00e4 niin l\u00e4helt\u00e4 kuin kaukaakin. N\u00e4k\u00f6kantojani ovat avartaneet niin Intiassa vietetty vuosi kuin maailman n\u00e4keminen pienen [&hellip;]<\/p>\n","protected":false},"author":3834,"featured_media":0,"parent":333,"menu_order":0,"comment_status":"closed","ping_status":"closed","template":"","meta":{"_et_pb_use_builder":"on","_et_pb_old_content":"","_et_gb_content_width":"","footnotes":""},"class_list":["post-148","page","type-page","status-publish","hentry"],"_links":{"self":[{"href":"https:\/\/blogi.eoppimispalvelut.fi\/matkailunpunainenlanka\/wp-json\/wp\/v2\/pages\/148","targetHints":{"allow":["GET"]}}],"collection":[{"href":"https:\/\/blogi.eoppimispalvelut.fi\/matkailunpunainenlanka\/wp-json\/wp\/v2\/pages"}],"about":[{"href":"https:\/\/blogi.eoppimispalvelut.fi\/matkailunpunainenlanka\/wp-json\/wp\/v2\/types\/page"}],"author":[{"embeddable":true,"href":"https:\/\/blogi.eoppimispalvelut.fi\/matkailunpunainenlanka\/wp-json\/wp\/v2\/users\/3834"}],"replies":[{"embeddable":true,"href":"https:\/\/blogi.eoppimispalvelut.fi\/matkailunpunainenlanka\/wp-json\/wp\/v2\/comments?post=148"}],"version-history":[{"count":7,"href":"https:\/\/blogi.eoppimispalvelut.fi\/matkailunpunainenlanka\/wp-json\/wp\/v2\/pages\/148\/revisions"}],"predecessor-version":[{"id":236,"href":"https:\/\/blogi.eoppimispalvelut.fi\/matkailunpunainenlanka\/wp-json\/wp\/v2\/pages\/148\/revisions\/236"}],"up":[{"embeddable":true,"href":"https:\/\/blogi.eoppimispalvelut.fi\/matkailunpunainenlanka\/wp-json\/wp\/v2\/pages\/333"}],"wp:attachment":[{"href":"https:\/\/blogi.eoppimispalvelut.fi\/matkailunpunainenlanka\/wp-json\/wp\/v2\/media?parent=148"}],"curies":[{"name":"wp","href":"https:\/\/api.w.org\/{rel}","templated":true}]}}