{"id":160,"date":"2019-09-30T17:39:38","date_gmt":"2019-09-30T14:39:38","guid":{"rendered":"https:\/\/blogi.eoppimispalvelut.fi\/matkailunpunainenlanka\/?page_id=160"},"modified":"2019-10-09T17:26:39","modified_gmt":"2019-10-09T14:26:39","slug":"katja","status":"publish","type":"page","link":"https:\/\/blogi.eoppimispalvelut.fi\/matkailunpunainenlanka\/etusivu\/katja\/","title":{"rendered":"Katja"},"content":{"rendered":"<p>[et_pb_section fb_built=&#8221;1&#8243; _builder_version=&#8221;3.20.2&#8243;][et_pb_row _builder_version=&#8221;3.20.2&#8243;][et_pb_column type=&#8221;4_4&#8243; _builder_version=&#8221;3.20.2&#8243;][et_pb_team_member name=&#8221;Katja &#8221; position=&#8221;Matkailualan restonomiopiskelija&#8221; image_url=&#8221;https:\/\/blogi.eoppimispalvelut.fi\/matkailunpunainenlanka\/files\/2019\/10\/DSC_0420.jpg&#8221; _builder_version=&#8221;3.20.2&#8243;]<\/p>\n<p><span data-contrast=\"auto\" class=\"TextRun SCXW136509463 BCX0\" xml:lang=\"FI-FI\" lang=\"FI-FI\"><span class=\"NormalTextRun SCXW136509463 BCX0\">Olen<\/span><\/span><span data-contrast=\"auto\" class=\"TextRun SCXW136509463 BCX0\" xml:lang=\"FI-FI\" lang=\"FI-FI\"><span class=\"NormalTextRun SCXW136509463 BCX0\"><span>\u00a0<\/span>Katja,<\/span><\/span><span data-contrast=\"auto\" class=\"TextRun SCXW136509463 BCX0\" xml:lang=\"FI-FI\" lang=\"FI-FI\"><span class=\"NormalTextRun SCXW136509463 BCX0\"><span>\u00a0<\/span><\/span><\/span><span data-contrast=\"auto\" class=\"TextRun SCXW136509463 BCX0\" xml:lang=\"FI-FI\" lang=\"FI-FI\"><span class=\"SpellingError SCXW136509463 BCX0\">Ounasjokivarren<\/span><\/span><span data-contrast=\"auto\" class=\"TextRun SCXW136509463 BCX0\" xml:lang=\"FI-FI\" lang=\"FI-FI\"><span class=\"NormalTextRun SCXW136509463 BCX0\"><span>\u00a0<\/span>kasvatti. Joki merkitsee minulle rentoutumista, yhdess\u00e4oloa ja aktiviteetteja. Pid\u00e4n uimisesta yli kaiken. Uin siit\u00e4 l\u00e4htien kun j\u00e4\u00e4t l\u00e4htev\u00e4t siihen, kun ne taas tulevat. Avantouinnista en ole oppinut pit\u00e4m\u00e4\u00e4n. M\u00f6kkeilen jokivarressa mutta kun l\u00e4hden lomalle<\/span><\/span><span data-contrast=\"auto\" class=\"TextRun SCXW136509463 BCX0\" xml:lang=\"FI-FI\" lang=\"FI-FI\"><span class=\"NormalTextRun SCXW136509463 BCX0\">,<\/span><\/span><span data-contrast=\"auto\" class=\"TextRun SCXW136509463 BCX0\" xml:lang=\"FI-FI\" lang=\"FI-FI\"><span class=\"NormalTextRun SCXW136509463 BCX0\"><span>\u00a0<\/span>menen autolla suomessa ristiin ja rastiin.<span>\u00a0<\/span><\/span><\/span><span data-contrast=\"auto\" class=\"TextRun SCXW136509463 BCX0\" xml:lang=\"FI-FI\" lang=\"FI-FI\"><span class=\"NormalTextRun SCXW136509463 BCX0\">Haluan n\u00e4hd\u00e4 kaunista luontoa ja tehd\u00e4 tai n\u00e4hd\u00e4 asioita, jotka avaavat jotenkin silmi\u00e4ni.<span>\u00a0<\/span><\/span><\/span><span data-contrast=\"auto\" class=\"TextRun SCXW136509463 BCX0\" xml:lang=\"FI-FI\" lang=\"FI-FI\"><span class=\"NormalTextRun SCXW136509463 BCX0\">Pid\u00e4n aktiviteeteista<\/span><\/span><span data-contrast=\"auto\" class=\"TextRun SCXW136509463 BCX0\" xml:lang=\"FI-FI\" lang=\"FI-FI\"><span class=\"NormalTextRun SCXW136509463 BCX0\">,<\/span><\/span><span data-contrast=\"auto\" class=\"TextRun SCXW136509463 BCX0\" xml:lang=\"FI-FI\" lang=\"FI-FI\"><span class=\"NormalTextRun SCXW136509463 BCX0\"><span>\u00a0<\/span>jotka ovat luotu oivalluksen ymp\u00e4rille. Kummitusk\u00e4vely Oulun keskustassa viimekes\u00e4n\u00e4 saa minut viel\u00e4kin haltioitumaan.\u00a0<\/span><\/span><span class=\"EOP SCXW136509463 BCX0\" data-ccp-props=\"{&quot;201341983&quot;:0,&quot;335559685&quot;:357,&quot;335559739&quot;:240,&quot;335559740&quot;:360,&quot;335559991&quot;:357}\">\u00a0<\/span><\/p>\n<p>[\/et_pb_team_member][\/et_pb_column][\/et_pb_row][\/et_pb_section]<\/p>\n","protected":false},"excerpt":{"rendered":"<p>Olen\u00a0Katja,\u00a0Ounasjokivarren\u00a0kasvatti. Joki merkitsee minulle rentoutumista, yhdess\u00e4oloa ja aktiviteetteja. Pid\u00e4n uimisesta yli kaiken. Uin siit\u00e4 l\u00e4htien kun j\u00e4\u00e4t l\u00e4htev\u00e4t siihen, kun ne taas tulevat. Avantouinnista en ole oppinut pit\u00e4m\u00e4\u00e4n. M\u00f6kkeilen jokivarressa mutta kun l\u00e4hden lomalle,\u00a0menen autolla suomessa ristiin ja rastiin.\u00a0Haluan n\u00e4hd\u00e4 kaunista luontoa ja tehd\u00e4 tai n\u00e4hd\u00e4 asioita, jotka avaavat jotenkin silmi\u00e4ni.\u00a0Pid\u00e4n aktiviteeteista,\u00a0jotka ovat luotu oivalluksen [&hellip;]<\/p>\n","protected":false},"author":3834,"featured_media":0,"parent":333,"menu_order":2,"comment_status":"closed","ping_status":"closed","template":"","meta":{"_et_pb_use_builder":"on","_et_pb_old_content":"","_et_gb_content_width":"","footnotes":""},"class_list":["post-160","page","type-page","status-publish","hentry"],"_links":{"self":[{"href":"https:\/\/blogi.eoppimispalvelut.fi\/matkailunpunainenlanka\/wp-json\/wp\/v2\/pages\/160","targetHints":{"allow":["GET"]}}],"collection":[{"href":"https:\/\/blogi.eoppimispalvelut.fi\/matkailunpunainenlanka\/wp-json\/wp\/v2\/pages"}],"about":[{"href":"https:\/\/blogi.eoppimispalvelut.fi\/matkailunpunainenlanka\/wp-json\/wp\/v2\/types\/page"}],"author":[{"embeddable":true,"href":"https:\/\/blogi.eoppimispalvelut.fi\/matkailunpunainenlanka\/wp-json\/wp\/v2\/users\/3834"}],"replies":[{"embeddable":true,"href":"https:\/\/blogi.eoppimispalvelut.fi\/matkailunpunainenlanka\/wp-json\/wp\/v2\/comments?post=160"}],"version-history":[{"count":8,"href":"https:\/\/blogi.eoppimispalvelut.fi\/matkailunpunainenlanka\/wp-json\/wp\/v2\/pages\/160\/revisions"}],"predecessor-version":[{"id":492,"href":"https:\/\/blogi.eoppimispalvelut.fi\/matkailunpunainenlanka\/wp-json\/wp\/v2\/pages\/160\/revisions\/492"}],"up":[{"embeddable":true,"href":"https:\/\/blogi.eoppimispalvelut.fi\/matkailunpunainenlanka\/wp-json\/wp\/v2\/pages\/333"}],"wp:attachment":[{"href":"https:\/\/blogi.eoppimispalvelut.fi\/matkailunpunainenlanka\/wp-json\/wp\/v2\/media?parent=160"}],"curies":[{"name":"wp","href":"https:\/\/api.w.org\/{rel}","templated":true}]}}