{"id":951,"date":"2022-06-23T14:37:10","date_gmt":"2022-06-23T11:37:10","guid":{"rendered":"https:\/\/blogi.eoppimispalvelut.fi\/matkailuntki\/?page_id=951"},"modified":"2024-11-28T10:05:35","modified_gmt":"2024-11-28T08:05:35","slug":"tyokaluja","status":"publish","type":"page","link":"https:\/\/blogi.eoppimispalvelut.fi\/matkailuntki\/tyokaluja\/","title":{"rendered":"Ty\u00f6kaluja"},"content":{"rendered":"<p>[et_pb_section fb_built=&#8221;1&#8243; fullwidth=&#8221;on&#8221; _builder_version=&#8221;4.17.4&#8243; _module_preset=&#8221;default&#8221; global_colors_info=&#8221;{}&#8221;][et_pb_fullwidth_menu menu_id=&#8221;none&#8221; fullwidth_menu=&#8221;off&#8221; dropdown_menu_line_color=&#8221;#d1d2d4&#8243; _builder_version=&#8221;4.17.4&#8243; _module_preset=&#8221;default&#8221; menu_font=&#8221;Roboto|700|||||||&#8221; menu_font_size=&#8221;15px&#8221; custom_margin=&#8221;|||0px|false|false&#8221; global_colors_info=&#8221;{}&#8221;][\/et_pb_fullwidth_menu][\/et_pb_section][et_pb_section fb_built=&#8221;1&#8243; fullwidth=&#8221;on&#8221; _builder_version=&#8221;4.17.4&#8243; _module_preset=&#8221;default&#8221; global_colors_info=&#8221;{}&#8221;][et_pb_fullwidth_slider _builder_version=&#8221;4.17.4&#8243; _module_preset=&#8221;default&#8221; global_colors_info=&#8221;{}&#8221;][et_pb_slide heading=&#8221;TY\u00d6KALUJA MATKAILUN KEHITYSTY\u00d6H\u00d6N&#8221; use_bg_overlay=&#8221;on&#8221; _builder_version=&#8221;4.17.4&#8243; _module_preset=&#8221;default&#8221; header_font=&#8221;|700|||||||&#8221; header_font_size=&#8221;60px&#8221; background_image=&#8221;https:\/\/blogi.eoppimispalvelut.fi\/matkailuntki\/files\/2022\/06\/DSC06673-scaled.jpg&#8221; background_enable_image=&#8221;on&#8221; header_text_shadow_style=&#8221;preset1&#8243; global_colors_info=&#8221;{}&#8221; sticky_transition=&#8221;on&#8221;][\/et_pb_slide][\/et_pb_fullwidth_slider][\/et_pb_section][et_pb_section fb_built=&#8221;1&#8243; _builder_version=&#8221;4.17.4&#8243; _module_preset=&#8221;default&#8221; global_colors_info=&#8221;{}&#8221;][et_pb_row _builder_version=&#8221;4.17.4&#8243; _module_preset=&#8221;default&#8221; global_colors_info=&#8221;{}&#8221;][et_pb_column type=&#8221;4_4&#8243; _builder_version=&#8221;4.17.4&#8243; _module_preset=&#8221;default&#8221; global_colors_info=&#8221;{}&#8221;][et_pb_text _builder_version=&#8221;4.17.4&#8243; _module_preset=&#8221;default&#8221; header_2_line_height=&#8221;1.5em&#8221; header_3_line_height=&#8221;1.5em&#8221; global_colors_info=&#8221;{}&#8221;]<\/p>\n<h3>\u00a0<\/h3>\n<h3 style=\"text-align: center\">Olemme koonneet k\u00e4ytt\u00f6\u00f6nne matkailun kehitysty\u00f6n tueksi eri hankkeissa\u00a0 luotuja ja sovellettuja ty\u00f6kaluja, materiaalipankkeja ja verkkokoulutuksia. Ty\u00f6kalut soveltuvat matkailuyritysten ja -kehitt\u00e4jien k\u00e4ytt\u00f6\u00f6n sek\u00e4 matkailualalla ty\u00f6skentelevien hy\u00f6dynnett\u00e4viksi.<\/h3>\n<p>[\/et_pb_text][\/et_pb_column][\/et_pb_row][et_pb_row column_structure=&#8221;1_3,1_3,1_3&#8243; _builder_version=&#8221;4.17.4&#8243; _module_preset=&#8221;default&#8221; global_colors_info=&#8221;{}&#8221;][et_pb_column type=&#8221;1_3&#8243; _builder_version=&#8221;4.17.4&#8243; _module_preset=&#8221;default&#8221; global_colors_info=&#8221;{}&#8221;][et_pb_cta title=&#8221;Matkailun ABC&#8221; button_url=&#8221;https:\/\/blogi.eoppimispalvelut.fi\/tourismabc\/&#8221; url_new_window=&#8221;on&#8221; button_text=&#8221;Tutustu&#8221; _builder_version=&#8221;4.27.2&#8243; _module_preset=&#8221;default&#8221; header_font=&#8221;|700|||||||&#8221; header_text_color=&#8221;#ff5032&#8243; body_text_color=&#8221;#000000&#8243; background_enable_color=&#8221;off&#8221; custom_button=&#8221;on&#8221; button_text_color=&#8221;#ff5032&#8243; background_layout=&#8221;light&#8221; hover_enabled=&#8221;0&#8243; border_radii=&#8221;on|2px|2px|2px|2px&#8221; border_width_bottom=&#8221;10px&#8221; border_color_bottom=&#8221;#ff5032&#8243; border_width_left=&#8221;10px&#8221; border_color_left=&#8221;#ff5032&#8243; box_shadow_style=&#8221;preset1&#8243; box_shadow_spread=&#8221;-7px&#8221; global_colors_info=&#8221;{}&#8221; sticky_enabled=&#8221;0&#8243;]<\/p>\n<p>Matkailun ABC on matkailuyritt\u00e4jille suunnattu verkkokoulutuspaketti. Sivustolta l\u00f6yd\u00e4t materiaalia matkailun toimintaymp\u00e4rist\u00f6\u00f6n ja ominaispiirteisiin, menestyv\u00e4\u00e4n yritystoimintaan, turvallisuuteen sek\u00e4 lakiin ja s\u00e4\u00e4d\u00f6ksiin liittyen. Materiaali soveltuu sek\u00e4 aloitteleville ett\u00e4 jo jonkin aikaa alalla toimineille yritt\u00e4jille.<\/p>\n<p>[\/et_pb_cta][et_pb_cta title=&#8221;Reittimerkinn\u00e4t- sivusto&#8221; button_url=&#8221;https:\/\/blogi.eoppimispalvelut.fi\/reittimerkit\/&#8221; url_new_window=&#8221;on&#8221; button_text=&#8221;Tutustu&#8221; _builder_version=&#8221;4.17.4&#8243; _module_preset=&#8221;default&#8221; header_font=&#8221;|700|||||||&#8221; header_text_color=&#8221;#1ebeb4&#8243; background_enable_color=&#8221;off&#8221; custom_button=&#8221;on&#8221; button_text_color=&#8221;#1ebeb4&#8243; background_layout=&#8221;light&#8221; border_radii=&#8221;on|2px|2px|2px|2px&#8221; border_width_bottom=&#8221;10px&#8221; border_color_bottom=&#8221;#1ebeb4&#8243; border_width_left=&#8221;10px&#8221; border_color_left=&#8221;#1ebeb4&#8243; box_shadow_style=&#8221;preset1&#8243; box_shadow_spread=&#8221;-7px&#8221; global_colors_info=&#8221;{}&#8221;]<\/p>\n<p>Reittimerkinn\u00e4t-sivustolle on koottu tietoa maastoreittien suunnittelun ja yll\u00e4pit\u00e4misen tueksi. Sivustolle on koottu erilaisia ohjeistuksia ja ty\u00f6kaluja helpottamaan selkeiden, yhtenev\u00e4isten ja turvallisten reittien suunnittelua.<\/p>\n<p>[\/et_pb_cta][\/et_pb_column][et_pb_column type=&#8221;1_3&#8243; _builder_version=&#8221;4.17.4&#8243; _module_preset=&#8221;default&#8221; global_colors_info=&#8221;{}&#8221;][et_pb_cta title=&#8221;Lappi Luxus-liiketoimintamalli&#8221; button_url=&#8221;https:\/\/www.redu.fi\/media\/hankkeet\/lappi_luxus\/LappiLuxus_liiketoimintamalli_(S).pdf&#8221; url_new_window=&#8221;on&#8221; button_text=&#8221;Tutustu&#8221; _builder_version=&#8221;4.17.4&#8243; _module_preset=&#8221;default&#8221; header_font=&#8221;|700|||||||&#8221; header_text_color=&#8221;#1ebeb4&#8243; body_text_color=&#8221;#000000&#8243; background_enable_color=&#8221;off&#8221; custom_button=&#8221;on&#8221; button_text_color=&#8221;#1ebeb4&#8243; background_layout=&#8221;light&#8221; border_radii=&#8221;on|2px|2px|2px|2px&#8221; border_width_bottom=&#8221;10px&#8221; border_color_bottom=&#8221;#1ebeb4&#8243; border_width_left=&#8221;10px&#8221; border_color_left=&#8221;#1ebeb4&#8243; box_shadow_style=&#8221;preset1&#8243; box_shadow_spread=&#8221;-7px&#8221; global_colors_info=&#8221;{}&#8221;]<\/p>\n<p>Lappi Luxus-liiketoimintamalli on luonnontuote-, hyvinvointi- ja matkailualan yritysten tueksi suunniteltu\u00a0 ty\u00f6kirja, johon on koottu erilaisia ty\u00f6kaluja liiketoiminnan kehitt\u00e4miseen. Liiketoimintamallissa huomioidaan paikallisuus, ymp\u00e4rivuotisuus, kansanperinne- ja tutkimustieto, luonnontuotteet, raaka-aineet sek\u00e4 toiminnan kannattavuus.<\/p>\n<p>[\/et_pb_cta][et_pb_cta title=&#8221;Positiivinen ty\u00f6ntekij\u00e4kokemus &#8211; Pohdintapakka esimiehille&#8221; button_url=&#8221;https:\/\/www.lapinamk.fi\/loader.aspx?id=e9fcbb40-7d97-48e8-8da9-cbd46c2bd151&#8243; url_new_window=&#8221;on&#8221; button_text=&#8221;Tutustu&#8221; _builder_version=&#8221;4.17.4&#8243; _module_preset=&#8221;default&#8221; header_font=&#8221;|700|||||||&#8221; header_text_color=&#8221;#ff5032&#8243; body_text_color=&#8221;#000000&#8243; background_enable_color=&#8221;off&#8221; custom_button=&#8221;on&#8221; button_text_color=&#8221;#ff5032&#8243; background_layout=&#8221;light&#8221; link_option_url_new_window=&#8221;on&#8221; border_radii=&#8221;on|2px|2px|2px|2px&#8221; border_color_right=&#8221;#ff5032&#8243; border_width_bottom=&#8221;10px&#8221; border_color_bottom=&#8221;#ff5032&#8243; border_width_left=&#8221;10px&#8221; border_color_left=&#8221;#ff5032&#8243; box_shadow_style=&#8221;preset1&#8243; box_shadow_spread=&#8221;-7px&#8221; global_colors_info=&#8221;{}&#8221;]<\/p>\n<p>Positiivinen ty\u00f6ntekij\u00e4kokemus &#8211; Pohdintapakka esimiehille on erityisesti matkailualan esihenkil\u00f6teht\u00e4viss\u00e4 toimiville suunnattu konkreettinen korttipakka positiivisen ty\u00f6ntekij\u00e4kokemuksen edist\u00e4miseen. Tutustu my\u00f6s <em>Tarkastelussa matkailualan ty\u00f6ntekij\u00e4kokemus<\/em>-hankkeessa tuottettuihin\u00a0 videomateriaaleihin teemoilla <strong><em><a href=\"https:\/\/www.youtube.com\/watch?v=-EADhAkpZmo&amp;feature=youtu.be\" target=\"_blank\" rel=\"noopener\">Ennen ty\u00f6suhdetta<\/a>, <a href=\"https:\/\/www.youtube.com\/watch?v=TOYXkKPSs5g&amp;feature=youtu.be\" target=\"_blank\" rel=\"noopener\">ty\u00f6suhteen aikana <\/a><\/em><\/strong>sek\u00e4 <em><\/em><strong><em><a href=\"https:\/\/www.youtube.com\/watch?v=NZ11ubYOwTw\" target=\"_blank\" rel=\"noopener\">ty\u00f6suhteen j\u00e4lkeen<\/a>.<\/em><\/strong><\/p>\n<p>[\/et_pb_cta][\/et_pb_column][et_pb_column type=&#8221;1_3&#8243; _builder_version=&#8221;4.17.4&#8243; _module_preset=&#8221;default&#8221; global_colors_info=&#8221;{}&#8221;][et_pb_cta title=&#8221;Arctic Guide-kurssi&#8221; button_url=&#8221;https:\/\/www.arcticguide.fi\/&#8221; url_new_window=&#8221;on&#8221; button_text=&#8221;Tutustu&#8221; _builder_version=&#8221;4.17.4&#8243; _module_preset=&#8221;default&#8221; header_font=&#8221;|700|||||||&#8221; header_text_color=&#8221;#ff5032&#8243; background_enable_color=&#8221;off&#8221; custom_button=&#8221;on&#8221; button_text_color=&#8221;#ff5032&#8243; background_layout=&#8221;light&#8221; border_radii=&#8221;on|2px|2px|2px|2px&#8221; border_width_bottom=&#8221;10px&#8221; border_color_bottom=&#8221;#ff5032&#8243; border_width_left=&#8221;10px&#8221; border_color_left=&#8221;#ff5032&#8243; box_shadow_style=&#8221;preset1&#8243; box_shadow_spread=&#8221;-7px&#8221; global_colors_info=&#8221;{}&#8221;]<\/p>\n<p>Englanninkielinen Arctic Guide-verkkokurssi tutustuttaa sinut lapissa toimivan matkaoppaan ty\u00f6h\u00f6n ja sen erikoispiirteisiin, kuten kylm\u00e4lt\u00e4 suojautumiseen, ryhm\u00e4njohtamiseen, lumikelkkailuun sek\u00e4 vastuullisuuteen. Kuudesta moduulista koostuvan kurssin suoritettuaneille my\u00f6nnet\u00e4\u00e4n Arctic Guide-seretifikaatti.<\/p>\n<p>[\/et_pb_cta][et_pb_cta title=&#8221;Phenomena of Arctic Nature &#8211; oppimateriaalit&#8221; button_url=&#8221;https:\/\/blogi.eoppimispalvelut.fi\/phenomenaofarcticnature\/&#8221; url_new_window=&#8221;on&#8221; button_text=&#8221;Tutustu&#8221; _builder_version=&#8221;4.17.4&#8243; _module_preset=&#8221;default&#8221; header_font=&#8221;|700|||||||&#8221; header_text_color=&#8221;#1ebeb4&#8243; background_enable_color=&#8221;off&#8221; custom_button=&#8221;on&#8221; button_text_color=&#8221;#1ebeb4&#8243; background_layout=&#8221;light&#8221; border_radii=&#8221;on|2px|2px|2px|2px&#8221; border_width_bottom=&#8221;10px&#8221; border_color_bottom=&#8221;#1ebeb4&#8243; border_width_left=&#8221;10px&#8221; border_color_left=&#8221;#1ebeb4&#8243; box_shadow_style=&#8221;preset1&#8243; box_shadow_spread=&#8221;-7px&#8221; global_colors_info=&#8221;{}&#8221;]<\/p>\n<p><span> <\/span><span>Phenomena of Arctic Nature &#8211; luontomatkailun ja palvelukonseptoinnin opetus- ja oppimateriaalisivustolla<\/span><span>\u00a0on englanniksi teoriatietoa sek\u00e4 k\u00e4yt\u00e4nn\u00f6n ty\u00f6kaluja koskien luontomatkailun ja luontomatkailun kehitt\u00e4mist\u00e4 suojelualueilla. Koulutusmateriaalia voi hy\u00f6dynt\u00e4\u00e4 esimerkiksi perehtymis- ja koulutusmateriaalina luontomatkailun kehitt\u00e4misty\u00f6ss\u00e4, itseopiskelumateriaalina sek\u00e4 opetusmateriaalina.<\/span><span>\u00a0<\/span><\/p>\n<p>[\/et_pb_cta][\/et_pb_column][\/et_pb_row][\/et_pb_section]<\/p>\n","protected":false},"excerpt":{"rendered":"<p>\u00a0 Olemme koonneet k\u00e4ytt\u00f6\u00f6nne matkailun kehitysty\u00f6n tueksi eri hankkeissa\u00a0 luotuja ja sovellettuja ty\u00f6kaluja, materiaalipankkeja ja verkkokoulutuksia. Ty\u00f6kalut soveltuvat matkailuyritysten ja -kehitt\u00e4jien k\u00e4ytt\u00f6\u00f6n sek\u00e4 matkailualalla ty\u00f6skentelevien hy\u00f6dynnett\u00e4viksi.Matkailun ABC on matkailuyritt\u00e4jille suunnattu verkkokoulutuspaketti. Sivustolta l\u00f6yd\u00e4t materiaalia matkailun toimintaymp\u00e4rist\u00f6\u00f6n ja ominaispiirteisiin, menestyv\u00e4\u00e4n yritystoimintaan, turvallisuuteen sek\u00e4 lakiin ja s\u00e4\u00e4d\u00f6ksiin liittyen. Materiaali soveltuu sek\u00e4 aloitteleville ett\u00e4 jo jonkin aikaa alalla [&hellip;]<\/p>\n","protected":false},"author":9544,"featured_media":0,"parent":0,"menu_order":0,"comment_status":"closed","ping_status":"closed","template":"","meta":{"_et_pb_use_builder":"on","_et_pb_old_content":"","_et_gb_content_width":"","footnotes":""},"class_list":["post-951","page","type-page","status-publish","hentry"],"yoast_head":"<!-- This site is optimized with the Yoast SEO plugin v27.1.1 - https:\/\/yoast.com\/product\/yoast-seo-wordpress\/ -->\n<title>Ty\u00f6kaluja -<\/title>\n<meta name=\"robots\" content=\"index, follow, max-snippet:-1, max-image-preview:large, max-video-preview:-1\" \/>\n<link rel=\"canonical\" href=\"https:\/\/blogi.eoppimispalvelut.fi\/matkailuntki\/tyokaluja\/\" \/>\n<meta property=\"og:locale\" content=\"fi_FI\" \/>\n<meta property=\"og:type\" content=\"article\" \/>\n<meta property=\"og:title\" content=\"Ty\u00f6kaluja -\" \/>\n<meta property=\"og:description\" content=\"\u00a0 Olemme koonneet k\u00e4ytt\u00f6\u00f6nne matkailun kehitysty\u00f6n tueksi eri hankkeissa\u00a0 luotuja ja sovellettuja ty\u00f6kaluja, materiaalipankkeja ja verkkokoulutuksia. Ty\u00f6kalut soveltuvat matkailuyritysten ja -kehitt\u00e4jien k\u00e4ytt\u00f6\u00f6n sek\u00e4 matkailualalla ty\u00f6skentelevien hy\u00f6dynnett\u00e4viksi.Matkailun ABC on matkailuyritt\u00e4jille suunnattu verkkokoulutuspaketti. Sivustolta l\u00f6yd\u00e4t materiaalia matkailun toimintaymp\u00e4rist\u00f6\u00f6n ja ominaispiirteisiin, menestyv\u00e4\u00e4n yritystoimintaan, turvallisuuteen sek\u00e4 lakiin ja s\u00e4\u00e4d\u00f6ksiin liittyen. Materiaali soveltuu sek\u00e4 aloitteleville ett\u00e4 jo jonkin aikaa alalla [&hellip;]\" \/>\n<meta property=\"og:url\" content=\"https:\/\/blogi.eoppimispalvelut.fi\/matkailuntki\/tyokaluja\/\" \/>\n<meta property=\"article:modified_time\" content=\"2024-11-28T08:05:35+00:00\" \/>\n<meta name=\"twitter:card\" content=\"summary_large_image\" \/>\n<meta name=\"twitter:label1\" content=\"Est. reading time\" \/>\n\t<meta name=\"twitter:data1\" content=\"5 minutes\" \/>\n<script type=\"application\/ld+json\" class=\"yoast-schema-graph\">{\"@context\":\"https:\/\/schema.org\",\"@graph\":[{\"@type\":\"WebPage\",\"@id\":\"https:\/\/blogi.eoppimispalvelut.fi\/matkailuntki\/tyokaluja\/\",\"url\":\"https:\/\/blogi.eoppimispalvelut.fi\/matkailuntki\/tyokaluja\/\",\"name\":\"Ty\u00f6kaluja -\",\"isPartOf\":{\"@id\":\"https:\/\/blogi.eoppimispalvelut.fi\/matkailuntki\/#website\"},\"datePublished\":\"2022-06-23T11:37:10+00:00\",\"dateModified\":\"2024-11-28T08:05:35+00:00\",\"breadcrumb\":{\"@id\":\"https:\/\/blogi.eoppimispalvelut.fi\/matkailuntki\/tyokaluja\/#breadcrumb\"},\"inLanguage\":\"fi\",\"potentialAction\":[{\"@type\":\"ReadAction\",\"target\":[\"https:\/\/blogi.eoppimispalvelut.fi\/matkailuntki\/tyokaluja\/\"]}]},{\"@type\":\"BreadcrumbList\",\"@id\":\"https:\/\/blogi.eoppimispalvelut.fi\/matkailuntki\/tyokaluja\/#breadcrumb\",\"itemListElement\":[{\"@type\":\"ListItem\",\"position\":1,\"name\":\"Home\",\"item\":\"https:\/\/blogi.eoppimispalvelut.fi\/matkailuntki\/\"},{\"@type\":\"ListItem\",\"position\":2,\"name\":\"Ty\u00f6kaluja\"}]},{\"@type\":\"WebSite\",\"@id\":\"https:\/\/blogi.eoppimispalvelut.fi\/matkailuntki\/#website\",\"url\":\"https:\/\/blogi.eoppimispalvelut.fi\/matkailuntki\/\",\"name\":\"\",\"description\":\"\",\"potentialAction\":[{\"@type\":\"SearchAction\",\"target\":{\"@type\":\"EntryPoint\",\"urlTemplate\":\"https:\/\/blogi.eoppimispalvelut.fi\/matkailuntki\/?s={search_term_string}\"},\"query-input\":{\"@type\":\"PropertyValueSpecification\",\"valueRequired\":true,\"valueName\":\"search_term_string\"}}],\"inLanguage\":\"fi\"}]}<\/script>\n<!-- \/ Yoast SEO plugin. -->","yoast_head_json":{"title":"Ty\u00f6kaluja -","robots":{"index":"index","follow":"follow","max-snippet":"max-snippet:-1","max-image-preview":"max-image-preview:large","max-video-preview":"max-video-preview:-1"},"canonical":"https:\/\/blogi.eoppimispalvelut.fi\/matkailuntki\/tyokaluja\/","og_locale":"fi_FI","og_type":"article","og_title":"Ty\u00f6kaluja -","og_description":"\u00a0 Olemme koonneet k\u00e4ytt\u00f6\u00f6nne matkailun kehitysty\u00f6n tueksi eri hankkeissa\u00a0 luotuja ja sovellettuja ty\u00f6kaluja, materiaalipankkeja ja verkkokoulutuksia. Ty\u00f6kalut soveltuvat matkailuyritysten ja -kehitt\u00e4jien k\u00e4ytt\u00f6\u00f6n sek\u00e4 matkailualalla ty\u00f6skentelevien hy\u00f6dynnett\u00e4viksi.Matkailun ABC on matkailuyritt\u00e4jille suunnattu verkkokoulutuspaketti. Sivustolta l\u00f6yd\u00e4t materiaalia matkailun toimintaymp\u00e4rist\u00f6\u00f6n ja ominaispiirteisiin, menestyv\u00e4\u00e4n yritystoimintaan, turvallisuuteen sek\u00e4 lakiin ja s\u00e4\u00e4d\u00f6ksiin liittyen. Materiaali soveltuu sek\u00e4 aloitteleville ett\u00e4 jo jonkin aikaa alalla [&hellip;]","og_url":"https:\/\/blogi.eoppimispalvelut.fi\/matkailuntki\/tyokaluja\/","article_modified_time":"2024-11-28T08:05:35+00:00","twitter_card":"summary_large_image","twitter_misc":{"Est. reading time":"5 minutes"},"schema":{"@context":"https:\/\/schema.org","@graph":[{"@type":"WebPage","@id":"https:\/\/blogi.eoppimispalvelut.fi\/matkailuntki\/tyokaluja\/","url":"https:\/\/blogi.eoppimispalvelut.fi\/matkailuntki\/tyokaluja\/","name":"Ty\u00f6kaluja -","isPartOf":{"@id":"https:\/\/blogi.eoppimispalvelut.fi\/matkailuntki\/#website"},"datePublished":"2022-06-23T11:37:10+00:00","dateModified":"2024-11-28T08:05:35+00:00","breadcrumb":{"@id":"https:\/\/blogi.eoppimispalvelut.fi\/matkailuntki\/tyokaluja\/#breadcrumb"},"inLanguage":"fi","potentialAction":[{"@type":"ReadAction","target":["https:\/\/blogi.eoppimispalvelut.fi\/matkailuntki\/tyokaluja\/"]}]},{"@type":"BreadcrumbList","@id":"https:\/\/blogi.eoppimispalvelut.fi\/matkailuntki\/tyokaluja\/#breadcrumb","itemListElement":[{"@type":"ListItem","position":1,"name":"Home","item":"https:\/\/blogi.eoppimispalvelut.fi\/matkailuntki\/"},{"@type":"ListItem","position":2,"name":"Ty\u00f6kaluja"}]},{"@type":"WebSite","@id":"https:\/\/blogi.eoppimispalvelut.fi\/matkailuntki\/#website","url":"https:\/\/blogi.eoppimispalvelut.fi\/matkailuntki\/","name":"","description":"","potentialAction":[{"@type":"SearchAction","target":{"@type":"EntryPoint","urlTemplate":"https:\/\/blogi.eoppimispalvelut.fi\/matkailuntki\/?s={search_term_string}"},"query-input":{"@type":"PropertyValueSpecification","valueRequired":true,"valueName":"search_term_string"}}],"inLanguage":"fi"}]}},"jetpack_sharing_enabled":true,"_links":{"self":[{"href":"https:\/\/blogi.eoppimispalvelut.fi\/matkailuntki\/wp-json\/wp\/v2\/pages\/951","targetHints":{"allow":["GET"]}}],"collection":[{"href":"https:\/\/blogi.eoppimispalvelut.fi\/matkailuntki\/wp-json\/wp\/v2\/pages"}],"about":[{"href":"https:\/\/blogi.eoppimispalvelut.fi\/matkailuntki\/wp-json\/wp\/v2\/types\/page"}],"author":[{"embeddable":true,"href":"https:\/\/blogi.eoppimispalvelut.fi\/matkailuntki\/wp-json\/wp\/v2\/users\/9544"}],"replies":[{"embeddable":true,"href":"https:\/\/blogi.eoppimispalvelut.fi\/matkailuntki\/wp-json\/wp\/v2\/comments?post=951"}],"version-history":[{"count":18,"href":"https:\/\/blogi.eoppimispalvelut.fi\/matkailuntki\/wp-json\/wp\/v2\/pages\/951\/revisions"}],"predecessor-version":[{"id":1551,"href":"https:\/\/blogi.eoppimispalvelut.fi\/matkailuntki\/wp-json\/wp\/v2\/pages\/951\/revisions\/1551"}],"wp:attachment":[{"href":"https:\/\/blogi.eoppimispalvelut.fi\/matkailuntki\/wp-json\/wp\/v2\/media?parent=951"}],"curies":[{"name":"wp","href":"https:\/\/api.w.org\/{rel}","templated":true}]}}