{"id":191,"date":"2023-12-01T16:02:31","date_gmt":"2023-12-01T14:02:31","guid":{"rendered":"https:\/\/blogi.eoppimispalvelut.fi\/matrix1\/?page_id=191"},"modified":"2024-01-07T12:46:49","modified_gmt":"2024-01-07T10:46:49","slug":"miksi-riskienhallintaa","status":"publish","type":"page","link":"https:\/\/blogi.eoppimispalvelut.fi\/matrix1\/miksi-riskienhallintaa\/","title":{"rendered":"Miksi riskienhallintaa?"},"content":{"rendered":"<p>[et_pb_section fb_built=&#8221;1&#8243; admin_label=&#8221;About&#8221; _builder_version=&#8221;4.20.4&#8243; background_image=&#8221;https:\/\/blogi.eoppimispalvelut.fi\/matrix1\/files\/2023\/10\/Nettisivu-ylapalkki-2-scaled.jpg&#8221; background_size=&#8221;contain&#8221; min_height=&#8221;100px&#8221; height=&#8221;100px&#8221; max_height=&#8221;356px&#8221; custom_padding=&#8221;68px||70px|||&#8221; global_colors_info=&#8221;{}&#8221;][et_pb_row _builder_version=&#8221;4.20.4&#8243; _module_preset=&#8221;default&#8221; max_width=&#8221;994px&#8221; min_height=&#8221;100px&#8221; height=&#8221;142px&#8221; custom_margin=&#8221;-49px|auto||10px||&#8221; global_colors_info=&#8221;{}&#8221;][et_pb_column type=&#8221;4_4&#8243; _builder_version=&#8221;4.20.4&#8243; _module_preset=&#8221;default&#8221; global_colors_info=&#8221;{}&#8221;][et_pb_text _builder_version=&#8221;4.20.4&#8243; _module_preset=&#8221;default&#8221; width=&#8221;100%&#8221; custom_margin=&#8221;|||10px|false|false&#8221; custom_padding=&#8221;0px|157px||0px||&#8221; hover_enabled=&#8221;0&#8243; global_colors_info=&#8221;{}&#8221; sticky_enabled=&#8221;0&#8243;]<\/p>\n<h1><span style=\"color: #ffffff\">Matkailuyritysten riskienarvioinnin ja kriisinhallinnan konseptointi osana strategista johtamista (Matrix 1)<\/span><\/h1>\n<p>[\/et_pb_text][\/et_pb_column][\/et_pb_row][\/et_pb_section][et_pb_section fb_built=&#8221;1&#8243; admin_label=&#8221;Testimonials&#8221; _builder_version=&#8221;4.18.0&#8243; min_height=&#8221;393.5px&#8221; height=&#8221;446px&#8221; custom_margin=&#8221;||-184px|||&#8221; custom_padding=&#8221;33px|||||&#8221; global_colors_info=&#8221;{}&#8221;][et_pb_row _builder_version=&#8221;4.20.4&#8243; _module_preset=&#8221;default&#8221; width=&#8221;73%&#8221; min_height=&#8221;135.5px&#8221; global_colors_info=&#8221;{}&#8221;][et_pb_column type=&#8221;4_4&#8243; _builder_version=&#8221;4.20.4&#8243; _module_preset=&#8221;default&#8221; global_colors_info=&#8221;{}&#8221;][et_pb_blurb use_icon=&#8221;on&#8221; _builder_version=&#8221;4.20.4&#8243; _module_preset=&#8221;default&#8221; global_colors_info=&#8221;{}&#8221;]<\/p>\n<h2>Riskienhallinta on mahdollisuuksien n\u00e4kemist\u00e4 ja v\u00e4\u00e4rien p\u00e4\u00e4t\u00f6sten v\u00e4ltt\u00e4mist\u00e4 \u2013 yrityksen suunnitelmallista johtamista tavoitteiden saavuttamiseksi.<\/h2>\n<p>[\/et_pb_blurb][\/et_pb_column][\/et_pb_row][et_pb_row column_structure=&#8221;1_2,1_2&#8243; _builder_version=&#8221;4.20.4&#8243; _module_preset=&#8221;default&#8221; custom_padding=&#8221;||20px|||&#8221; global_colors_info=&#8221;{}&#8221;][et_pb_column type=&#8221;1_2&#8243; _builder_version=&#8221;4.20.4&#8243; _module_preset=&#8221;default&#8221; global_colors_info=&#8221;{}&#8221;][et_pb_blurb use_icon=&#8221;on&#8221; image_icon_width=&#8221;200px&#8221; _builder_version=&#8221;4.20.4&#8243; _module_preset=&#8221;default&#8221; global_colors_info=&#8221;{}&#8221;]<\/p>\n<h1>Miksi riskienhallinta kannattaa?<\/h1>\n<ul>\n<li>Auttaa strategisten tavoitteiden saavuttamisessa ja v\u00e4\u00e4rien p\u00e4\u00e4t\u00f6sten v\u00e4ltt\u00e4misess\u00e4<\/li>\n<li>V\u00e4hent\u00e4\u00e4 yll\u00e4tt\u00e4vi\u00e4 kustannuksia<\/li>\n<li>Varmistaa operatiivista turvallisuutta, karsii mainehaittoja<\/li>\n<li>Turvaa liiketoiminnan jatkuvuutta<\/li>\n<li>Parantaa laatua ja tehokkuutta<\/li>\n<li>Osoittaa yrityksen vastuullisuutta \u2013 parantaa sidosryhmien luottamusta<\/li>\n<li>Luo uusia liiketoimintamahdollisuuksia<\/li>\n<li>Rajoittaa kriisien vaikutusta ja nopeuttaa toipumista<\/li>\n<\/ul>\n<p>[\/et_pb_blurb][et_pb_blurb use_icon=&#8221;on&#8221; content_max_width=&#8221;625px&#8221; _builder_version=&#8221;4.20.4&#8243; _module_preset=&#8221;default&#8221; max_width=&#8221;66%&#8221; custom_margin=&#8221;|-104px||||&#8221; border_radii=&#8221;on|2px|2px|2px|2px&#8221; border_width_all=&#8221;2px&#8221; border_color_all=&#8221;#6B6B6B&#8221; border_style_all=&#8221;dotted&#8221; global_colors_info=&#8221;{}&#8221;]<\/p>\n<h1><a href=\"https:\/\/blogi.eoppimispalvelut.fi\/matrix1\/files\/2023\/12\/Riskienhallintakonsepti_Matrix.pdf\" rel=\"attachment noopener wp-att-195\" target=\"_blank\">Lataa koko esite t\u00e4\u00e4lt\u00e4<\/a><\/h1>\n<p>[\/et_pb_blurb][\/et_pb_column][et_pb_column type=&#8221;1_2&#8243; _builder_version=&#8221;4.20.4&#8243; _module_preset=&#8221;default&#8221; global_colors_info=&#8221;{}&#8221;][et_pb_blurb image=&#8221;https:\/\/blogi.eoppimispalvelut.fi\/matrix1\/files\/2023\/12\/Kyselyn-mukaan.png&#8221; image_icon_width=&#8221;90%&#8221; content_max_width=&#8221;1100px&#8221; _builder_version=&#8221;4.20.4&#8243; _module_preset=&#8221;default&#8221; global_colors_info=&#8221;{}&#8221;]<\/p>\n<p>&nbsp;<\/p>\n<p>&nbsp;<\/p>\n<p>[\/et_pb_blurb][\/et_pb_column][\/et_pb_row][et_pb_row _builder_version=&#8221;4.20.4&#8243; _module_preset=&#8221;default&#8221; global_colors_info=&#8221;{}&#8221;][et_pb_column type=&#8221;4_4&#8243; _builder_version=&#8221;4.20.4&#8243; _module_preset=&#8221;default&#8221; global_colors_info=&#8221;{}&#8221;][\/et_pb_column][\/et_pb_row][\/et_pb_section][et_pb_section fb_built=&#8221;1&#8243; admin_label=&#8221;Blog&#8221; _builder_version=&#8221;4.16&#8243; background_image=&#8221;https:\/\/blogi.eoppimispalvelut.fi\/matrix1\/files\/2022\/12\/risk-33-scaled.jpg&#8221; background_size=&#8221;initial&#8221; min_height=&#8221;462.7px&#8221; custom_margin=&#8221;||&#8221; custom_padding=&#8221;4px|||||&#8221; global_colors_info=&#8221;{}&#8221;][et_pb_row _builder_version=&#8221;4.20.4&#8243; _module_preset=&#8221;default&#8221; global_colors_info=&#8221;{}&#8221;][et_pb_column type=&#8221;4_4&#8243; _builder_version=&#8221;4.20.4&#8243; _module_preset=&#8221;default&#8221; global_colors_info=&#8221;{}&#8221;][\/et_pb_column][\/et_pb_row][et_pb_row column_structure=&#8221;1_3,2_3&#8243; _builder_version=&#8221;4.20.4&#8243; _module_preset=&#8221;default&#8221; global_colors_info=&#8221;{}&#8221;][et_pb_column type=&#8221;1_3&#8243; _builder_version=&#8221;4.18.0&#8243; _module_preset=&#8221;default&#8221; global_colors_info=&#8221;{}&#8221;][et_pb_text _builder_version=&#8221;4.18.0&#8243; _module_preset=&#8221;default&#8221; max_width=&#8221;81%&#8221; custom_padding=&#8221;0px|||||&#8221; global_colors_info=&#8221;{}&#8221;]<\/p>\n<h1 style=\"text-align: right\">Yhteystiedot<\/h1>\n<p>[\/et_pb_text][\/et_pb_column][et_pb_column type=&#8221;2_3&#8243; _builder_version=&#8221;4.18.0&#8243; _module_preset=&#8221;default&#8221; global_colors_info=&#8221;{}&#8221;][et_pb_text _builder_version=&#8221;4.20.4&#8243; _module_preset=&#8221;default&#8221; global_colors_info=&#8221;{}&#8221;]<\/p>\n<h3>Projektip\u00e4\u00e4llikk\u00f6 Eeva Helameri, <span style=\"color: #e09900\"><a href=\"mailto:eeva.helameri@lapinamk.fi,\" style=\"color: #e09900\">eeva.helameri@lapinamk.fi,<\/a> +358 (0) 40 6195662&nbsp;<\/span><\/h3>\n<h3>Asiantuntija Pasi Satokangas, <span style=\"color: #e09900\"><a href=\"mailto:pasi.satokangas@lapinamk.fi\" style=\"color: #e09900\">pasi.satokangas@lapinamk.fi, +358 (0)40 7054976<\/a><\/span><span style=\"color: #e09900\"><\/span><\/h3>\n<h3>Asiantuntija Sari Nisula, <span style=\"color: #e09900\"><a href=\"mailto:pasi.satokangas@lapinamk.fi\" style=\"color: #e09900\">sari.nisula@lapinamk.fi,<\/a><\/span><\/h3>\n<p>[\/et_pb_text][\/et_pb_column][\/et_pb_row][et_pb_row column_structure=&#8221;1_2,1_2&#8243; _builder_version=&#8221;4.20.4&#8243; _module_preset=&#8221;default&#8221; global_colors_info=&#8221;{}&#8221;][et_pb_column type=&#8221;1_2&#8243; _builder_version=&#8221;4.20.4&#8243; _module_preset=&#8221;default&#8221; global_colors_info=&#8221;{}&#8221;][et_pb_blurb use_icon=&#8221;on&#8221; _builder_version=&#8221;4.20.4&#8243; _module_preset=&#8221;default&#8221; global_colors_info=&#8221;{}&#8221;][\/et_pb_blurb][\/et_pb_column][et_pb_column type=&#8221;1_2&#8243; _builder_version=&#8221;4.20.4&#8243; _module_preset=&#8221;default&#8221; global_colors_info=&#8221;{}&#8221;][\/et_pb_column][\/et_pb_row][\/et_pb_section]<\/p>\n","protected":false},"excerpt":{"rendered":"<p>Matkailuyritysten riskienarvioinnin ja kriisinhallinnan konseptointi osana strategista johtamista (Matrix 1)Riskienhallinta on mahdollisuuksien n\u00e4kemist\u00e4 ja v\u00e4\u00e4rien p\u00e4\u00e4t\u00f6sten v\u00e4ltt\u00e4mist\u00e4 \u2013 yrityksen suunnitelmallista johtamista tavoitteiden saavuttamiseksi.Miksi riskienhallinta kannattaa? Auttaa strategisten tavoitteiden saavuttamisessa ja v\u00e4\u00e4rien p\u00e4\u00e4t\u00f6sten v\u00e4ltt\u00e4misess\u00e4 V\u00e4hent\u00e4\u00e4 yll\u00e4tt\u00e4vi\u00e4 kustannuksia Varmistaa operatiivista turvallisuutta, karsii mainehaittoja Turvaa liiketoiminnan jatkuvuutta Parantaa laatua ja tehokkuutta Osoittaa yrityksen vastuullisuutta \u2013 parantaa sidosryhmien luottamusta [&hellip;]<\/p>\n","protected":false},"author":6208,"featured_media":0,"parent":0,"menu_order":0,"comment_status":"closed","ping_status":"closed","template":"","meta":{"_et_pb_use_builder":"on","_et_pb_old_content":"<!-- wp:divi\/placeholder \/-->","_et_gb_content_width":"","footnotes":""},"class_list":["post-191","page","type-page","status-publish","hentry"],"_links":{"self":[{"href":"https:\/\/blogi.eoppimispalvelut.fi\/matrix1\/wp-json\/wp\/v2\/pages\/191","targetHints":{"allow":["GET"]}}],"collection":[{"href":"https:\/\/blogi.eoppimispalvelut.fi\/matrix1\/wp-json\/wp\/v2\/pages"}],"about":[{"href":"https:\/\/blogi.eoppimispalvelut.fi\/matrix1\/wp-json\/wp\/v2\/types\/page"}],"author":[{"embeddable":true,"href":"https:\/\/blogi.eoppimispalvelut.fi\/matrix1\/wp-json\/wp\/v2\/users\/6208"}],"replies":[{"embeddable":true,"href":"https:\/\/blogi.eoppimispalvelut.fi\/matrix1\/wp-json\/wp\/v2\/comments?post=191"}],"version-history":[{"count":12,"href":"https:\/\/blogi.eoppimispalvelut.fi\/matrix1\/wp-json\/wp\/v2\/pages\/191\/revisions"}],"predecessor-version":[{"id":249,"href":"https:\/\/blogi.eoppimispalvelut.fi\/matrix1\/wp-json\/wp\/v2\/pages\/191\/revisions\/249"}],"wp:attachment":[{"href":"https:\/\/blogi.eoppimispalvelut.fi\/matrix1\/wp-json\/wp\/v2\/media?parent=191"}],"curies":[{"name":"wp","href":"https:\/\/api.w.org\/{rel}","templated":true}]}}