{"id":387,"date":"2025-01-08T14:28:20","date_gmt":"2025-01-08T12:28:20","guid":{"rendered":"https:\/\/blogi.eoppimispalvelut.fi\/matrix2\/?page_id=387"},"modified":"2026-01-23T14:41:41","modified_gmt":"2026-01-23T12:41:41","slug":"digityokalupakki","status":"publish","type":"page","link":"https:\/\/blogi.eoppimispalvelut.fi\/matrix2\/digityokalupakki\/","title":{"rendered":"Digity\u00f6kalupakki"},"content":{"rendered":"<p>[et_pb_section fb_built=&#8221;1&#8243; fullwidth=&#8221;on&#8221; _builder_version=&#8221;4.27.0&#8243; _module_preset=&#8221;default&#8221; global_colors_info=&#8221;{}&#8221;][et_pb_fullwidth_menu active_link_color=&#8221;#0C71C3&#8243; logo_width=&#8221;52%&#8221; show_search_icon=&#8221;on&#8221; _builder_version=&#8221;4.27.4&#8243; _module_preset=&#8221;default&#8221; menu_font=&#8221;|600|||||||&#8221; menu_text_color=&#8221;#0C71C3&#8243; menu_font_size=&#8221;18px&#8221; min_height=&#8221;50px&#8221; custom_padding=&#8221;||40px|||&#8221; global_colors_info=&#8221;{}&#8221;][\/et_pb_fullwidth_menu][\/et_pb_section][et_pb_section fb_built=&#8221;1&#8243; _builder_version=&#8221;4.27.4&#8243; _module_preset=&#8221;default&#8221; custom_padding=&#8221;7px|||||&#8221; global_colors_info=&#8221;{}&#8221;][et_pb_row _builder_version=&#8221;4.27.4&#8243; _module_preset=&#8221;default&#8221; custom_margin=&#8221;-15px|auto||auto||&#8221; custom_padding=&#8221;0px|||||&#8221; global_colors_info=&#8221;{}&#8221;][et_pb_column type=&#8221;4_4&#8243; _builder_version=&#8221;4.27.4&#8243; _module_preset=&#8221;default&#8221; global_colors_info=&#8221;{}&#8221;][et_pb_image src=&#8221;https:\/\/blogi.eoppimispalvelut.fi\/matrix2\/files\/2024\/09\/Matrix2_logopalkki.jpeg&#8221; title_text=&#8221;Matrix2_logopalkki&#8221; src_tablet=&#8221;https:\/\/blogi.eoppimispalvelut.fi\/matrix2\/files\/2024\/09\/Matrix2_logopalkki.jpeg&#8221; src_phone=&#8221;https:\/\/blogi.eoppimispalvelut.fi\/matrix2\/files\/2024\/09\/Matrix2_logopalkki.jpeg&#8221; src_last_edited=&#8221;on|tablet&#8221; _builder_version=&#8221;4.27.2&#8243; _module_preset=&#8221;default&#8221; width=&#8221;61%&#8221; module_alignment=&#8221;center&#8221; custom_margin=&#8221;|||-109px||&#8221; custom_padding=&#8221;0px|||13px|false|false&#8221; border_radii=&#8221;on|10px|10px|10px|10px&#8221; global_colors_info=&#8221;{}&#8221;][\/et_pb_image][\/et_pb_column][\/et_pb_row][et_pb_row column_structure=&#8221;1_2,1_2&#8243; _builder_version=&#8221;4.27.4&#8243; _module_preset=&#8221;default&#8221; global_colors_info=&#8221;{}&#8221;][et_pb_column type=&#8221;1_2&#8243; _builder_version=&#8221;4.27.4&#8243; _module_preset=&#8221;default&#8221; global_colors_info=&#8221;{}&#8221;][et_pb_blurb use_icon=&#8221;on&#8221; image_icon_width=&#8221;70%&#8221; _builder_version=&#8221;4.27.4&#8243; _module_preset=&#8221;default&#8221; header_level=&#8221;h1&#8243; background_color=&#8221;#FFFFFF&#8221; width=&#8221;80%&#8221; custom_margin=&#8221;0px||||false|false&#8221; custom_padding=&#8221;5px|5px|5px|5px|false|false&#8221; border_radii=&#8221;on|10px|10px|10px|10px&#8221; border_width_all=&#8221;3px&#8221; border_color_all=&#8221;#0C71C3&#8243; box_shadow_style=&#8221;preset2&#8243; global_colors_info=&#8221;{}&#8221;]<\/p>\n<p style=\"text-align: left\"><img loading=\"lazy\" decoding=\"async\" src=\"https:\/\/blogi.eoppimispalvelut.fi\/matrix2\/files\/2025\/10\/Riskienhallinnan-reitti.png\" width=\"800\" height=\"1755\" alt=\"\" class=\"wp-image-693 alignnone size-full\" srcset=\"https:\/\/blogi.eoppimispalvelut.fi\/matrix2\/files\/2025\/10\/Riskienhallinnan-reitti.png 800w, https:\/\/blogi.eoppimispalvelut.fi\/matrix2\/files\/2025\/10\/Riskienhallinnan-reitti-480x1053.png 480w\" sizes=\"(min-width: 0px) and (max-width: 480px) 480px, (min-width: 481px) 800px, 100vw\" \/><\/p>\n<p style=\"text-align: left\">[\/et_pb_blurb][\/et_pb_column][et_pb_column type=&#8221;1_2&#8243; _builder_version=&#8221;4.27.4&#8243; _module_preset=&#8221;default&#8221; global_colors_info=&#8221;{}&#8221;][et_pb_blurb title=&#8221;Testaa ty\u00f6kaluja!&#8221; image=&#8221;https:\/\/blogi.eoppimispalvelut.fi\/matrix2\/files\/2025\/10\/AdobeStock_812589936-3-scaled.jpeg&#8221; image_icon_width=&#8221;70%&#8221; _builder_version=&#8221;4.27.4&#8243; _module_preset=&#8221;default&#8221; header_level=&#8221;h1&#8243; background_color=&#8221;#FFFFFF&#8221; custom_margin=&#8221;0px||||false|false&#8221; custom_padding=&#8221;5px|5px|5px|5px|false|false&#8221; border_radii=&#8221;on|10px|10px|10px|10px&#8221; border_width_all=&#8221;3px&#8221; border_color_all=&#8221;#0C71C3&#8243; box_shadow_style=&#8221;preset2&#8243; global_colors_info=&#8221;{}&#8221;]<\/p>\n<p><strong><a href=\"https:\/\/blogi.eoppimispalvelut.fi\/matrix2\/riskienhallinta-valmius\/\">1. Riskienhallinta Valmius <\/a><\/strong>Olitpa sitten kokenut konkari tai riskienhallintaa aloittava, ensimm\u00e4inen askeleesi on testata, mill\u00e4 tasolla yrityksesi riskienhallinta on. Ilman t\u00e4t\u00e4 tietoa, on hankalaa l\u00e4hte\u00e4 kehittym\u00e4\u00e4n tavoitteellisesti.<\/p>\n<p><a href=\"https:\/\/blogi.eoppimispalvelut.fi\/matrix2\/riskienhallinta-lista\/\"><strong>2. Riskienhallinta Lista<\/strong><\/a> &#8211; huolehdi minimiss\u00e4\u00e4n, ett\u00e4 ainakin n\u00e4m\u00e4 ovat kunnossa.<\/p>\n<p><strong>3.<a href=\"https:\/\/blogi.eoppimispalvelut.fi\/matrix2\/riskienhallinta-startti\/\"> Riskienhallinta Startti:<\/a><\/strong> Oletko riskienhallinnassa kypsyystasotestin mukaan tasolla 1 tai 2? Aloita t\u00e4ll\u00e4 testill\u00e4, joka antaa joka kohdassa palautetta ja vinkkej\u00e4 minne suunnata seuraavaksi.<\/p>\n<p><strong>4. Riskienhallinta Plus:<\/strong> Etenkin jo riskienhallinnassa pidemm\u00e4ll\u00e4 oleville yrityksille suunnattu kattava ja perusteellinen ty\u00f6kalu, jonka avulla voit tunnistaa riskej\u00e4 kuuden kategorian perusteella. Sen j\u00e4lkeen arvioit riskien todenn\u00e4k\u00f6isyyksi\u00e4 ja vaikutuksia, ja laadit toimintasuunnitelman riskeihin varautumiseksi. <em>Julkaistaan kev\u00e4\u00e4ll\u00e4 2026.<\/em><\/p>\n<p style=\"text-align: left\">\n<p>[\/et_pb_blurb][et_pb_blurb title=&#8221;Mit\u00e4 tykk\u00e4sit? Anna meille palautetta!&#8221; use_icon=&#8221;on&#8221; _builder_version=&#8221;4.27.4&#8243; _module_preset=&#8221;default&#8221; global_colors_info=&#8221;{}&#8221;]<\/p>\n<h4><strong><a href=\"https:\/\/forms.gle\/o4AApCXWuniDAH688\" target=\"_blank\" rel=\"noopener\">Palautelomake<\/a><\/strong><\/h4>\n<p>[\/et_pb_blurb][\/et_pb_column][\/et_pb_row][et_pb_row _builder_version=&#8221;4.27.4&#8243; _module_preset=&#8221;default&#8221; global_colors_info=&#8221;{}&#8221;][et_pb_column type=&#8221;4_4&#8243; _builder_version=&#8221;4.27.4&#8243; _module_preset=&#8221;default&#8221; global_colors_info=&#8221;{}&#8221;][et_pb_blurb title=&#8221;Digity\u00f6kalun kehitys&#8221; image=&#8221;https:\/\/blogi.eoppimispalvelut.fi\/matrix2\/files\/2025\/07\/AdobeStock_549356485-1-scaled.jpeg&#8221; image_icon_width=&#8221;60%&#8221; _builder_version=&#8221;4.27.4&#8243; _module_preset=&#8221;default&#8221; background_color=&#8221;#FFFFFF&#8221; custom_margin=&#8221;0px||||false|false&#8221; custom_padding=&#8221;5px|5px|5px|5px|false|false&#8221; border_radii=&#8221;on|10px|10px|10px|10px&#8221; border_width_all=&#8221;3px&#8221; border_color_all=&#8221;#0C71C3&#8243; box_shadow_style=&#8221;preset2&#8243; global_colors_info=&#8221;{}&#8221;]<\/p>\n<p>Kev\u00e4\u00e4ll\u00e4 2025 alkoi taustaty\u00f6n tekeminen digity\u00f6kalun teknisen toteutustavan valitsemiseksi. Vaihtoehtoina tarkasteltiin mm. verkkopohjaista ty\u00f6kalua, kyselylomaketta ja Excel-pohjaista ratkaisua. Ty\u00f6kaluun valikoitui Excel mm. tietoturvan, k\u00e4ytett\u00e4vyysominaisuuksien ja muokattavuuden vuoksi. T\u00e4m\u00e4n j\u00e4lkeen alkoi sis\u00e4ll\u00f6n rakentaminen mm. Matrix 1 -hankkeen materiaalien ja muun ker\u00e4tyn taustatiedon pohjalta. Ty\u00f6kaluun m\u00e4\u00e4riteltiin keskeiset riskikategoriat ja siit\u00e4 alkoi riskiv\u00e4itt\u00e4mien tuottaminen ja muotoilu teemoihin liittyen.<\/p>\n<p>Kes\u00e4n 2025 aikana valmistui digity\u00f6kalun Excel-makroja hy\u00f6dynt\u00e4v\u00e4 pohja, johon sy\u00f6tettiin sis\u00e4lle ensimm\u00e4inen riskikategoria. Muiden riskikategorioiden sis\u00e4lt\u00f6\u00e4 ty\u00f6stettiin ahkerasti kes\u00e4n ja syksyn 2025 aikana. Oli yll\u00e4tt\u00e4v\u00e4n haastavaa valita sis\u00e4lt\u00f6jen muotoilu sek\u00e4 tarkat sis\u00e4ll\u00f6t, jotta ne ovat kattavia ja uusia n\u00e4k\u00f6kulmia riskienhallintaa jo tehneellekin yritykselle, joten t\u00e4h\u00e4n vaiheeseen panostettiin runsaasti aikaa. Samalla huomattiin tarve eri tasoisille ty\u00f6kaluille, jotta kypsyystasoltaan eritasoisille yrityksille olisi tarpeisiin ja resursseihin sopiva ty\u00f6kalu kaikille k\u00e4yt\u00f6ss\u00e4. T\u00e4m\u00e4n takia toteutettiin sek\u00e4 checklist ett\u00e4 Riskienhallinnan ABC -ty\u00f6kalut.<\/p>\n<p>Syksyll\u00e4 2025 jatketaan digity\u00f6kalun k\u00e4ytt\u00e4j\u00e4testauksella. Testaus toteutetaan Tornion XBit-tiloissa, ja siihen osallistuu sek\u00e4 opiskelijoita ett\u00e4 matkailuyritt\u00e4ji\u00e4. Palautteen perusteella ty\u00f6kalua muokataan ja kehitet\u00e4\u00e4n lopulliseen muotoonsa. Digity\u00f6kalun aikataulun mukainen valmistumisaika on kev\u00e4\u00e4ll\u00e4 2026.<\/p>\n<p>&nbsp;<\/p>\n<p>&nbsp;<\/p>\n<p>&nbsp;<\/p>\n<p>[\/et_pb_blurb][\/et_pb_column][\/et_pb_row][et_pb_row column_structure=&#8221;1_2,1_2&#8243; _builder_version=&#8221;4.19.2&#8243; _module_preset=&#8221;default&#8221; global_colors_info=&#8221;{}&#8221;][et_pb_column type=&#8221;1_2&#8243; _builder_version=&#8221;4.18.1&#8243; _module_preset=&#8221;default&#8221; global_colors_info=&#8221;{}&#8221;][et_pb_text _builder_version=&#8221;4.27.0&#8243; _module_preset=&#8221;70def7de-d769-4fcb-9898-dc9694e9c289&#8243; custom_margin=&#8221;||0px||false|false&#8221; global_colors_info=&#8221;{}&#8221;]<\/p>\n<h3>Hanketieto<\/h3>\n<p>[\/et_pb_text][et_pb_text _builder_version=&#8221;4.27.4&#8243; _module_preset=&#8221;6c681b62-9746-4c70-9548-9d6fac3ac4ba&#8221; global_colors_info=&#8221;{}&#8221;]<\/p>\n<p><span>Lapin matkailuyritysten riskienhallinnan ja resilienssin kasvattaminen osana strategista johtamista 2024-2026 (Matrix 2). Hanketta rahoittaa Lapin liitto Euroopan aluekehitysrahastosta (EAKR), ja se on k\u00e4ynniss\u00e4 1.9.2024 &#8211; 31.8.2026. Kokonaisbudjetti on 292 515 \u20ac, josta EU-tuen osuus on 234.008 \u20ac.<\/span><\/p>\n<p>[\/et_pb_text][\/et_pb_column][et_pb_column type=&#8221;1_2&#8243; _builder_version=&#8221;4.19.2&#8243; _module_preset=&#8221;default&#8221; global_colors_info=&#8221;{}&#8221;][et_pb_image src=&#8221;https:\/\/blogi.eoppimispalvelut.fi\/matrix2\/files\/2024\/09\/AdobeStock_335373444-scaled.jpeg&#8221; title_text=&#8221;Businessman changes wooden blocks with the words Risk and Rise. Business risk management and growth performance. Risks assessment. Planning strategies and achieving goals.&#8221; _builder_version=&#8221;4.27.0&#8243; _module_preset=&#8221;default&#8221; global_colors_info=&#8221;{}&#8221;][\/et_pb_image][et_pb_icon font_icon=&#8221;&#xf08c;||fa||400&#8243; icon_width=&#8221;40px&#8221; url=&#8221;https:\/\/www.linkedin.com\/company\/matrix2hanke\/&#8221; align=&#8221;right&#8221; _builder_version=&#8221;4.27.0&#8243; _module_preset=&#8221;default&#8221; global_colors_info=&#8221;{}&#8221;][\/et_pb_icon][et_pb_icon font_icon=&#8221;&#xe0c8;||divi||400&#8243; icon_width=&#8221;40px&#8221; url=&#8221;https:\/\/www.instagram.com\/matrix2hanke\/&#8221; align=&#8221;right&#8221; _builder_version=&#8221;4.27.0&#8243; _module_preset=&#8221;default&#8221; global_colors_info=&#8221;{}&#8221;][\/et_pb_icon][et_pb_text disabled_on=&#8221;off|off|off&#8221; _builder_version=&#8221;4.27.2&#8243; _module_preset=&#8221;default&#8221; global_colors_info=&#8221;{}&#8221;]<\/p>\n<h3 style=\"text-align: right\"><a href=\"https:\/\/lapinamk.fi\/lapin-amk\/tietosuoja\/\" target=\"_blank\" rel=\"noopener\">Tietosuoja<\/a><\/h3>\n<p>[\/et_pb_text][\/et_pb_column][\/et_pb_row][\/et_pb_section]<\/p>\n","protected":false},"excerpt":{"rendered":"<p>1. Riskienhallinta Valmius Olitpa sitten kokenut konkari tai riskienhallintaa aloittava, ensimm\u00e4inen askeleesi on testata, mill\u00e4 tasolla yrityksesi riskienhallinta on. Ilman t\u00e4t\u00e4 tietoa, on hankalaa l\u00e4hte\u00e4 kehittym\u00e4\u00e4n tavoitteellisesti. 2. Riskienhallinta Lista &#8211; huolehdi minimiss\u00e4\u00e4n, ett\u00e4 ainakin n\u00e4m\u00e4 ovat kunnossa. 3. Riskienhallinta Startti: Oletko riskienhallinnassa kypsyystasotestin mukaan tasolla 1 tai 2? Aloita t\u00e4ll\u00e4 testill\u00e4, joka antaa joka [&hellip;]<\/p>\n","protected":false},"author":47863,"featured_media":0,"parent":0,"menu_order":0,"comment_status":"closed","ping_status":"closed","template":"","meta":{"_et_pb_use_builder":"on","_et_pb_old_content":"","_et_gb_content_width":"","footnotes":""},"class_list":["post-387","page","type-page","status-publish","hentry"],"_links":{"self":[{"href":"https:\/\/blogi.eoppimispalvelut.fi\/matrix2\/wp-json\/wp\/v2\/pages\/387","targetHints":{"allow":["GET"]}}],"collection":[{"href":"https:\/\/blogi.eoppimispalvelut.fi\/matrix2\/wp-json\/wp\/v2\/pages"}],"about":[{"href":"https:\/\/blogi.eoppimispalvelut.fi\/matrix2\/wp-json\/wp\/v2\/types\/page"}],"author":[{"embeddable":true,"href":"https:\/\/blogi.eoppimispalvelut.fi\/matrix2\/wp-json\/wp\/v2\/users\/47863"}],"replies":[{"embeddable":true,"href":"https:\/\/blogi.eoppimispalvelut.fi\/matrix2\/wp-json\/wp\/v2\/comments?post=387"}],"version-history":[{"count":32,"href":"https:\/\/blogi.eoppimispalvelut.fi\/matrix2\/wp-json\/wp\/v2\/pages\/387\/revisions"}],"predecessor-version":[{"id":863,"href":"https:\/\/blogi.eoppimispalvelut.fi\/matrix2\/wp-json\/wp\/v2\/pages\/387\/revisions\/863"}],"wp:attachment":[{"href":"https:\/\/blogi.eoppimispalvelut.fi\/matrix2\/wp-json\/wp\/v2\/media?parent=387"}],"curies":[{"name":"wp","href":"https:\/\/api.w.org\/{rel}","templated":true}]}}