{"id":435,"date":"2025-01-14T15:11:21","date_gmt":"2025-01-14T13:11:21","guid":{"rendered":"https:\/\/blogi.eoppimispalvelut.fi\/matrix2\/?page_id=435"},"modified":"2026-03-11T12:11:10","modified_gmt":"2026-03-11T10:11:10","slug":"ennakointitieto","status":"publish","type":"page","link":"https:\/\/blogi.eoppimispalvelut.fi\/matrix2\/ennakointitieto\/","title":{"rendered":"Ennakointitieto"},"content":{"rendered":"<p>[et_pb_section fb_built=&#8221;1&#8243; fullwidth=&#8221;on&#8221; _builder_version=&#8221;4.27.4&#8243; _module_preset=&#8221;default&#8221; global_colors_info=&#8221;{}&#8221;][et_pb_fullwidth_menu active_link_color=&#8221;#0C71C3&#8243; logo_width=&#8221;52%&#8221; show_search_icon=&#8221;on&#8221; _builder_version=&#8221;4.27.4&#8243; _module_preset=&#8221;default&#8221; menu_font=&#8221;|600|||||||&#8221; menu_text_color=&#8221;#0C71C3&#8243; menu_font_size=&#8221;18px&#8221; min_height=&#8221;50px&#8221; global_colors_info=&#8221;{}&#8221;][\/et_pb_fullwidth_menu][\/et_pb_section][et_pb_section fb_built=&#8221;1&#8243; _builder_version=&#8221;4.27.4&#8243; _module_preset=&#8221;default&#8221; module_alignment=&#8221;center&#8221; custom_margin=&#8221;||-102px|||&#8221; custom_padding=&#8221;4px||0px|||&#8221; global_colors_info=&#8221;{}&#8221;][et_pb_row _builder_version=&#8221;4.27.0&#8243; _module_preset=&#8221;default&#8221; min_height=&#8221;4.6px&#8221; custom_margin=&#8221;-27px|auto||auto||&#8221; custom_padding=&#8221;12px|||||&#8221; global_colors_info=&#8221;{}&#8221;][et_pb_column type=&#8221;4_4&#8243; _builder_version=&#8221;4.27.0&#8243; _module_preset=&#8221;default&#8221; global_colors_info=&#8221;{}&#8221;][et_pb_image src=&#8221;https:\/\/blogi.eoppimispalvelut.fi\/matrix2\/files\/2024\/09\/Matrix2_logopalkki.jpeg&#8221; title_text=&#8221;Matrix2_logopalkki&#8221; align=&#8221;center&#8221; _builder_version=&#8221;4.27.4&#8243; _module_preset=&#8221;default&#8221; width=&#8221;61%&#8221; module_alignment=&#8221;center&#8221; custom_margin=&#8221;|||-109px||&#8221; custom_padding=&#8221;0px|||||&#8221; global_colors_info=&#8221;{}&#8221;][\/et_pb_image][\/et_pb_column][\/et_pb_row][et_pb_row column_structure=&#8221;1_2,1_2&#8243; _builder_version=&#8221;4.27.4&#8243; _module_preset=&#8221;default&#8221; custom_margin=&#8221;-27px|auto||auto||&#8221; global_colors_info=&#8221;{}&#8221;][et_pb_column type=&#8221;1_2&#8243; _builder_version=&#8221;4.27.4&#8243; _module_preset=&#8221;default&#8221; global_colors_info=&#8221;{}&#8221;][et_pb_blurb title=&#8221;Suuntaa toimintaa tulevaan&#8221; image=&#8221;https:\/\/blogi.eoppimispalvelut.fi\/matrix2\/files\/2024\/10\/AdobeStock_440316169-scaled.jpeg&#8221; _builder_version=&#8221;4.27.4&#8243; _module_preset=&#8221;default&#8221; header_level=&#8221;h1&#8243; background_color=&#8221;#FFFFFF&#8221; custom_margin=&#8221;0px||-7px||false|false&#8221; custom_padding=&#8221;5px|0px|6px|5px|false|false&#8221; border_radii=&#8221;on|10px|10px|10px|10px&#8221; border_width_all=&#8221;3px&#8221; border_color_all=&#8221;#0C71C3&#8243; box_shadow_style=&#8221;preset2&#8243; global_colors_info=&#8221;{}&#8221;]<\/p>\n<p>Hankkeessa kartoitamme ja pilotoimme eri ennakointity\u00f6kaluja ja tiedon l\u00e4hteit\u00e4. Tavoitteena on l\u00f6yt\u00e4\u00e4 k\u00e4yt\u00e4nn\u00f6nl\u00e4heinen tapa yritysten saada k\u00e4ytt\u00f6\u00f6ns\u00e4 matkailualaa koskevaa ennakointitietoa, jotta ne voivat suunnata yrityksen strategista riskien ja mahdollisuuksien hallintaa vahvemmin tulevaisuuteen.<\/p>\n<p>Syksyll\u00e4 2025 toteutamme matkailuyritysten ja toimijoiden kanssa ennakointity\u00f6kalujen testausta. <a href=\"https:\/\/blogi.eoppimispalvelut.fi\/matrix2\/googletrends\/\"><strong>T\u00e4\u00e4lt\u00e4<\/strong><\/a> voit itsen\u00e4isesti kokeilla miten <strong>Google Trendsi\u00e4 voi hy\u00f6dynt\u00e4\u00e4<\/strong> online-markkinoinnin ja asiakastuntemuksen kehitt\u00e4misess\u00e4, sek\u00e4 n\u00e4ihin liittyvien riskien ja mahdollisuuksien hallitsemisessa.<\/p>\n<p>J\u00e4rjest\u00e4mme my\u00f6s<strong> testaustilaisuuksia<\/strong> eri puolilla Lappia teemalla <strong>&#8221;Mink\u00e4lainen on tulevaisuuden asiakas?&#8221;<\/strong>, joissa testataan sek\u00e4 tulevaisuuspy\u00f6r\u00e4\u00e4 ett\u00e4 Sitran Trendeist\u00e4 liiketoiminnaksi -menetelmi\u00e4. Tervetuloa mukaan!<\/p>\n<p>&nbsp;<\/p>\n<p>[\/et_pb_blurb][\/et_pb_column][et_pb_column type=&#8221;1_2&#8243; _builder_version=&#8221;4.27.4&#8243; _module_preset=&#8221;default&#8221; global_colors_info=&#8221;{}&#8221;][et_pb_blurb title=&#8221;Lue lis\u00e4\u00e4&#8221; image=&#8221;https:\/\/blogi.eoppimispalvelut.fi\/matrix2\/files\/2025\/07\/AdobeStock_547364102-scaled.jpeg&#8221; _builder_version=&#8221;4.27.4&#8243; _module_preset=&#8221;default&#8221; background_color=&#8221;#FFFFFF&#8221; custom_margin=&#8221;0px||-7px||false|false&#8221; custom_padding=&#8221;5px|0px|6px|5px|false|false&#8221; hover_enabled=&#8221;0&#8243; border_radii=&#8221;on|10px|10px|10px|10px&#8221; border_width_all=&#8221;3px&#8221; border_color_all=&#8221;#0C71C3&#8243; box_shadow_style=&#8221;preset2&#8243; global_colors_info=&#8221;{}&#8221; sticky_enabled=&#8221;0&#8243;]<\/p>\n<p>Lue asiantuntijoidemme Pasi Satokankaan (YTM) ja Anssi Tarkiaisen (KTT) kirjoittama artikkeli aiheesta: <a href=\"https:\/\/blogi.eoppimispalvelut.fi\/lumenlehti\/2025\/04\/24\/matkailuelinkeinon-huominen-tehdaan-tanaan\/\" target=\"_blank\" rel=\"noopener\">Matkailuelinkeinon huominen tehd\u00e4\u00e4n t\u00e4n\u00e4\u00e4n \u2013 Lumen <\/a><\/p>\n<p>Artikkeli on julkaistu Lapin ammattikorkeakoulun Lumen-verkkolehdess\u00e4 24.4.2025.<\/p>\n<p>&nbsp;<\/p>\n<p>Lue asiantuntijoidemme Pasi Satokankaan (YTM) ja Tiina M\u00e4ki-Pet\u00e4j\u00e4n (YTM) kirjoittama artikkeli aiheesta: <a href=\"https:\/\/blogi.eoppimispalvelut.fi\/lumenlehti\/2026\/02\/05\/tekoalyn-mahdollisuudet-matkailuyritysten-ennakointitoiminnassa\/\" target=\"_blank\" rel=\"noopener\">Teko\u00e4lyn mahdollisuudet matkailuyritysten ennakointitoiminnassa<\/a><\/p>\n<p>Artikkeli on julkaistu Lapin ammattikorkeakoulun Lumen-verkkolehdess\u00e4 5.2.2026.<\/p>\n<p>[\/et_pb_blurb][\/et_pb_column][\/et_pb_row][et_pb_row column_structure=&#8221;1_2,1_2&#8243; _builder_version=&#8221;4.19.2&#8243; _module_preset=&#8221;default&#8221; global_colors_info=&#8221;{}&#8221;][et_pb_column type=&#8221;1_2&#8243; _builder_version=&#8221;4.18.1&#8243; _module_preset=&#8221;default&#8221; global_colors_info=&#8221;{}&#8221;][et_pb_text _builder_version=&#8221;4.27.0&#8243; _module_preset=&#8221;70def7de-d769-4fcb-9898-dc9694e9c289&#8243; custom_margin=&#8221;||0px||false|false&#8221; global_colors_info=&#8221;{}&#8221;]<\/p>\n<h3>Hanketieto<\/h3>\n<p>[\/et_pb_text][et_pb_text _builder_version=&#8221;4.27.4&#8243; _module_preset=&#8221;6c681b62-9746-4c70-9548-9d6fac3ac4ba&#8221; global_colors_info=&#8221;{}&#8221;]<\/p>\n<p><span>Lapin matkailuyritysten riskienhallinnan ja resilienssin kasvattaminen osana strategista johtamista 2024-2026 (Matrix 2). Hanketta rahoittaa Lapin liitto Euroopan aluekehitysrahastosta (EAKR), ja se on k\u00e4ynniss\u00e4 1.9.2024 &#8211; 31.8.2026. Kokonaisbudjetti on 292 515 \u20ac, josta EU-tuen osuus on 234.008 \u20ac.<\/span><\/p>\n<p>[\/et_pb_text][\/et_pb_column][et_pb_column type=&#8221;1_2&#8243; _builder_version=&#8221;4.19.2&#8243; _module_preset=&#8221;default&#8221; global_colors_info=&#8221;{}&#8221;][et_pb_image src=&#8221;https:\/\/blogi.eoppimispalvelut.fi\/matrix2\/files\/2024\/09\/AdobeStock_335373444-scaled.jpeg&#8221; title_text=&#8221;Businessman changes wooden blocks with the words Risk and Rise. Business risk management and growth performance. Risks assessment. Planning strategies and achieving goals.&#8221; _builder_version=&#8221;4.27.0&#8243; _module_preset=&#8221;default&#8221; global_colors_info=&#8221;{}&#8221;][\/et_pb_image][\/et_pb_column][\/et_pb_row][et_pb_row column_structure=&#8221;1_3,1_3,1_3&#8243; _builder_version=&#8221;4.19.2&#8243; _module_preset=&#8221;default&#8221; global_colors_info=&#8221;{}&#8221;][et_pb_column type=&#8221;1_3&#8243; _builder_version=&#8221;4.18.1&#8243; _module_preset=&#8221;default&#8221; global_colors_info=&#8221;{}&#8221;][\/et_pb_column][et_pb_column type=&#8221;1_3&#8243; _builder_version=&#8221;4.27.4&#8243; _module_preset=&#8221;default&#8221; global_colors_info=&#8221;{}&#8221;][\/et_pb_column][et_pb_column type=&#8221;1_3&#8243; _builder_version=&#8221;4.19.2&#8243; _module_preset=&#8221;default&#8221; global_colors_info=&#8221;{}&#8221;][et_pb_icon font_icon=&#8221;&#xf08c;||fa||400&#8243; icon_width=&#8221;40px&#8221; url=&#8221;https:\/\/www.linkedin.com\/company\/matrix2hanke\/&#8221; align=&#8221;right&#8221; _builder_version=&#8221;4.27.0&#8243; _module_preset=&#8221;default&#8221; global_colors_info=&#8221;{}&#8221;][\/et_pb_icon][et_pb_icon font_icon=&#8221;&#xe0c8;||divi||400&#8243; icon_width=&#8221;40px&#8221; url=&#8221;https:\/\/www.instagram.com\/matrix2hanke\/&#8221; align=&#8221;right&#8221; _builder_version=&#8221;4.27.0&#8243; _module_preset=&#8221;default&#8221; global_colors_info=&#8221;{}&#8221;][\/et_pb_icon][et_pb_text disabled_on=&#8221;off|off|off&#8221; _builder_version=&#8221;4.27.2&#8243; _module_preset=&#8221;default&#8221; global_colors_info=&#8221;{}&#8221;]<\/p>\n<h3 style=\"text-align: right\"><a href=\"https:\/\/lapinamk.fi\/lapin-amk\/tietosuoja\/\" target=\"_blank\" rel=\"noopener\">Tietosuoja<\/a><\/h3>\n<p>[\/et_pb_text][\/et_pb_column][\/et_pb_row][\/et_pb_section]<\/p>\n","protected":false},"excerpt":{"rendered":"<p>Hankkeessa kartoitamme ja pilotoimme eri ennakointity\u00f6kaluja ja tiedon l\u00e4hteit\u00e4. Tavoitteena on l\u00f6yt\u00e4\u00e4 k\u00e4yt\u00e4nn\u00f6nl\u00e4heinen tapa yritysten saada k\u00e4ytt\u00f6\u00f6ns\u00e4 matkailualaa koskevaa ennakointitietoa, jotta ne voivat suunnata yrityksen strategista riskien ja mahdollisuuksien hallintaa vahvemmin tulevaisuuteen. Syksyll\u00e4 2025 toteutamme matkailuyritysten ja toimijoiden kanssa ennakointity\u00f6kalujen testausta. T\u00e4\u00e4lt\u00e4 voit itsen\u00e4isesti kokeilla miten Google Trendsi\u00e4 voi hy\u00f6dynt\u00e4\u00e4 online-markkinoinnin ja asiakastuntemuksen kehitt\u00e4misess\u00e4, sek\u00e4 [&hellip;]<\/p>\n","protected":false},"author":47863,"featured_media":0,"parent":0,"menu_order":0,"comment_status":"closed","ping_status":"closed","template":"","meta":{"_et_pb_use_builder":"on","_et_pb_old_content":"","_et_gb_content_width":"","footnotes":""},"class_list":["post-435","page","type-page","status-publish","hentry"],"_links":{"self":[{"href":"https:\/\/blogi.eoppimispalvelut.fi\/matrix2\/wp-json\/wp\/v2\/pages\/435","targetHints":{"allow":["GET"]}}],"collection":[{"href":"https:\/\/blogi.eoppimispalvelut.fi\/matrix2\/wp-json\/wp\/v2\/pages"}],"about":[{"href":"https:\/\/blogi.eoppimispalvelut.fi\/matrix2\/wp-json\/wp\/v2\/types\/page"}],"author":[{"embeddable":true,"href":"https:\/\/blogi.eoppimispalvelut.fi\/matrix2\/wp-json\/wp\/v2\/users\/47863"}],"replies":[{"embeddable":true,"href":"https:\/\/blogi.eoppimispalvelut.fi\/matrix2\/wp-json\/wp\/v2\/comments?post=435"}],"version-history":[{"count":28,"href":"https:\/\/blogi.eoppimispalvelut.fi\/matrix2\/wp-json\/wp\/v2\/pages\/435\/revisions"}],"predecessor-version":[{"id":1060,"href":"https:\/\/blogi.eoppimispalvelut.fi\/matrix2\/wp-json\/wp\/v2\/pages\/435\/revisions\/1060"}],"wp:attachment":[{"href":"https:\/\/blogi.eoppimispalvelut.fi\/matrix2\/wp-json\/wp\/v2\/media?parent=435"}],"curies":[{"name":"wp","href":"https:\/\/api.w.org\/{rel}","templated":true}]}}