{"id":11,"date":"2019-05-25T15:45:02","date_gmt":"2019-05-25T12:45:02","guid":{"rendered":"https:\/\/blogi.eoppimispalvelut.fi\/mhwordpress2\/?page_id=11"},"modified":"2019-05-25T15:48:33","modified_gmt":"2019-05-25T12:48:33","slug":"miten-paadyimme-projektin-lopputulokseen","status":"publish","type":"page","link":"https:\/\/blogi.eoppimispalvelut.fi\/mhwordpress2\/esimerkkisivu\/miten-paadyimme-projektin-lopputulokseen\/","title":{"rendered":"Miten p\u00e4\u00e4dyimme projektin lopputulokseen"},"content":{"rendered":"<p>Mielest\u00e4ni projektin lopputuloksena saatiin todella toimivat ja edulliset vaihtoehdot yritt\u00e4j\u00e4lle. Yritt\u00e4j\u00e4\u00e4 haastattelemalla saatiin tarkka ja yksityiskohtainen kuva nykytilan toiminnoista. Ja ko. kartoituksen perusteella oli helppo hahmottaa tavoitetila. Asioita tarkasteltiin monelta kantilta sek\u00e4 nykytilan ett\u00e4 tavoitetilan osalta. Kaikissa osa-alueissa huomioitiin ratkaisujen edullisuus ja helppous. My\u00f6s ratkaisujen k\u00e4ytt\u00f6\u00f6noton helppous ja nopeus otettiin huomioon. Ratkaisujen oli my\u00f6s vastattava yritt\u00e4j\u00e4n esitt\u00e4miin tarpeisiin ja vaatimuksiin. Oleellisia olivat my\u00f6s tietojen varmuuskopiot ja tietoturvan vaatimusten t\u00e4yttyminen.<\/p>\n<p>Asiakastietoj\u00e4rjestelm\u00e4, ajanvarausj\u00e4rjestelm\u00e4 ja verkkomaksamisen mahdollistama j\u00e4rjestelm\u00e4 sis\u00e4ltyv\u00e4t kaikki yhteen ja samaan j\u00e4rjestelm\u00e4\u00e4n Slottiin, jota suosittelemme. T\u00e4m\u00e4 lis\u00e4\u00e4 tietojen yhteentoimivuutta ja v\u00e4hent\u00e4\u00e4 tietojen moninkertaista sy\u00f6tt\u00e4mist\u00e4 j\u00e4rjestelmiin varsinkin henkil\u00f6- ja yhteystietojen osalta. Palvelua voi testata ilmaiseksi 30 p\u00e4iv\u00e4n ajan ja varmistaa n\u00e4in palvelun sopivuus t\u00e4lle yritykselle. Palvelu on helppo ottaa k\u00e4ytt\u00f6\u00f6n ja vaatii vain tilin luomisen Slotti-pilvipalveluun. Palvelun tarjoaa suomalainen yritys Teonos Oy mik\u00e4 lis\u00e4\u00e4 luetettavuutta ja nopeuttanee ilmaisen k\u00e4ytt\u00f6tuen saatavuutta suomen kielell\u00e4. Yritt\u00e4j\u00e4 voi muokata palvelun ulkon\u00e4k\u00f6\u00e4 haluamansalaiseksi ja kielivalinnoista l\u00f6ytyv\u00e4t suomi, ruotsi ja englanti. Slottin asiakasrekisteri on Valviran rekister\u00f6im\u00e4 B-luokan potilastietoj\u00e4rjestelm\u00e4. Ajanvaraus-toiminnossa voidaan muuttaa tai poistaa varaus sek\u00e4 l\u00e4hett\u00e4\u00e4 muistutusviesti asiakkaalle. Maksaminen on mahdollista maksukortilla tai verkkopankissa. Asiakas p\u00e4\u00e4see palveluun saamansa linkin kautta helposti. Slotti-sovellusta voi k\u00e4ytt\u00e4\u00e4 erilaisilla tietokoneilla ja mobiililaitteilla useimmilla selaimilla monissa k\u00e4ytt\u00f6j\u00e4rjestelmiss\u00e4 kuten Windows-, Android-, iOS- ja Linux-k\u00e4ytt\u00f6j\u00e4rjestelmiss\u00e4. My\u00f6s offline-tilassa k\u00e4ytt\u00e4minen ty\u00f6p\u00f6yt\u00e4sovelluksena on mahdollista. Eli yritt\u00e4j\u00e4n nykyinen kannettava tietokone soveltuu Slottin k\u00e4ytt\u00e4miseen eik\u00e4 yritt\u00e4j\u00e4n tarvitse hankkia uutta laitetta. My\u00f6s l\u00e4pp\u00e4rill\u00e4 nyt oleva Windows 10 \u2013k\u00e4ytt\u00f6j\u00e4rjestelm\u00e4 tukee Slottia. My\u00f6s muut koneen ominaisuudet Intelin Core i5-5300U 2.30GHz -prosessori, RAM-muistia 8GB, kiintolevytilaa 238GB ovat riitt\u00e4v\u00e4t. Palveluntarjoaja varmuuskopioi tiedot automaattisesti ja palvelua k\u00e4ytet\u00e4\u00e4n salatulla yhteydell\u00e4. Tietoturvasta l\u00f6ytyy selosteet ja tiedot Teonos Oy:n sivulta. Kaikki kolme palvelua saa k\u00e4ytt\u00f6\u00f6n edullisella 10 euron kuukausihinnalla.<\/p>\n<p>Slottin maksu-ominaisuuden lis\u00e4ksi yritt\u00e4j\u00e4 voi ottaa Siirto-maksut k\u00e4ytt\u00f6\u00f6ns\u00e4, jos h\u00e4n on Osuuspankin, Nordean tai S-pankin asiakas. Se on ilmainen palvelu ja lis\u00e4\u00e4 maksutapoja.<\/p>\n<p>Keskusteluissa yritt\u00e4j\u00e4n kanssa yritt\u00e4j\u00e4 innostui my\u00f6s jonkinlaisesta anatomia-sovelluksesta, joka mahdollistaisi ihmiskehon digitaalisen tarkastelun. Vertailemamme ohjelmat olivat hyvin samankaltaisia 3D-sovelluksia. Koska Biodigital on ilmainen ohjelma, p\u00e4\u00e4dyimme suosittelemaan sit\u00e4 yritt\u00e4j\u00e4lle. Sit\u00e4 on mahdollista k\u00e4ytt\u00e4\u00e4 tietokoneella sek\u00e4 \u00e4lypuhelimella yleisimmiss\u00e4 k\u00e4ytt\u00f6j\u00e4rjestelmiss\u00e4 eik\u00e4 se siten vaadi yritt\u00e4j\u00e4lt\u00e4 uuden laitteen tai k\u00e4ytt\u00f6j\u00e4rjestelm\u00e4n hankkimista.<\/p>\n<p>Yritt\u00e4j\u00e4 toivoi my\u00f6s kirjanpito-ohjelmaa yrityksen k\u00e4ytt\u00f6\u00f6n jossain vaiheessa. Suosittelemamme SimblBooks on edullinen pilvipalvelu-sovellus, joka maksaa 9 \u20ac\/kk + alv. Ohjelmaa on mahdollista kokeilla 30 p\u00e4iv\u00e4\u00e4 maksutta. Ohjelma toimii useissa k\u00e4ytt\u00f6j\u00e4rjestelmiss\u00e4 kuten yritt\u00e4j\u00e4ll\u00e4 jo olevassa Windows-k\u00e4ytt\u00f6j\u00e4rjestelm\u00e4ss\u00e4. Ohjelmasta on my\u00f6s mahdollista l\u00e4hett\u00e4\u00e4 lasku asiakkaalle, jos asiakas haluaa maksutavaksi laskun. Ohjelmaan on mahdollista valita useita kielivaihtoehtoja ja k\u00e4ytt\u00e4j\u00e4tuki on ilmaista. Palveluun sis\u00e4ltyy varmuuskopiointi, salattu yhteys ja tietoturva-asioista on selostus yrityksen nettisivuilla.<\/p>\n<p>Toivomme, ett\u00e4 yritt\u00e4j\u00e4 tekee veroilmoituksen jatkossa aina Verohallinnon verkkopalvelun kautta. T\u00e4ytt\u00e4minen digitaalisesti on ohjatumpaa ja nopeampaa. Tarvittavia liitetiedostoja ei tarvitse tulostaa ja tiedot eiv\u00e4t h\u00e4vi\u00e4, jos esim. t\u00e4ytt\u00e4minen keskeytyy pidemm\u00e4ksi ajaksi. Annetut tiedot ovat saman tien tallessa verkkopalvelusta ja niist\u00e4 otetaan varmuuskopio Verohallinnon toimesta. My\u00f6s veroilmoituksen mahdollinen h\u00e4vi\u00e4minen tai my\u00f6h\u00e4styminen yh\u00e4 ep\u00e4varmemman Postin kuljetuspalvelun kautta v\u00e4ltet\u00e4\u00e4n.<\/p>\n<p>Yritt\u00e4j\u00e4 suunnitteli, ett\u00e4 yritykselle teht\u00e4isiin tulevaisuudessa nettisivut, tosin asialla ei ole kiire. Projektin aikana on kuitenkin k\u00e4ynyt ilmi, ett\u00e4 Slottin ajanvaraus-toiminto edellytt\u00e4\u00e4 tarvittavan linkin toimittamista asiakkaalle. Linkki on luonnollisesti mahdollista toimittaa esim. s\u00e4hk\u00f6postilla, mutta jotta t\u00e4llaisilta ylim\u00e4\u00e4r\u00e4isilt\u00e4 asiakaskohtaisilta ty\u00f6vaiheilta v\u00e4ltytt\u00e4isiin, pit\u00e4isi linkki saada johonkin pysyv\u00e4sti. Linkin voisi laittaa yrityksen nettisivuille tai johonkin some-kanavaan. Nopeinta on perustaa esim. FaceBook-tili yritykselle ja laittaa linkki sinne. Varsinaisen kotisivun tekemiseen suosittelemme Weebly-kotisivukonetta, jolla varsinkin it-taitoisen yritt\u00e4j\u00e4n on todella nopea tehd\u00e4 uudet sivut. Pilvipalvelun hinta on vain 7 \u20ac\/kk eik\u00e4 erillist\u00e4 webhotellia tarvita. Nettisivujen tekeminen on mahdollista monella eri \u2019tavalla\u2019 emmek\u00e4 t\u00e4ss\u00e4 l\u00e4hteneet selvitt\u00e4m\u00e4\u00e4n sit\u00e4 mahdollisuutta, ett\u00e4 yritt\u00e4j\u00e4 koodaisi itse nettisivut.<\/p>\n<p>Yrityksell\u00e4 ei t\u00e4ll\u00e4 hetkell\u00e4 ole k\u00e4yt\u00f6ss\u00e4 \u00e4lypuhelinta vain peruspuhelin, johon yritt\u00e4j\u00e4 on tyytyv\u00e4inen. Uusien pilvipalvelusovellusten takia suosittelemme yritykselle \u00e4lypuhelimen hankkimista. T\u00e4m\u00e4 mahdollistaa palvelujen: Slott, SimblBooks, Biodigital ja Weebly k\u00e4yt\u00f6n my\u00f6s mobiilisti. Elisa ilmoittaa sivuillaan yrityshinnat puhelimille, joten etsimme sielt\u00e4 sopivan vaihtoehdon. \u00a0Suositeltu laite on Samsungin Galaxy J6 \u2013malli, jossa on paljon ominaisuuksia, mutta edullinen hinta 132 \u20ac\/kk.<\/p>\n","protected":false},"excerpt":{"rendered":"<p>Mielest\u00e4ni projektin lopputuloksena saatiin todella toimivat ja edulliset vaihtoehdot yritt\u00e4j\u00e4lle. Yritt\u00e4j\u00e4\u00e4 haastattelemalla saatiin tarkka ja yksityiskohtainen kuva nykytilan toiminnoista. Ja ko. kartoituksen perusteella oli helppo hahmottaa tavoitetila. Asioita tarkasteltiin monelta kantilta sek\u00e4 nykytilan ett\u00e4 tavoitetilan osalta. Kaikissa osa-alueissa huomioitiin ratkaisujen edullisuus ja helppous. My\u00f6s ratkaisujen k\u00e4ytt\u00f6\u00f6noton helppous ja nopeus otettiin huomioon. Ratkaisujen oli my\u00f6s vastattava &hellip; <\/p>\n<p><a class=\"more-link btn\" href=\"https:\/\/blogi.eoppimispalvelut.fi\/mhwordpress2\/esimerkkisivu\/miten-paadyimme-projektin-lopputulokseen\/\">Jatka lukemista<\/a><\/p>\n","protected":false},"author":3705,"featured_media":0,"parent":2,"menu_order":0,"comment_status":"closed","ping_status":"closed","template":"template-onecolumn.php","meta":{"footnotes":""},"class_list":["post-11","page","type-page","status-publish","hentry","nodate","item-wrap"],"_links":{"self":[{"href":"https:\/\/blogi.eoppimispalvelut.fi\/mhwordpress2\/wp-json\/wp\/v2\/pages\/11","targetHints":{"allow":["GET"]}}],"collection":[{"href":"https:\/\/blogi.eoppimispalvelut.fi\/mhwordpress2\/wp-json\/wp\/v2\/pages"}],"about":[{"href":"https:\/\/blogi.eoppimispalvelut.fi\/mhwordpress2\/wp-json\/wp\/v2\/types\/page"}],"author":[{"embeddable":true,"href":"https:\/\/blogi.eoppimispalvelut.fi\/mhwordpress2\/wp-json\/wp\/v2\/users\/3705"}],"replies":[{"embeddable":true,"href":"https:\/\/blogi.eoppimispalvelut.fi\/mhwordpress2\/wp-json\/wp\/v2\/comments?post=11"}],"version-history":[{"count":1,"href":"https:\/\/blogi.eoppimispalvelut.fi\/mhwordpress2\/wp-json\/wp\/v2\/pages\/11\/revisions"}],"predecessor-version":[{"id":12,"href":"https:\/\/blogi.eoppimispalvelut.fi\/mhwordpress2\/wp-json\/wp\/v2\/pages\/11\/revisions\/12"}],"up":[{"embeddable":true,"href":"https:\/\/blogi.eoppimispalvelut.fi\/mhwordpress2\/wp-json\/wp\/v2\/pages\/2"}],"wp:attachment":[{"href":"https:\/\/blogi.eoppimispalvelut.fi\/mhwordpress2\/wp-json\/wp\/v2\/media?parent=11"}],"curies":[{"name":"wp","href":"https:\/\/api.w.org\/{rel}","templated":true}]}}