{"id":381,"date":"2021-08-20T11:29:55","date_gmt":"2021-08-20T08:29:55","guid":{"rendered":"https:\/\/blogi.eoppimispalvelut.fi\/mielellaan\/?page_id=381"},"modified":"2021-09-13T17:25:24","modified_gmt":"2021-09-13T14:25:24","slug":"luovuudesta","status":"publish","type":"page","link":"https:\/\/blogi.eoppimispalvelut.fi\/mielellaan\/luovuudesta\/","title":{"rendered":"Luovuudesta"},"content":{"rendered":"<p>Sanotaan, ett\u00e4 luovuus on el\u00e4m\u00e4n suola. Jos vain suoritat omaa arkeasi, el\u00e4m\u00e4 on yht\u00e4 iltaa, jonka j\u00e4lkeen tulee toinen ilta. Innostuksen kipin\u00e4 on h\u00e4v\u00f6ksiss\u00e4. El\u00e4m\u00e4n omaper\u00e4isyys ja omann\u00e4k\u00f6isyys on haavetta vain. Siksi luovuuden pit\u00e4isi kuulua meid\u00e4n kaikkien arkeen. T\u00e4rkeint\u00e4 on l\u00f6yt\u00e4\u00e4 oman luovuuden ilmiintymisen muodot. Luovuudella on monia ulottuvuuksia. Sit\u00e4 tarvitaan, olipa kyse mist\u00e4 vain; tieteest\u00e4, taiteesta, keksinn\u00f6ist\u00e4 tai filosofisista pohdinnoista. Siin\u00e4 on kysymys matkasta, ei niink\u00e4\u00e4n m\u00e4\u00e4r\u00e4np\u00e4\u00e4st\u00e4. Se on toisin tekemist\u00e4 ja ajattelemista, heitt\u00e4ytymist\u00e4, tuoreita polkuja. Se on uteliaisuutta, olemisen tapaa ja reitti unelmiimme. Mielen joustavuutta.<\/p>\n<h2>Luovuuden l\u00e4hteille<\/h2>\n<p>Miten voit l\u00f6yt\u00e4\u00e4 oman luovuuden l\u00e4hteille? Onko jotain mihin sinulla ei mielest\u00e4si ole ollut riitt\u00e4v\u00e4sti aikaa? Ent\u00e4 jotain mit\u00e4 olet aina halunnut kokeilla? Koskaan ei ole liian my\u00f6h\u00e4ist\u00e4 aloittaa jotain uutta. Hyp\u00e4t\u00e4 mukaan vaikkapa klovneriakurssille tai opetella uusi kieli. Ihan mit\u00e4 vain, jotain miss\u00e4 itse matka on t\u00e4rke\u00e4mp\u00e4\u00e4 kuin m\u00e4\u00e4r\u00e4np\u00e4\u00e4. Jotain, joka saa luovuutesi liekkeihin. Jotain, jonka ei tarvitse olla hy\u00f6dyllist\u00e4. Ja, kun kohde on valittu, mieti miten varmistat aikaa itselle merkitykselliseen tekemiseen. Tarvittaessa etsi itsellesi tsemppari tai kanssakulkija varmistamaan, ett\u00e4 matka alkaa.<\/p>\n<p>&nbsp;<\/p>\n<p><a href=\"https:\/\/blogi.eoppimispalvelut.fi\/mielellaan\/files\/2021\/09\/luovuudesta2.png\"><img loading=\"lazy\" decoding=\"async\" class=\"wp-image-517 aligncenter\" src=\"https:\/\/blogi.eoppimispalvelut.fi\/mielellaan\/files\/2021\/09\/luovuudesta2.png\" alt=\"Vaihtoehtoinen teksti: Kuvituskuva, nuori nainen suppailee vailla kohdetta, etsien inspiraatiota uuteen harrastukseen.\" width=\"779\" height=\"467\" srcset=\"https:\/\/blogi.eoppimispalvelut.fi\/mielellaan\/files\/2021\/09\/luovuudesta2.png 2000w, https:\/\/blogi.eoppimispalvelut.fi\/mielellaan\/files\/2021\/09\/luovuudesta2-900x540.png 900w, https:\/\/blogi.eoppimispalvelut.fi\/mielellaan\/files\/2021\/09\/luovuudesta2-1280x768.png 1280w, https:\/\/blogi.eoppimispalvelut.fi\/mielellaan\/files\/2021\/09\/luovuudesta2-768x461.png 768w, https:\/\/blogi.eoppimispalvelut.fi\/mielellaan\/files\/2021\/09\/luovuudesta2-1536x922.png 1536w\" sizes=\"auto, (max-width: 779px) 100vw, 779px\" \/><\/a><\/p>\n","protected":false},"excerpt":{"rendered":"<p>Sanotaan, ett\u00e4 luovuus on el\u00e4m\u00e4n suola. Jos vain suoritat omaa arkeasi, el\u00e4m\u00e4 on yht\u00e4 iltaa, jonka j\u00e4lkeen tulee toinen ilta. &hellip; <a href=\"https:\/\/blogi.eoppimispalvelut.fi\/mielellaan\/luovuudesta\/\" class=\"more-link\">Continue reading<span class=\"screen-reader-text\"> &#8220;Luovuudesta&#8221;<\/span><\/a><\/p>\n","protected":false},"author":7679,"featured_media":516,"parent":0,"menu_order":0,"comment_status":"closed","ping_status":"closed","template":"","meta":{"footnotes":""},"class_list":["post-381","page","type-page","status-publish","has-post-thumbnail","hentry"],"_links":{"self":[{"href":"https:\/\/blogi.eoppimispalvelut.fi\/mielellaan\/wp-json\/wp\/v2\/pages\/381","targetHints":{"allow":["GET"]}}],"collection":[{"href":"https:\/\/blogi.eoppimispalvelut.fi\/mielellaan\/wp-json\/wp\/v2\/pages"}],"about":[{"href":"https:\/\/blogi.eoppimispalvelut.fi\/mielellaan\/wp-json\/wp\/v2\/types\/page"}],"author":[{"embeddable":true,"href":"https:\/\/blogi.eoppimispalvelut.fi\/mielellaan\/wp-json\/wp\/v2\/users\/7679"}],"replies":[{"embeddable":true,"href":"https:\/\/blogi.eoppimispalvelut.fi\/mielellaan\/wp-json\/wp\/v2\/comments?post=381"}],"version-history":[{"count":8,"href":"https:\/\/blogi.eoppimispalvelut.fi\/mielellaan\/wp-json\/wp\/v2\/pages\/381\/revisions"}],"predecessor-version":[{"id":628,"href":"https:\/\/blogi.eoppimispalvelut.fi\/mielellaan\/wp-json\/wp\/v2\/pages\/381\/revisions\/628"}],"wp:featuredmedia":[{"embeddable":true,"href":"https:\/\/blogi.eoppimispalvelut.fi\/mielellaan\/wp-json\/wp\/v2\/media\/516"}],"wp:attachment":[{"href":"https:\/\/blogi.eoppimispalvelut.fi\/mielellaan\/wp-json\/wp\/v2\/media?parent=381"}],"curies":[{"name":"wp","href":"https:\/\/api.w.org\/{rel}","templated":true}]}}