{"id":7,"date":"2019-02-05T22:10:28","date_gmt":"2019-02-05T20:10:28","guid":{"rendered":"https:\/\/blogi.eoppimispalvelut.fi\/mielenrauhaaja\/?page_id=7"},"modified":"2019-02-11T15:10:48","modified_gmt":"2019-02-11T13:10:48","slug":"koulutukseni","status":"publish","type":"page","link":"https:\/\/blogi.eoppimispalvelut.fi\/mielenrauhaaja\/koulutukseni\/","title":{"rendered":"Koulutukseni"},"content":{"rendered":"<p>Hei.<\/p>\n<p>T\u00e4nne kerron hieman itsest\u00e4ni ja aiemmista t\u00f6ist\u00e4ni.<\/p>\n","protected":false},"excerpt":{"rendered":"<p>Hei. T\u00e4nne kerron hieman itsest\u00e4ni ja aiemmista t\u00f6ist\u00e4ni.<\/p>\n","protected":false},"author":3626,"featured_media":0,"parent":0,"menu_order":0,"comment_status":"closed","ping_status":"closed","template":"","meta":{"footnotes":""},"class_list":["post-7","page","type-page","status-publish","hentry"],"_links":{"self":[{"href":"https:\/\/blogi.eoppimispalvelut.fi\/mielenrauhaaja\/wp-json\/wp\/v2\/pages\/7","targetHints":{"allow":["GET"]}}],"collection":[{"href":"https:\/\/blogi.eoppimispalvelut.fi\/mielenrauhaaja\/wp-json\/wp\/v2\/pages"}],"about":[{"href":"https:\/\/blogi.eoppimispalvelut.fi\/mielenrauhaaja\/wp-json\/wp\/v2\/types\/page"}],"author":[{"embeddable":true,"href":"https:\/\/blogi.eoppimispalvelut.fi\/mielenrauhaaja\/wp-json\/wp\/v2\/users\/3626"}],"replies":[{"embeddable":true,"href":"https:\/\/blogi.eoppimispalvelut.fi\/mielenrauhaaja\/wp-json\/wp\/v2\/comments?post=7"}],"version-history":[{"count":2,"href":"https:\/\/blogi.eoppimispalvelut.fi\/mielenrauhaaja\/wp-json\/wp\/v2\/pages\/7\/revisions"}],"predecessor-version":[{"id":85,"href":"https:\/\/blogi.eoppimispalvelut.fi\/mielenrauhaaja\/wp-json\/wp\/v2\/pages\/7\/revisions\/85"}],"wp:attachment":[{"href":"https:\/\/blogi.eoppimispalvelut.fi\/mielenrauhaaja\/wp-json\/wp\/v2\/media?parent=7"}],"curies":[{"name":"wp","href":"https:\/\/api.w.org\/{rel}","templated":true}]}}