{"id":189,"date":"2019-05-29T12:34:45","date_gmt":"2019-05-29T09:34:45","guid":{"rendered":"https:\/\/blogi.eoppimispalvelut.fi\/monenlaisetoppijat\/?page_id=189"},"modified":"2023-09-11T13:42:54","modified_gmt":"2023-09-11T10:42:54","slug":"opiskelijan-tarina","status":"publish","type":"page","link":"https:\/\/blogi.eoppimispalvelut.fi\/monenlaisetoppijat\/neuropsykiatriset\/tourette\/opiskelijan-tarina\/","title":{"rendered":"Opiskelijan tarina"},"content":{"rendered":"\n<p><a href=\"https:\/\/www.luchyvinvointi.fi\/\">\t\t<meta http-equiv=\"refresh\" content=\"0; url=https:\/\/www.luchyvinvointi.fi\/\">\r\n\t\tPlease wait while you are redirected...or <a href=\"https:\/\/www.luchyvinvointi.fi\/\">Click Here<\/a> if you do not want to wait.\r\n<\/a><\/p>\n\n\n<p><span style=\"font-family: Arial, sans-serif\">Opintoni Lapin AMK:ssa sujuivat ilman sen suurempia ongelmia. Omat haasteensa opiskeluun toi tietysti minulle diagnosoitu touretten syndrooma. Olen ollut jo vuosia sinut sairauteni kanssa, joten ei siit\u00e4 sen kummempaa haittaa opiskeluaikana ollut. Toki oli asioita jotka piti ottaa huomioon, mutta t\u00e4h\u00e4n olin jo tottunut aiempien opintojeni kohdalla.<\/span><\/p>\n<p><span style=\"font-family: Arial, sans-serif\">\u200bTourette n\u00e4kyy minun kohdallani motorisina pakkoliikkein\u00e4. Pakkoliikkeet painottuvat minulla niska-hartiaseudulle ja k\u00e4siin. Tai ne ovat ne n\u00e4kyvimm\u00e4t. Kova stressi ja v\u00e4symys lis\u00e4\u00e4v\u00e4t pakkoliikkeiden m\u00e4\u00e4r\u00e4\u00e4 ja voimakkuutta.<\/span><\/p>\n<p><span style=\"font-family: Arial, sans-serif\">\u200bMielest\u00e4ni merkitt\u00e4vin, sairaudestani johtuva, negatiivinen vaikutus opiskeluun oli ajoittaiset poissaolot. Sairauteni hoito oli tuolloin murrosvaiheessa, sill\u00e4 minulle oltiin aloittamassa uudenlaista hoitomuotoa. Koulu ja opettajat suhtautuivat mielest\u00e4ni n\u00e4ihin poissaoloihin ymm\u00e4rt\u00e4v\u00e4isesti, eik\u00e4 niist\u00e4 koitunut haittaa opinnoilleni. Opintojen suoritusrytmiin ja aikatauluihin tehdyt, mm. sairaslomista johtuneet, muutokset onnistuivat hyvin opettajien sek\u00e4 opinto-ohjaajan kanssa.<\/span><\/p>\n<p><span style=\"font-family: Arial, sans-serif\">\u200bPakkoliikkeet hankaloittivat ajoittain tenttien kirjoitusta. Minulla oli mahdollisuus saada lis\u00e4aikaa tenttien suorittamiseen, mutta en kokenut sit\u00e4 tarpeelliseksi. Mik\u00e4li k\u00e4sinkirjoitettavia tenttej\u00e4 olisi ollut enemm\u00e4n tai jos niiden tekoon olisi varattu v\u00e4hemm\u00e4n aikaa, niin olisin luultavasti tarvinnut lis\u00e4aikaa.<\/span><\/p>\n<p><span style=\"font-family: Arial, sans-serif\">\u200bMielest\u00e4ni sairauteni huomioitiin opiskeluni aikana hyvin, tekem\u00e4tt\u00e4 siit\u00e4 kuitenkaan \u201cnumeroa\u201d. Mik\u00e4li jokin asia vaivasi tai tuntui hankalalta, niin kunhan vain uskalsi avata suunsa aiheesta niin apuakin sai.<\/span><\/p>","protected":false},"excerpt":{"rendered":"<p>Opintoni Lapin AMK:ssa sujuivat ilman sen suurempia ongelmia. Omat haasteensa opiskeluun toi tietysti minulle diagnosoitu touretten syndrooma. Olen ollut jo vuosia sinut sairauteni kanssa, joten ei siit\u00e4 sen kummempaa haittaa opiskeluaikana ollut. Toki oli asioita jotka piti ottaa huomioon, mutta t\u00e4h\u00e4n olin jo tottunut aiempien opintojeni kohdalla. \u200bTourette n\u00e4kyy minun kohdallani motorisina pakkoliikkein\u00e4. Pakkoliikkeet painottuvat [&hellip;]<\/p>\n","protected":false},"author":3742,"featured_media":0,"parent":89,"menu_order":0,"comment_status":"closed","ping_status":"closed","template":"","meta":{"site-sidebar-layout":"default","site-content-layout":"default","ast-site-content-layout":"default","site-content-style":"default","site-sidebar-style":"default","ast-global-header-display":"","ast-banner-title-visibility":"","ast-main-header-display":"","ast-hfb-above-header-display":"","ast-hfb-below-header-display":"","ast-hfb-mobile-header-display":"","site-post-title":"","ast-breadcrumbs-content":"","ast-featured-img":"","footer-sml-layout":"","ast-disable-related-posts":"","theme-transparent-header-meta":"default","adv-header-id-meta":"","stick-header-meta":"","header-above-stick-meta":"","header-main-stick-meta":"","header-below-stick-meta":"","astra-migrate-meta-layouts":"set","ast-page-background-enabled":"default","ast-page-background-meta":{"desktop":{"background-color":"var(--ast-global-color-4)","background-image":"","background-repeat":"repeat","background-position":"center center","background-size":"auto","background-attachment":"scroll","background-type":"","background-media":"","overlay-type":"","overlay-color":"","overlay-opacity":"","overlay-gradient":""},"tablet":{"background-color":"","background-image":"","background-repeat":"repeat","background-position":"center center","background-size":"auto","background-attachment":"scroll","background-type":"","background-media":"","overlay-type":"","overlay-color":"","overlay-opacity":"","overlay-gradient":""},"mobile":{"background-color":"","background-image":"","background-repeat":"repeat","background-position":"center center","background-size":"auto","background-attachment":"scroll","background-type":"","background-media":"","overlay-type":"","overlay-color":"","overlay-opacity":"","overlay-gradient":""}},"ast-content-background-meta":{"desktop":{"background-color":"var(--ast-global-color-5)","background-image":"","background-repeat":"repeat","background-position":"center center","background-size":"auto","background-attachment":"scroll","background-type":"","background-media":"","overlay-type":"","overlay-color":"","overlay-opacity":"","overlay-gradient":""},"tablet":{"background-color":"var(--ast-global-color-5)","background-image":"","background-repeat":"repeat","background-position":"center center","background-size":"auto","background-attachment":"scroll","background-type":"","background-media":"","overlay-type":"","overlay-color":"","overlay-opacity":"","overlay-gradient":""},"mobile":{"background-color":"var(--ast-global-color-5)","background-image":"","background-repeat":"repeat","background-position":"center center","background-size":"auto","background-attachment":"scroll","background-type":"","background-media":"","overlay-type":"","overlay-color":"","overlay-opacity":"","overlay-gradient":""}},"footnotes":""},"class_list":["post-189","page","type-page","status-publish","hentry"],"_links":{"self":[{"href":"https:\/\/blogi.eoppimispalvelut.fi\/monenlaisetoppijat\/wp-json\/wp\/v2\/pages\/189","targetHints":{"allow":["GET"]}}],"collection":[{"href":"https:\/\/blogi.eoppimispalvelut.fi\/monenlaisetoppijat\/wp-json\/wp\/v2\/pages"}],"about":[{"href":"https:\/\/blogi.eoppimispalvelut.fi\/monenlaisetoppijat\/wp-json\/wp\/v2\/types\/page"}],"author":[{"embeddable":true,"href":"https:\/\/blogi.eoppimispalvelut.fi\/monenlaisetoppijat\/wp-json\/wp\/v2\/users\/3742"}],"replies":[{"embeddable":true,"href":"https:\/\/blogi.eoppimispalvelut.fi\/monenlaisetoppijat\/wp-json\/wp\/v2\/comments?post=189"}],"version-history":[{"count":3,"href":"https:\/\/blogi.eoppimispalvelut.fi\/monenlaisetoppijat\/wp-json\/wp\/v2\/pages\/189\/revisions"}],"predecessor-version":[{"id":754,"href":"https:\/\/blogi.eoppimispalvelut.fi\/monenlaisetoppijat\/wp-json\/wp\/v2\/pages\/189\/revisions\/754"}],"up":[{"embeddable":true,"href":"https:\/\/blogi.eoppimispalvelut.fi\/monenlaisetoppijat\/wp-json\/wp\/v2\/pages\/89"}],"wp:attachment":[{"href":"https:\/\/blogi.eoppimispalvelut.fi\/monenlaisetoppijat\/wp-json\/wp\/v2\/media?parent=189"}],"curies":[{"name":"wp","href":"https:\/\/api.w.org\/{rel}","templated":true}]}}