{"id":470,"date":"2020-06-25T12:55:23","date_gmt":"2020-06-25T09:55:23","guid":{"rendered":"https:\/\/blogi.eoppimispalvelut.fi\/monenlaisetoppijat\/?page_id=470"},"modified":"2023-09-11T13:48:39","modified_gmt":"2023-09-11T10:48:39","slug":"opintojen-yksilolliset-jarjestelyt-lapin-yliopisto","status":"publish","type":"page","link":"https:\/\/blogi.eoppimispalvelut.fi\/monenlaisetoppijat\/opettajalle\/opintojen-yksilolliset-jarjestelyt-lapin-yliopisto\/","title":{"rendered":"Opintojen yksil\u00f6lliset j\u00e4rjestelyt Lapin yliopisto"},"content":{"rendered":"\n<p><a href=\"https:\/\/www.luchyvinvointi.fi\/\">\t\t<meta http-equiv=\"refresh\" content=\"0; url=https:\/\/www.luchyvinvointi.fi\/\">\r\n\t\tPlease wait while you are redirected...or <a href=\"https:\/\/www.luchyvinvointi.fi\/\">Click Here<\/a> if you do not want to wait.\r\n<\/a><\/p>\n\n\n<p>Esteett\u00f6myys koskee koko korkeakouluyhteis\u00f6\u00e4mme, mutta erityisen t\u00e4rke\u00e4\u00e4 se on opiskelijalle, jolla on jokin vamma, sairaus tai oppimisvaikeuksia. Opintojen yksil\u00f6llisill\u00e4 j\u00e4rjestelyill\u00e4 varmistetaan kaikille yhdenvertaiset mahdollisuudet opiskella.\u00a0 Opiskelija voi kartoittaa tarvetta erityisj\u00e4rjestelyille opintop\u00e4\u00e4llik\u00f6n tai\u00a0 kuraattorin kanssa.<\/p>\n<p>P\u00e4\u00e4t\u00f6ksen opintojen yksil\u00f6llisist\u00e4 j\u00e4rjestelyist\u00e4 tekee tiedekunnan opintop\u00e4\u00e4llikk\u00f6. \u00a0Opiskelijalle annetaan varsinaisen j\u00e4rjestelyp\u00e4\u00e4t\u00f6ksen lis\u00e4ksi Esteett\u00f6myyspassi, jossa m\u00e4\u00e4ritell\u00e4\u00e4n mihin j\u00e4rjestelyihin opiskelija on oikeutettu. Opiskelija, joka on saanut joko Lapin yliopiston Esteett\u00f6myyspassin tai Lapin ammattikorkeakoulun Saavutettavuuspassin, on oikeutettu yksil\u00f6llisiin j\u00e4rjestelyihin molemmissa oppilaitoksissa.<\/p>\n<p>Yksil\u00f6lliset j\u00e4rjestelyt pyrit\u00e4\u00e4n mahdollisuuksien mukaan huomioimaan\u00a0 koko opintojen ajan. Opintojen yksil\u00f6llisi\u00e4 j\u00e4rjestelyit\u00e4 voivat esimerkiksi olla lis\u00e4aika tenteiss\u00e4 tai rauhallinen tenttitila, tietokoneen k\u00e4ytt\u00f6 ja liikuntaesteiden huomiointi.<\/p>\n<p>Ohjeet opintojen yksil\u00f6llisten j\u00e4rjestelyiden hakemiseen l\u00f6ytyv\u00e4t <a href=\"https:\/\/www.ulapland.fi\/FI\/Opiskelu\/Opintojen-aikana\/Opiskelun-kaytannot#esteettomyys\" target=\"_blank\" rel=\"noopener noreferrer\">Lapin yliopiston sivuilta<\/a>.<\/p>\n<div class=\"wp-block-image\"><\/div>","protected":false},"excerpt":{"rendered":"<p>Esteett\u00f6myys koskee koko korkeakouluyhteis\u00f6\u00e4mme, mutta erityisen t\u00e4rke\u00e4\u00e4 se on opiskelijalle, jolla on jokin vamma, sairaus tai oppimisvaikeuksia. Opintojen yksil\u00f6llisill\u00e4 j\u00e4rjestelyill\u00e4 varmistetaan kaikille yhdenvertaiset mahdollisuudet opiskella.\u00a0 Opiskelija voi kartoittaa tarvetta erityisj\u00e4rjestelyille opintop\u00e4\u00e4llik\u00f6n tai\u00a0 kuraattorin kanssa. P\u00e4\u00e4t\u00f6ksen opintojen yksil\u00f6llisist\u00e4 j\u00e4rjestelyist\u00e4 tekee tiedekunnan opintop\u00e4\u00e4llikk\u00f6. \u00a0Opiskelijalle annetaan varsinaisen j\u00e4rjestelyp\u00e4\u00e4t\u00f6ksen lis\u00e4ksi Esteett\u00f6myyspassi, jossa m\u00e4\u00e4ritell\u00e4\u00e4n mihin j\u00e4rjestelyihin opiskelija on oikeutettu. Opiskelija, [&hellip;]<\/p>\n","protected":false},"author":4413,"featured_media":0,"parent":13,"menu_order":4,"comment_status":"closed","ping_status":"closed","template":"","meta":{"site-sidebar-layout":"default","site-content-layout":"default","ast-site-content-layout":"default","site-content-style":"default","site-sidebar-style":"default","ast-global-header-display":"","ast-banner-title-visibility":"","ast-main-header-display":"","ast-hfb-above-header-display":"","ast-hfb-below-header-display":"","ast-hfb-mobile-header-display":"","site-post-title":"","ast-breadcrumbs-content":"","ast-featured-img":"","footer-sml-layout":"","ast-disable-related-posts":"","theme-transparent-header-meta":"default","adv-header-id-meta":"","stick-header-meta":"","header-above-stick-meta":"","header-main-stick-meta":"","header-below-stick-meta":"","astra-migrate-meta-layouts":"set","ast-page-background-enabled":"default","ast-page-background-meta":{"desktop":{"background-color":"var(--ast-global-color-4)","background-image":"","background-repeat":"repeat","background-position":"center center","background-size":"auto","background-attachment":"scroll","background-type":"","background-media":"","overlay-type":"","overlay-color":"","overlay-opacity":"","overlay-gradient":""},"tablet":{"background-color":"","background-image":"","background-repeat":"repeat","background-position":"center center","background-size":"auto","background-attachment":"scroll","background-type":"","background-media":"","overlay-type":"","overlay-color":"","overlay-opacity":"","overlay-gradient":""},"mobile":{"background-color":"","background-image":"","background-repeat":"repeat","background-position":"center center","background-size":"auto","background-attachment":"scroll","background-type":"","background-media":"","overlay-type":"","overlay-color":"","overlay-opacity":"","overlay-gradient":""}},"ast-content-background-meta":{"desktop":{"background-color":"var(--ast-global-color-5)","background-image":"","background-repeat":"repeat","background-position":"center center","background-size":"auto","background-attachment":"scroll","background-type":"","background-media":"","overlay-type":"","overlay-color":"","overlay-opacity":"","overlay-gradient":""},"tablet":{"background-color":"var(--ast-global-color-5)","background-image":"","background-repeat":"repeat","background-position":"center center","background-size":"auto","background-attachment":"scroll","background-type":"","background-media":"","overlay-type":"","overlay-color":"","overlay-opacity":"","overlay-gradient":""},"mobile":{"background-color":"var(--ast-global-color-5)","background-image":"","background-repeat":"repeat","background-position":"center center","background-size":"auto","background-attachment":"scroll","background-type":"","background-media":"","overlay-type":"","overlay-color":"","overlay-opacity":"","overlay-gradient":""}},"footnotes":""},"class_list":["post-470","page","type-page","status-publish","hentry"],"_links":{"self":[{"href":"https:\/\/blogi.eoppimispalvelut.fi\/monenlaisetoppijat\/wp-json\/wp\/v2\/pages\/470","targetHints":{"allow":["GET"]}}],"collection":[{"href":"https:\/\/blogi.eoppimispalvelut.fi\/monenlaisetoppijat\/wp-json\/wp\/v2\/pages"}],"about":[{"href":"https:\/\/blogi.eoppimispalvelut.fi\/monenlaisetoppijat\/wp-json\/wp\/v2\/types\/page"}],"author":[{"embeddable":true,"href":"https:\/\/blogi.eoppimispalvelut.fi\/monenlaisetoppijat\/wp-json\/wp\/v2\/users\/4413"}],"replies":[{"embeddable":true,"href":"https:\/\/blogi.eoppimispalvelut.fi\/monenlaisetoppijat\/wp-json\/wp\/v2\/comments?post=470"}],"version-history":[{"count":4,"href":"https:\/\/blogi.eoppimispalvelut.fi\/monenlaisetoppijat\/wp-json\/wp\/v2\/pages\/470\/revisions"}],"predecessor-version":[{"id":772,"href":"https:\/\/blogi.eoppimispalvelut.fi\/monenlaisetoppijat\/wp-json\/wp\/v2\/pages\/470\/revisions\/772"}],"up":[{"embeddable":true,"href":"https:\/\/blogi.eoppimispalvelut.fi\/monenlaisetoppijat\/wp-json\/wp\/v2\/pages\/13"}],"wp:attachment":[{"href":"https:\/\/blogi.eoppimispalvelut.fi\/monenlaisetoppijat\/wp-json\/wp\/v2\/media?parent=470"}],"curies":[{"name":"wp","href":"https:\/\/api.w.org\/{rel}","templated":true}]}}