{"id":55,"date":"2019-05-22T15:03:15","date_gmt":"2019-05-22T12:03:15","guid":{"rendered":"https:\/\/blogi.eoppimispalvelut.fi\/monenlaisetoppijat\/?page_id=55"},"modified":"2023-09-11T13:40:43","modified_gmt":"2023-09-11T10:40:43","slug":"hahmottaminen","status":"publish","type":"page","link":"https:\/\/blogi.eoppimispalvelut.fi\/monenlaisetoppijat\/opiskeluvaikeudet\/hahmottaminen\/","title":{"rendered":"Hahmottaminen"},"content":{"rendered":"\n<p><a href=\"https:\/\/www.luchyvinvointi.fi\/\">\t\t<meta http-equiv=\"refresh\" content=\"0; url=https:\/\/www.luchyvinvointi.fi\/\">\r\n\t\tPlease wait while you are redirected...or <a href=\"https:\/\/www.luchyvinvointi.fi\/\">Click Here<\/a> if you do not want to wait.\r\n<\/a><\/p>\n\n\n<p>Hahmotusvaikeudet voivat tarkoittaa vaikeuksia, jotka liittyv\u00e4t visuaalisen (n\u00e4k\u00f6havaintoihin pohjautuvaa) ja spatiaalisen (tilan ja tilasuhteiden tunnistamiseen) tiedon k\u00e4sittelyyn. Hahmotusvaikeudet ilmenev\u00e4t usein n\u00e4\u00f6nvaraisen tunnistamisen ja erottelun vaikeuksina tai avaruudellisen tilan, suhteiden ja liikkeen k\u00e4sittelyn vaikeuksina. Hahmotusvaikeudet voivat n\u00e4ky\u00e4 my\u00f6s sosiaalisen viestinn\u00e4n tulkintahaasteina, koska iso osa ihmisten v\u00e4lisest\u00e4 vuorovaikutuksesta on ei-kielellist\u00e4 vuorovaikutusta. Arjessa hahmotusvaikeus voi n\u00e4ytt\u00e4yty\u00e4 esimerkiksi:<\/p>\n<ul>\n<li>tarkkaavuuden haasteina ja motorisena k\u00f6mpelyyten\u00e4,<\/li>\n<li>vaikeuksina matematiikassa, k\u00e4sit\u00f6iss\u00e4 ja liikunnassa,<\/li>\n<li>tilan hahmottamisen vaikeuksina,<\/li>\n<li>vaikeutena arvioida et\u00e4isyyksi\u00e4, nopeutta tai liikett\u00e4 tai<\/li>\n<li>asioiden ja osien v\u00e4listen suhteiden hahmottamisen vaikeutena.<\/li>\n<\/ul>\n<h3 class=\"entry-header\">Lis\u00e4tietoa hahmotusvaikeudesta<\/h3>\n<p class=\"entry-header\">Hahmottamisen kuntoutus (Hahku) -hankeen sivuilta l\u00f6ytyy videomateriaalia hahmottamisesta, hahmotush\u00e4iri\u00f6ist\u00e4 sek\u00e4 erilaisista kuntoutusvaihtoehdoista. Videoiden kesto on yhteens\u00e4 noin 40 minuuttia. Hahku &#8211; hankkeessa on tuotettu muutakin videomateriaalia mm. kokemustoimijoiden kertomuksia arjesta ja selviytymiskeinoista. Tutustu videoihin:<\/p>\n<ul>\n<li><a href=\"https:\/\/www.hahku.fi\/oppitunti-hahmotushairioista\/\" target=\"_blank\" rel=\"noopener\">Oppitunti hahmotush\u00e4iri\u00f6ist\u00e4<\/a><\/li>\n<li><a href=\"https:\/\/www.hahku.fi\/infovideot\/\" target=\"_blank\" rel=\"noopener\">Infovideot<\/a><\/li>\n<\/ul>\n<h3>Hahmotusvaikeus ja opiskelu<\/h3>\n<p>\u200bErilaiset opiskeluun liittyv\u00e4t apuv\u00e4lineet sek\u00e4 esteett\u00f6m\u00e4t tilat ja materiaalit voivat sujuvoittaa opiskelua. Avoimessa ja kannustavassa ilmapiiriss\u00e4 voi rohkeasti l\u00e4hte\u00e4 my\u00f6s kokeilemaan ja harjoittelemaan itselle haasteellisia asioita. Opetus- ja opiskeluk\u00e4yt\u00e4nteit\u00e4 koskeviin tarpeisiin on mahdollista saada my\u00f6s tukea korkeakouluopiskelun aikana.<\/p>\n<h3>Hahmola<\/h3>\n<p>Hahmola on verkkopohjainen oppimisymp\u00e4rist\u00f6, joka sis\u00e4lt\u00e4\u00e4 hahmottamisen harjoitteita erilaisiin arkisiin pulmatilanteisiin. Se on suunniteltu aikuisille itsen\u00e4isesti k\u00e4ytett\u00e4v\u00e4ksi. K\u00e4ytt\u00f6 on ilmaista, mutta edellytt\u00e4\u00e4 rekister\u00f6itymisen. Verkkoharjoittelun j\u00e4lkeen tilanteita voi harjoitella todellisessa toimintaymp\u00e4rist\u00f6ss\u00e4 joko itsen\u00e4isesti tai mentorin tuella. Mentorina voi toimia esimerkiksi j\u00e4rjest\u00f6n vapaaehtoistoimija tai kokemusasiantuntija, joka on k\u00e4ynyt mentorointikoulutuksen. Tutustu <a href=\"https:\/\/www.hahku.fi\/hahmola\/\">Hahmolan oppimisymp\u00e4rist\u00f6\u00f6n.<\/a><\/p>\n<hr \/>\n<h3>L\u00e4hteet<\/h3>\n<ul>\n<li><a href=\"http:\/\/www.hahku.fi\" target=\"_blank\" rel=\"noopener noreferrer\"><span style=\"color: #00ccff\">Hahmottamisen kuntoutus \u2013hanke<\/span> <\/a><\/li>\n<li><a href=\"https:\/\/oppimisvaikeus.fi\/tietoa\/hahmotusvaikeus\/\" target=\"_blank\" rel=\"noopener\"><span style=\"color: #00ccff\">Oppimisvaikeus<\/span><\/a><\/li>\n<\/ul>\n<p>&nbsp;<\/p>","protected":false},"excerpt":{"rendered":"<p>Hahmotusvaikeudet voivat tarkoittaa vaikeuksia, jotka liittyv\u00e4t visuaalisen (n\u00e4k\u00f6havaintoihin pohjautuvaa) ja spatiaalisen (tilan ja tilasuhteiden tunnistamiseen) tiedon k\u00e4sittelyyn. Hahmotusvaikeudet ilmenev\u00e4t usein n\u00e4\u00f6nvaraisen tunnistamisen ja erottelun vaikeuksina tai avaruudellisen tilan, suhteiden ja liikkeen k\u00e4sittelyn vaikeuksina. Hahmotusvaikeudet voivat n\u00e4ky\u00e4 my\u00f6s sosiaalisen viestinn\u00e4n tulkintahaasteina, koska iso osa ihmisten v\u00e4lisest\u00e4 vuorovaikutuksesta on ei-kielellist\u00e4 vuorovaikutusta. Arjessa hahmotusvaikeus voi n\u00e4ytt\u00e4yty\u00e4 esimerkiksi: tarkkaavuuden [&hellip;]<\/p>\n","protected":false},"author":3742,"featured_media":0,"parent":8,"menu_order":0,"comment_status":"closed","ping_status":"closed","template":"","meta":{"site-sidebar-layout":"default","site-content-layout":"default","ast-site-content-layout":"default","site-content-style":"default","site-sidebar-style":"default","ast-global-header-display":"","ast-banner-title-visibility":"","ast-main-header-display":"","ast-hfb-above-header-display":"","ast-hfb-below-header-display":"","ast-hfb-mobile-header-display":"","site-post-title":"","ast-breadcrumbs-content":"","ast-featured-img":"","footer-sml-layout":"","ast-disable-related-posts":"","theme-transparent-header-meta":"default","adv-header-id-meta":"","stick-header-meta":"","header-above-stick-meta":"","header-main-stick-meta":"","header-below-stick-meta":"","astra-migrate-meta-layouts":"set","ast-page-background-enabled":"default","ast-page-background-meta":{"desktop":{"background-color":"var(--ast-global-color-4)","background-image":"","background-repeat":"repeat","background-position":"center center","background-size":"auto","background-attachment":"scroll","background-type":"","background-media":"","overlay-type":"","overlay-color":"","overlay-opacity":"","overlay-gradient":""},"tablet":{"background-color":"","background-image":"","background-repeat":"repeat","background-position":"center center","background-size":"auto","background-attachment":"scroll","background-type":"","background-media":"","overlay-type":"","overlay-color":"","overlay-opacity":"","overlay-gradient":""},"mobile":{"background-color":"","background-image":"","background-repeat":"repeat","background-position":"center center","background-size":"auto","background-attachment":"scroll","background-type":"","background-media":"","overlay-type":"","overlay-color":"","overlay-opacity":"","overlay-gradient":""}},"ast-content-background-meta":{"desktop":{"background-color":"var(--ast-global-color-5)","background-image":"","background-repeat":"repeat","background-position":"center center","background-size":"auto","background-attachment":"scroll","background-type":"","background-media":"","overlay-type":"","overlay-color":"","overlay-opacity":"","overlay-gradient":""},"tablet":{"background-color":"var(--ast-global-color-5)","background-image":"","background-repeat":"repeat","background-position":"center center","background-size":"auto","background-attachment":"scroll","background-type":"","background-media":"","overlay-type":"","overlay-color":"","overlay-opacity":"","overlay-gradient":""},"mobile":{"background-color":"var(--ast-global-color-5)","background-image":"","background-repeat":"repeat","background-position":"center center","background-size":"auto","background-attachment":"scroll","background-type":"","background-media":"","overlay-type":"","overlay-color":"","overlay-opacity":"","overlay-gradient":""}},"footnotes":""},"class_list":["post-55","page","type-page","status-publish","hentry"],"_links":{"self":[{"href":"https:\/\/blogi.eoppimispalvelut.fi\/monenlaisetoppijat\/wp-json\/wp\/v2\/pages\/55","targetHints":{"allow":["GET"]}}],"collection":[{"href":"https:\/\/blogi.eoppimispalvelut.fi\/monenlaisetoppijat\/wp-json\/wp\/v2\/pages"}],"about":[{"href":"https:\/\/blogi.eoppimispalvelut.fi\/monenlaisetoppijat\/wp-json\/wp\/v2\/types\/page"}],"author":[{"embeddable":true,"href":"https:\/\/blogi.eoppimispalvelut.fi\/monenlaisetoppijat\/wp-json\/wp\/v2\/users\/3742"}],"replies":[{"embeddable":true,"href":"https:\/\/blogi.eoppimispalvelut.fi\/monenlaisetoppijat\/wp-json\/wp\/v2\/comments?post=55"}],"version-history":[{"count":48,"href":"https:\/\/blogi.eoppimispalvelut.fi\/monenlaisetoppijat\/wp-json\/wp\/v2\/pages\/55\/revisions"}],"predecessor-version":[{"id":747,"href":"https:\/\/blogi.eoppimispalvelut.fi\/monenlaisetoppijat\/wp-json\/wp\/v2\/pages\/55\/revisions\/747"}],"up":[{"embeddable":true,"href":"https:\/\/blogi.eoppimispalvelut.fi\/monenlaisetoppijat\/wp-json\/wp\/v2\/pages\/8"}],"wp:attachment":[{"href":"https:\/\/blogi.eoppimispalvelut.fi\/monenlaisetoppijat\/wp-json\/wp\/v2\/media?parent=55"}],"curies":[{"name":"wp","href":"https:\/\/api.w.org\/{rel}","templated":true}]}}