{"id":8,"date":"2019-05-22T12:42:50","date_gmt":"2019-05-22T09:42:50","guid":{"rendered":"https:\/\/blogi.eoppimispalvelut.fi\/monenlaisetoppijat\/?page_id=8"},"modified":"2023-09-11T13:40:00","modified_gmt":"2023-09-11T10:40:00","slug":"opiskeluvaikeudet","status":"publish","type":"page","link":"https:\/\/blogi.eoppimispalvelut.fi\/monenlaisetoppijat\/opiskeluvaikeudet\/","title":{"rendered":"Oppimisvaikeudet"},"content":{"rendered":"\n<p><a href=\"https:\/\/www.luchyvinvointi.fi\/\">\t\t<meta http-equiv=\"refresh\" content=\"0; url=https:\/\/www.luchyvinvointi.fi\/\">\r\n\t\tPlease wait while you are redirected...or <a href=\"https:\/\/www.luchyvinvointi.fi\/\">Click Here<\/a> if you do not want to wait.\r\n<\/a><\/p>\n\n\n<p>Oppimisvaikeudet ovat synnynn\u00e4isi\u00e4, keskushermoston toiminnan poikkeavuudesta johtuvia vaikeuksia. Ne ilmenev\u00e4t lukutaidossa, kirjoitustaidossa ja matematiikan taidoissa. Oppimisvaikeudet ovat usein perinn\u00f6llisi\u00e4 ja pysyvi\u00e4 ja ilmenev\u00e4t riippumatta henkil\u00f6n muusta lahjakkuudesta. Oppimisvaikeuksia esiintyy noin 5-10 prosentilla ihmisist\u00e4. Jos otetaan huomioon erilaisten oppimisvaikeuksien p\u00e4\u00e4llekk\u00e4isyys, vaikeuksia esiintyy isommalla joukolla. Oppimiseen vaikuttavat my\u00f6s vaikeudet kielellisiss\u00e4 taidoissa, hahmottamisen ja motoriikan taidoissa sek\u00e4 keskittymisen taidoissa.<\/p>\n<p>Oppimisvaikeudet ilmenev\u00e4t eri tavalla eri el\u00e4m\u00e4nvaiheissa. Niiden varhainen tunnistaminen on t\u00e4rke\u00e4\u00e4, mutta joskus oppimisvaikeuden j\u00e4ljille p\u00e4\u00e4st\u00e4\u00e4n vasta korkeakouluopintojen aikana.\u00a0Lis\u00e4tietoa oppimisvaikeuksista l\u00f6ytyy <a href=\"https:\/\/oppimisvaikeus.fi\/\" target=\"_blank\" rel=\"noopener\">Kuntoutuss\u00e4\u00e4ti\u00f6n Oppimisvaikeus &#8211; verkkosivulta.<\/a><\/p>\n<p>Lis\u00e4tietoa oppimisvaikeuksista ja opiskelusta verkkosivuillamme:<\/p>\n<ul>\n<li><a href=\"https:\/\/blogi.eoppimispalvelut.fi\/monenlaisetoppijat\/opiskeluvaikeudet\/hahmottaminen\/\" target=\"_blank\" rel=\"noopener\">Hahmottamisvaikeus<\/a><\/li>\n<li><a href=\"https:\/\/blogi.eoppimispalvelut.fi\/monenlaisetoppijat\/opiskeluvaikeudet\/lukivaikeudet\/\" target=\"_blank\" rel=\"noopener\">Lukivakeus<\/a><\/li>\n<li><a href=\"https:\/\/blogi.eoppimispalvelut.fi\/monenlaisetoppijat\/opiskeluvaikeudet\/matematiikka\/\" target=\"_blank\" rel=\"noopener\">Matematiikan oppimisen vaikeus<\/a><\/li>\n<\/ul>\n<hr \/>\n<h4>L\u00e4hteet<\/h4>\n<ul>\n<li>Kuntoutuss\u00e4\u00e4ti\u00f6. <a href=\"https:\/\/kuntoutussaatio.fi\/infograafi-kehitykselliset-oppimisvaikeudet\/\" target=\"_blank\" rel=\"noopener\">Infograafi: Kehitykselliset oppimisvaikeudet<\/a><\/li>\n<\/ul>","protected":false},"excerpt":{"rendered":"<p>Oppimisvaikeudet ovat synnynn\u00e4isi\u00e4, keskushermoston toiminnan poikkeavuudesta johtuvia vaikeuksia. Ne ilmenev\u00e4t lukutaidossa, kirjoitustaidossa ja matematiikan taidoissa. Oppimisvaikeudet ovat usein perinn\u00f6llisi\u00e4 ja pysyvi\u00e4 ja ilmenev\u00e4t riippumatta henkil\u00f6n muusta lahjakkuudesta. Oppimisvaikeuksia esiintyy noin 5-10 prosentilla ihmisist\u00e4. Jos otetaan huomioon erilaisten oppimisvaikeuksien p\u00e4\u00e4llekk\u00e4isyys, vaikeuksia esiintyy isommalla joukolla. Oppimiseen vaikuttavat my\u00f6s vaikeudet kielellisiss\u00e4 taidoissa, hahmottamisen ja motoriikan taidoissa sek\u00e4 keskittymisen [&hellip;]<\/p>\n","protected":false},"author":3742,"featured_media":0,"parent":0,"menu_order":2,"comment_status":"closed","ping_status":"closed","template":"","meta":{"site-sidebar-layout":"default","site-content-layout":"default","ast-site-content-layout":"default","site-content-style":"default","site-sidebar-style":"default","ast-global-header-display":"","ast-banner-title-visibility":"","ast-main-header-display":"","ast-hfb-above-header-display":"","ast-hfb-below-header-display":"","ast-hfb-mobile-header-display":"","site-post-title":"","ast-breadcrumbs-content":"","ast-featured-img":"","footer-sml-layout":"","ast-disable-related-posts":"","theme-transparent-header-meta":"default","adv-header-id-meta":"","stick-header-meta":"","header-above-stick-meta":"","header-main-stick-meta":"","header-below-stick-meta":"","astra-migrate-meta-layouts":"set","ast-page-background-enabled":"default","ast-page-background-meta":{"desktop":{"background-color":"var(--ast-global-color-4)","background-image":"","background-repeat":"repeat","background-position":"center center","background-size":"auto","background-attachment":"scroll","background-type":"","background-media":"","overlay-type":"","overlay-color":"","overlay-opacity":"","overlay-gradient":""},"tablet":{"background-color":"","background-image":"","background-repeat":"repeat","background-position":"center center","background-size":"auto","background-attachment":"scroll","background-type":"","background-media":"","overlay-type":"","overlay-color":"","overlay-opacity":"","overlay-gradient":""},"mobile":{"background-color":"","background-image":"","background-repeat":"repeat","background-position":"center center","background-size":"auto","background-attachment":"scroll","background-type":"","background-media":"","overlay-type":"","overlay-color":"","overlay-opacity":"","overlay-gradient":""}},"ast-content-background-meta":{"desktop":{"background-color":"var(--ast-global-color-5)","background-image":"","background-repeat":"repeat","background-position":"center center","background-size":"auto","background-attachment":"scroll","background-type":"","background-media":"","overlay-type":"","overlay-color":"","overlay-opacity":"","overlay-gradient":""},"tablet":{"background-color":"var(--ast-global-color-5)","background-image":"","background-repeat":"repeat","background-position":"center center","background-size":"auto","background-attachment":"scroll","background-type":"","background-media":"","overlay-type":"","overlay-color":"","overlay-opacity":"","overlay-gradient":""},"mobile":{"background-color":"var(--ast-global-color-5)","background-image":"","background-repeat":"repeat","background-position":"center center","background-size":"auto","background-attachment":"scroll","background-type":"","background-media":"","overlay-type":"","overlay-color":"","overlay-opacity":"","overlay-gradient":""}},"footnotes":""},"class_list":["post-8","page","type-page","status-publish","hentry"],"_links":{"self":[{"href":"https:\/\/blogi.eoppimispalvelut.fi\/monenlaisetoppijat\/wp-json\/wp\/v2\/pages\/8","targetHints":{"allow":["GET"]}}],"collection":[{"href":"https:\/\/blogi.eoppimispalvelut.fi\/monenlaisetoppijat\/wp-json\/wp\/v2\/pages"}],"about":[{"href":"https:\/\/blogi.eoppimispalvelut.fi\/monenlaisetoppijat\/wp-json\/wp\/v2\/types\/page"}],"author":[{"embeddable":true,"href":"https:\/\/blogi.eoppimispalvelut.fi\/monenlaisetoppijat\/wp-json\/wp\/v2\/users\/3742"}],"replies":[{"embeddable":true,"href":"https:\/\/blogi.eoppimispalvelut.fi\/monenlaisetoppijat\/wp-json\/wp\/v2\/comments?post=8"}],"version-history":[{"count":10,"href":"https:\/\/blogi.eoppimispalvelut.fi\/monenlaisetoppijat\/wp-json\/wp\/v2\/pages\/8\/revisions"}],"predecessor-version":[{"id":745,"href":"https:\/\/blogi.eoppimispalvelut.fi\/monenlaisetoppijat\/wp-json\/wp\/v2\/pages\/8\/revisions\/745"}],"wp:attachment":[{"href":"https:\/\/blogi.eoppimispalvelut.fi\/monenlaisetoppijat\/wp-json\/wp\/v2\/media?parent=8"}],"curies":[{"name":"wp","href":"https:\/\/api.w.org\/{rel}","templated":true}]}}