{"id":132,"date":"2018-02-08T20:26:03","date_gmt":"2018-02-08T18:26:03","guid":{"rendered":"https:\/\/blogi.eoppimispalvelut.fi\/monimuoto2018\/?page_id=132"},"modified":"2018-02-16T14:23:03","modified_gmt":"2018-02-16T12:23:03","slug":"osaamisalojen-tiimipalaverimuistiot","status":"publish","type":"page","link":"https:\/\/blogi.eoppimispalvelut.fi\/monimuoto2018\/monimuoto-opetuksen-kehittaminen\/osaamisalojen-tiimipalaverimuistiot\/","title":{"rendered":"Osaamisalojen ja koulutusten tiimipalaverit"},"content":{"rendered":"\n<table id=\"tablepress-2\" class=\"tablepress tablepress-id-2\">\n<thead>\n<tr class=\"row-1\">\n\t<th class=\"column-1\">Ajankohta<\/th><th class=\"column-2\">Tiimi<\/th><th class=\"column-3\">Huomioita<\/th>\n<\/tr>\n<\/thead>\n<tbody class=\"row-striping row-hover\">\n<tr class=\"row-2\">\n\t<td class=\"column-1\">14.03.2018<\/td><td class=\"column-2\">YAMK, Kemi<\/td><td class=\"column-3\">Ota haltuun -sivusto ja orientaatioteht\u00e4v\u00e4t k\u00e4ytt\u00f6\u00f6n syksyll\u00e4 2018?<\/td>\n<\/tr>\n<tr class=\"row-3\">\n\t<td class=\"column-1\">26.03.2018<\/td><td class=\"column-2\">Tietojenk\u00e4sittely, Tornio<\/td><td class=\"column-3\">Oppariprosessissa kehitett\u00e4v\u00e4\u00e4, k\u00e4yt\u00f6ss\u00e4 olevat oppimisen v\u00e4lineet sidoksissa LUC-j\u00e4rjestelmiin (rajoittaa opetusta ja oppimista)<br \/>\n<\/td>\n<\/tr>\n<tr class=\"row-4\">\n\t<td class=\"column-1\">26.03.2018<\/td><td class=\"column-2\">TeLu, Rovaniemi (henkil\u00f6st\u00f6kokous)<\/td><td class=\"column-3\">Henkil\u00f6st\u00f6kokous, jossa paljon osallistujia. Toiminnan esittely -&gt; ei aikaa keskusteluun.<\/td>\n<\/tr>\n<tr class=\"row-5\">\n\t<td class=\"column-1\">27.03.2018<\/td><td class=\"column-2\">Liiketalous, Tornio<\/td><td class=\"column-3\">Autenttista ohjausta ty\u00f6v\u00e4lineiden k\u00e4ytt\u00f6\u00f6n, esim. AC:n harjoittelua eOppimispalvelujen tukemana siten, ett\u00e4 yksi tiimil\u00e4inen toimii opettajana ja muut tiimin j\u00e4senet oppijoina.<\/td>\n<\/tr>\n<tr class=\"row-6\">\n\t<td class=\"column-1\">27.03.2018<\/td><td class=\"column-2\">TeLu, Kemi (henkil\u00f6st\u00f6kokous)<\/td><td class=\"column-3\">Henkil\u00f6st\u00f6kokous, jossa paljon osallistujia. Toiminnan esittely -&gt; ei aikaa keskusteluun.<\/td>\n<\/tr>\n<tr class=\"row-7\">\n\t<td class=\"column-1\">28.03.2018<\/td><td class=\"column-2\">Liiketalous, Rovaniemi<\/td><td class=\"column-3\">Opastusta Moodlen asetuksiin<\/td>\n<\/tr>\n<tr class=\"row-8\">\n\t<td class=\"column-1\">09.04.2018<\/td><td class=\"column-2\">Fysioterapia, Rovaniemi<\/td><td class=\"column-3\">Ei monimuoto-opetusta t\u00e4ll\u00e4 hetkell\u00e4, verkko-opetusta kyll\u00e4kin<\/td>\n<\/tr>\n<tr class=\"row-9\">\n\t<td class=\"column-1\">11.04.2018<\/td><td class=\"column-2\">Kuvataide, Tornio<\/td><td class=\"column-3\">Ei monimuoto-opetusta t\u00e4ll\u00e4 hetkell\u00e4, verkko-opetusta kyll\u00e4kin<\/td>\n<\/tr>\n<tr class=\"row-10\">\n\t<td class=\"column-1\">17.04.2018<\/td><td class=\"column-2\">Hoitoty\u00f6, Rovaniemi<\/td><td class=\"column-3\">Opastusta Moodlen ja AC:n k\u00e4ytt\u00f6\u00f6n<\/td>\n<\/tr>\n<tr class=\"row-11\">\n\t<td class=\"column-1\">17.04.2018<\/td><td class=\"column-2\">Liikunta- ja vapaa-aika-ala, Rovaniemi<\/td><td class=\"column-3\">Ei monimuoto-opetusta t\u00e4ll\u00e4 hetkell\u00e4, verkko-opetusta kyll\u00e4kin<\/td>\n<\/tr>\n<tr class=\"row-12\">\n\t<td class=\"column-1\">18.04.2018<\/td><td class=\"column-2\">Sosiaali, Kemi<\/td><td class=\"column-3\">Opastusta Moodlen ja AC:n k\u00e4ytt\u00f6\u00f6n<\/td>\n<\/tr>\n<tr class=\"row-13\">\n\t<td class=\"column-1\">18.05.2018<\/td><td class=\"column-2\">Hyvinvoinnin ja ohjauksen ty\u00f6ryhm\u00e4, Tornio<\/td><td class=\"column-3\">Keskusteltiin osaamismerkkipakettien laajentamisesta esim. verkko-ohjaukseen.<\/td>\n<\/tr>\n<tr class=\"row-14\">\n\t<td class=\"column-1\">22.05.2018<\/td><td class=\"column-2\">Hoitoty\u00f6, Kemi<\/td><td class=\"column-3\">Opastusta Moodlen ja AC:n k\u00e4ytt\u00f6\u00f6n -&gt; monipuolistaminen<\/td>\n<\/tr>\n<tr class=\"row-15\">\n\t<td class=\"column-1\">23.05.2018<\/td><td class=\"column-2\">Vanhusty\u00f6, Kemi<\/td><td class=\"column-3\">Opastusta Moodlen ja AC:n k\u00e4ytt\u00f6\u00f6n ja monipuolistaminen<\/td>\n<\/tr>\n<tr class=\"row-16\">\n\t<td class=\"column-1\">07.06.2018<\/td><td class=\"column-2\">MTI, Rovaniemi<\/td><td class=\"column-3\"><\/td>\n<\/tr>\n<tr class=\"row-17\">\n\t<td class=\"column-1\"><\/td><td class=\"column-2\"><\/td><td class=\"column-3\"><\/td>\n<\/tr>\n<tr class=\"row-18\">\n\t<td class=\"column-1\"><\/td><td class=\"column-2\"><\/td><td class=\"column-3\"><\/td>\n<\/tr>\n<tr class=\"row-19\">\n\t<td class=\"column-1\"><\/td><td class=\"column-2\"><\/td><td class=\"column-3\"><\/td>\n<\/tr>\n<\/tbody>\n<\/table>\n\n","protected":false},"excerpt":{"rendered":"","protected":false},"author":95,"featured_media":0,"parent":106,"menu_order":1,"comment_status":"closed","ping_status":"closed","template":"","meta":{"footnotes":""},"class_list":["post-132","page","type-page","status-publish","hentry"],"_links":{"self":[{"href":"https:\/\/blogi.eoppimispalvelut.fi\/monimuoto2018\/wp-json\/wp\/v2\/pages\/132","targetHints":{"allow":["GET"]}}],"collection":[{"href":"https:\/\/blogi.eoppimispalvelut.fi\/monimuoto2018\/wp-json\/wp\/v2\/pages"}],"about":[{"href":"https:\/\/blogi.eoppimispalvelut.fi\/monimuoto2018\/wp-json\/wp\/v2\/types\/page"}],"author":[{"embeddable":true,"href":"https:\/\/blogi.eoppimispalvelut.fi\/monimuoto2018\/wp-json\/wp\/v2\/users\/95"}],"replies":[{"embeddable":true,"href":"https:\/\/blogi.eoppimispalvelut.fi\/monimuoto2018\/wp-json\/wp\/v2\/comments?post=132"}],"version-history":[{"count":3,"href":"https:\/\/blogi.eoppimispalvelut.fi\/monimuoto2018\/wp-json\/wp\/v2\/pages\/132\/revisions"}],"predecessor-version":[{"id":168,"href":"https:\/\/blogi.eoppimispalvelut.fi\/monimuoto2018\/wp-json\/wp\/v2\/pages\/132\/revisions\/168"}],"up":[{"embeddable":true,"href":"https:\/\/blogi.eoppimispalvelut.fi\/monimuoto2018\/wp-json\/wp\/v2\/pages\/106"}],"wp:attachment":[{"href":"https:\/\/blogi.eoppimispalvelut.fi\/monimuoto2018\/wp-json\/wp\/v2\/media?parent=132"}],"curies":[{"name":"wp","href":"https:\/\/api.w.org\/{rel}","templated":true}]}}