{"id":343,"date":"2018-09-03T15:42:55","date_gmt":"2018-09-03T12:42:55","guid":{"rendered":"https:\/\/blogi.eoppimispalvelut.fi\/monimuoto2018\/?page_id=343"},"modified":"2018-11-05T11:41:41","modified_gmt":"2018-11-05T09:41:41","slug":"videoteknologia-opetuksessa-vaitostutkimus","status":"publish","type":"page","link":"https:\/\/blogi.eoppimispalvelut.fi\/monimuoto2018\/materiaaleja\/videoteknologia-opetuksessa-vaitostutkimus\/","title":{"rendered":"Videoteknologia opetuksessa &#8211; v\u00e4it\u00f6stutkimus"},"content":{"rendered":"<p>Myllym\u00e4ki, M. 2018. <a href=\"https:\/\/jyx.jyu.fi\/handle\/123456789\/58853\">Videoteknologioiden k\u00e4ytt\u00f6 opetuksessa on tuloksellista ja mielek\u00e4st\u00e4<\/a><\/p>\n<p>&nbsp;<\/p>\n","protected":false},"excerpt":{"rendered":"<p>Myllym\u00e4ki, M. 2018. Videoteknologioiden k\u00e4ytt\u00f6 opetuksessa on tuloksellista ja mielek\u00e4st\u00e4 &nbsp;<\/p>\n","protected":false},"author":95,"featured_media":0,"parent":171,"menu_order":0,"comment_status":"closed","ping_status":"closed","template":"","meta":{"footnotes":""},"class_list":["post-343","page","type-page","status-publish","hentry"],"_links":{"self":[{"href":"https:\/\/blogi.eoppimispalvelut.fi\/monimuoto2018\/wp-json\/wp\/v2\/pages\/343","targetHints":{"allow":["GET"]}}],"collection":[{"href":"https:\/\/blogi.eoppimispalvelut.fi\/monimuoto2018\/wp-json\/wp\/v2\/pages"}],"about":[{"href":"https:\/\/blogi.eoppimispalvelut.fi\/monimuoto2018\/wp-json\/wp\/v2\/types\/page"}],"author":[{"embeddable":true,"href":"https:\/\/blogi.eoppimispalvelut.fi\/monimuoto2018\/wp-json\/wp\/v2\/users\/95"}],"replies":[{"embeddable":true,"href":"https:\/\/blogi.eoppimispalvelut.fi\/monimuoto2018\/wp-json\/wp\/v2\/comments?post=343"}],"version-history":[{"count":5,"href":"https:\/\/blogi.eoppimispalvelut.fi\/monimuoto2018\/wp-json\/wp\/v2\/pages\/343\/revisions"}],"predecessor-version":[{"id":361,"href":"https:\/\/blogi.eoppimispalvelut.fi\/monimuoto2018\/wp-json\/wp\/v2\/pages\/343\/revisions\/361"}],"up":[{"embeddable":true,"href":"https:\/\/blogi.eoppimispalvelut.fi\/monimuoto2018\/wp-json\/wp\/v2\/pages\/171"}],"wp:attachment":[{"href":"https:\/\/blogi.eoppimispalvelut.fi\/monimuoto2018\/wp-json\/wp\/v2\/media?parent=343"}],"curies":[{"name":"wp","href":"https:\/\/api.w.org\/{rel}","templated":true}]}}