{"id":301,"date":"2018-09-20T13:49:34","date_gmt":"2018-09-20T10:49:34","guid":{"rendered":"https:\/\/blogi.eoppimispalvelut.fi\/napadamas\/?page_id=301"},"modified":"2018-09-25T13:05:47","modified_gmt":"2018-09-25T10:05:47","slug":"atk-laitteet","status":"publish","type":"page","link":"https:\/\/blogi.eoppimispalvelut.fi\/napadamas\/tuotteet\/atk-laitteet\/","title":{"rendered":"ATK-Laitteet"},"content":{"rendered":"<p><img loading=\"lazy\" decoding=\"async\" class=\"alignnone wp-image-246\" src=\"https:\/\/blogi.eoppimispalvelut.fi\/napadamas\/files\/2018\/04\/notebook-1361981_1280-1.jpg\" alt=\"\" width=\"220\" height=\"147\" srcset=\"https:\/\/blogi.eoppimispalvelut.fi\/napadamas\/files\/2018\/04\/notebook-1361981_1280-1.jpg 859w, https:\/\/blogi.eoppimispalvelut.fi\/napadamas\/files\/2018\/04\/notebook-1361981_1280-1-768x512.jpg 768w\" sizes=\"auto, (max-width: 220px) 100vw, 220px\" \/>\u00a0Tietokoneet<\/p>\n<p><img loading=\"lazy\" decoding=\"async\" class=\"alignnone wp-image-281\" src=\"https:\/\/blogi.eoppimispalvelut.fi\/napadamas\/files\/2018\/09\/printer-159612_960_720-900x578.png\" alt=\"\" width=\"223\" height=\"143\" srcset=\"https:\/\/blogi.eoppimispalvelut.fi\/napadamas\/files\/2018\/09\/printer-159612_960_720-900x578.png 900w, https:\/\/blogi.eoppimispalvelut.fi\/napadamas\/files\/2018\/09\/printer-159612_960_720-768x494.png 768w, https:\/\/blogi.eoppimispalvelut.fi\/napadamas\/files\/2018\/09\/printer-159612_960_720.png 960w\" sizes=\"auto, (max-width: 223px) 100vw, 223px\" \/>\u00a0Tulostimet<\/p>\n<p><img loading=\"lazy\" decoding=\"async\" class=\"alignnone wp-image-303\" src=\"https:\/\/blogi.eoppimispalvelut.fi\/napadamas\/files\/2018\/09\/2_108365-500x350.jpeg\" alt=\"\" width=\"186\" height=\"130\" \/>\u00a0Hiiret<\/p>\n<p><img loading=\"lazy\" decoding=\"async\" class=\"alignnone wp-image-304\" src=\"https:\/\/blogi.eoppimispalvelut.fi\/napadamas\/files\/2018\/09\/2_358585-1717x686.jpg\" alt=\"\" width=\"250\" height=\"100\" \/>\u00a0N\u00e4pp\u00e4imist\u00f6t<\/p>\n","protected":false},"excerpt":{"rendered":"<p>\u00a0Tietokoneet \u00a0Tulostimet \u00a0Hiiret \u00a0N\u00e4pp\u00e4imist\u00f6t<\/p>\n","protected":false},"author":2980,"featured_media":0,"parent":14,"menu_order":0,"comment_status":"closed","ping_status":"closed","template":"","meta":{"footnotes":""},"class_list":["post-301","page","type-page","status-publish","hentry"],"_links":{"self":[{"href":"https:\/\/blogi.eoppimispalvelut.fi\/napadamas\/wp-json\/wp\/v2\/pages\/301","targetHints":{"allow":["GET"]}}],"collection":[{"href":"https:\/\/blogi.eoppimispalvelut.fi\/napadamas\/wp-json\/wp\/v2\/pages"}],"about":[{"href":"https:\/\/blogi.eoppimispalvelut.fi\/napadamas\/wp-json\/wp\/v2\/types\/page"}],"author":[{"embeddable":true,"href":"https:\/\/blogi.eoppimispalvelut.fi\/napadamas\/wp-json\/wp\/v2\/users\/2980"}],"replies":[{"embeddable":true,"href":"https:\/\/blogi.eoppimispalvelut.fi\/napadamas\/wp-json\/wp\/v2\/comments?post=301"}],"version-history":[{"count":3,"href":"https:\/\/blogi.eoppimispalvelut.fi\/napadamas\/wp-json\/wp\/v2\/pages\/301\/revisions"}],"predecessor-version":[{"id":306,"href":"https:\/\/blogi.eoppimispalvelut.fi\/napadamas\/wp-json\/wp\/v2\/pages\/301\/revisions\/306"}],"up":[{"embeddable":true,"href":"https:\/\/blogi.eoppimispalvelut.fi\/napadamas\/wp-json\/wp\/v2\/pages\/14"}],"wp:attachment":[{"href":"https:\/\/blogi.eoppimispalvelut.fi\/napadamas\/wp-json\/wp\/v2\/media?parent=301"}],"curies":[{"name":"wp","href":"https:\/\/api.w.org\/{rel}","templated":true}]}}