{"id":50,"date":"2021-12-19T17:32:09","date_gmt":"2021-12-19T15:32:09","guid":{"rendered":"https:\/\/blogi.eoppimispalvelut.fi\/napakalusteoy\/?page_id=50"},"modified":"2022-01-31T15:03:38","modified_gmt":"2022-01-31T13:03:38","slug":"yhteistiedot","status":"publish","type":"page","link":"https:\/\/blogi.eoppimispalvelut.fi\/napakalusteoy\/yhteistiedot\/","title":{"rendered":"Yhteystiedot"},"content":{"rendered":"<h1 style=\"text-align: center\"><strong>Ota meihin yhteytt\u00e4!\u00a0<\/strong><\/h1>\n<p><img loading=\"lazy\" decoding=\"async\" class=\"wp-image-123 aligncenter\" src=\"https:\/\/blogi.eoppimispalvelut.fi\/napakalusteoy\/files\/2022\/01\/Kuva1-900x540.png\" alt=\"\" width=\"350\" height=\"210\" srcset=\"https:\/\/blogi.eoppimispalvelut.fi\/napakalusteoy\/files\/2022\/01\/Kuva1-900x540.png 900w, https:\/\/blogi.eoppimispalvelut.fi\/napakalusteoy\/files\/2022\/01\/Kuva1-1280x768.png 1280w, https:\/\/blogi.eoppimispalvelut.fi\/napakalusteoy\/files\/2022\/01\/Kuva1-768x461.png 768w, https:\/\/blogi.eoppimispalvelut.fi\/napakalusteoy\/files\/2022\/01\/Kuva1-1536x922.png 1536w, https:\/\/blogi.eoppimispalvelut.fi\/napakalusteoy\/files\/2022\/01\/Kuva1.png 2000w\" sizes=\"auto, (max-width: 350px) 100vw, 350px\" \/><\/p>\n<p style=\"text-align: center\"><strong>napakaluste@napalaakso.fi<\/strong><\/p>\n<p style=\"text-align: center\"><strong>\u00a0Piippolantie 12, 95600 Napalaakso<\/strong><\/p>\n<p style=\"text-align: center\"><strong>Y-tunnus:\u00a0 3636500-1<\/strong><\/p>\n<p style=\"text-align: center\">Voit ottaa meihin yhteytt\u00e4 my\u00f6s t\u00e4ytt\u00e4m\u00e4ll\u00e4 alla olevan yhteydenottolomakkeen.<\/p>\n<p style=\"text-align: center\">Voit j\u00e4tt\u00e4\u00e4 tarjouspyynn\u00f6n, kysy\u00e4 tuotteistamme ja palveluistamme ja esimerksiki toimistonne suunnittelusta<\/p>\n<p>&nbsp;<\/p>\n","protected":false},"excerpt":{"rendered":"<p>Ota meihin yhteytt\u00e4!\u00a0 napakaluste@napalaakso.fi \u00a0Piippolantie 12, 95600 Napalaakso Y-tunnus:\u00a0 3636500-1 Voit ottaa meihin yhteytt\u00e4 my\u00f6s t\u00e4ytt\u00e4m\u00e4ll\u00e4 alla olevan yhteydenottolomakkeen. Voit j\u00e4tt\u00e4\u00e4 tarjouspyynn\u00f6n, kysy\u00e4 tuotteistamme ja palveluistamme ja esimerksiki toimistonne suunnittelusta &nbsp;<\/p>\n","protected":false},"author":8804,"featured_media":0,"parent":0,"menu_order":0,"comment_status":"closed","ping_status":"closed","template":"","meta":{"footnotes":""},"class_list":["post-50","page","type-page","status-publish","hentry"],"_links":{"self":[{"href":"https:\/\/blogi.eoppimispalvelut.fi\/napakalusteoy\/wp-json\/wp\/v2\/pages\/50","targetHints":{"allow":["GET"]}}],"collection":[{"href":"https:\/\/blogi.eoppimispalvelut.fi\/napakalusteoy\/wp-json\/wp\/v2\/pages"}],"about":[{"href":"https:\/\/blogi.eoppimispalvelut.fi\/napakalusteoy\/wp-json\/wp\/v2\/types\/page"}],"author":[{"embeddable":true,"href":"https:\/\/blogi.eoppimispalvelut.fi\/napakalusteoy\/wp-json\/wp\/v2\/users\/8804"}],"replies":[{"embeddable":true,"href":"https:\/\/blogi.eoppimispalvelut.fi\/napakalusteoy\/wp-json\/wp\/v2\/comments?post=50"}],"version-history":[{"count":12,"href":"https:\/\/blogi.eoppimispalvelut.fi\/napakalusteoy\/wp-json\/wp\/v2\/pages\/50\/revisions"}],"predecessor-version":[{"id":260,"href":"https:\/\/blogi.eoppimispalvelut.fi\/napakalusteoy\/wp-json\/wp\/v2\/pages\/50\/revisions\/260"}],"wp:attachment":[{"href":"https:\/\/blogi.eoppimispalvelut.fi\/napakalusteoy\/wp-json\/wp\/v2\/media?parent=50"}],"curies":[{"name":"wp","href":"https:\/\/api.w.org\/{rel}","templated":true}]}}