{"id":9,"date":"2020-11-17T13:51:05","date_gmt":"2020-11-17T11:51:05","guid":{"rendered":"https:\/\/blogi.eoppimispalvelut.fi\/napaturva1\/?page_id=9"},"modified":"2021-02-16T11:13:02","modified_gmt":"2021-02-16T09:13:02","slug":"turvallisuus-paketit","status":"publish","type":"page","link":"https:\/\/blogi.eoppimispalvelut.fi\/napaturva1\/turvallisuus-paketit\/","title":{"rendered":"Turvallisuuspaketit\/Security services"},"content":{"rendered":"<h2>English below<\/h2>\n<h2 style=\"text-align: left\"><b><span data-contrast=\"auto\">Pronssipaketti<\/span><\/b><b><span data-contrast=\"auto\"> alkaen 2 290,00<\/span><\/b><b><span data-contrast=\"auto\">\u00a0\u20ac \/ k<\/span><\/b><b><span data-contrast=\"auto\">ertamaksu<\/span><\/b><b><span data-contrast=\"auto\"> Alv. 0% ja kuukausilaskutus vartiointipalvelusta sopimuskauden loppuun 1299,00 \u20ac Alv. 0%<\/span><\/b><\/h2>\n<ul>\n<li><span data-contrast=\"auto\">Sis\u00e4lt\u00e4\u00e4 vartijakierrokset vuorokauden aikana (24h aikana) yhden vartijan k\u00e4yntikerran sovittuna ajankohtana. <\/span><b><span data-contrast=\"auto\">\u00a0<\/span><\/b><span data-ccp-props=\"{&quot;134233279&quot;:true,&quot;201341983&quot;:0,&quot;335559737&quot;:567,&quot;335559739&quot;:160,&quot;335559740&quot;:240}\">\u00a0<\/span><\/li>\n<li style=\"text-align: left\" data-leveltext=\"o\" data-font=\"Courier New\" data-listid=\"2\" data-aria-posinset=\"3\" data-aria-level=\"2\">Monitori 17\u201d<\/li>\n<li data-leveltext=\"o\" data-font=\"Courier New\" data-listid=\"2\" data-aria-posinset=\"3\" data-aria-level=\"2\">Sis\u00e4turvakamera<\/li>\n<li data-leveltext=\"o\" data-font=\"Courier New\" data-listid=\"2\" data-aria-posinset=\"3\" data-aria-level=\"2\">Turvakamera ulkok\u00e4ytt\u00f6\u00f6n<\/li>\n<li data-leveltext=\"o\" data-font=\"Courier New\" data-listid=\"2\" data-aria-posinset=\"3\" data-aria-level=\"2\">Ulkoinen kovalevy HD-tallennuksella 2 TB<\/li>\n<li data-leveltext=\"o\" data-font=\"Courier New\" data-listid=\"2\" data-aria-posinset=\"3\" data-aria-level=\"2\">Varash\u00e4lytin<\/li>\n<li data-leveltext=\"o\" data-font=\"Courier New\" data-listid=\"2\" data-aria-posinset=\"3\" data-aria-level=\"2\">\u00c4lylukko l\u00e4tk\u00e4ll\u00e4<\/li>\n<li data-leveltext=\"o\" data-font=\"Courier New\" data-listid=\"2\" data-aria-posinset=\"3\" data-aria-level=\"2\">Liikkeentunnistin<\/li>\n<li data-leveltext=\"o\" data-font=\"Courier New\" data-listid=\"2\" data-aria-posinset=\"3\" data-aria-level=\"2\">Tarrat<\/li>\n<\/ul>\n<h2 style=\"text-align: left\"><b><span data-contrast=\"auto\">Hopeapaketti<\/span><\/b><b><span data-contrast=\"auto\"> alkaen 2900,00<\/span><\/b><b><span data-contrast=\"auto\">\u00a0\u20ac \/ k<\/span><\/b><b><span data-contrast=\"auto\">ertamaksu ja kuukausilaskutus vartiointipalvelusta \u00a0sopimuskauden loppuun 1299,00 \u20ac <\/span><\/b><b><span data-contrast=\"auto\">\u00a0Alv.0% .<\/span><\/b><\/h2>\n<ul>\n<li style=\"text-align: left\" data-leveltext=\"\uf0b7\" data-font=\"Symbol\" data-listid=\"2\" data-aria-posinset=\"1\" data-aria-level=\"1\"><span data-contrast=\"auto\">Sis\u00e4lt\u00e4\u00e4 vartijakierrokset vuorokauden aikana (24h aikana) yhden vartijan k\u00e4yntikerran sovittuna ajankohtana. <\/span><b><span data-contrast=\"auto\">\u00a0<\/span><\/b><span data-ccp-props=\"{&quot;134233279&quot;:true,&quot;201341983&quot;:0,&quot;335559737&quot;:567,&quot;335559739&quot;:160,&quot;335559740&quot;:240}\">\u00a0<\/span><\/li>\n<li style=\"text-align: left\" data-leveltext=\"\uf0b7\" data-font=\"Symbol\" data-listid=\"2\" data-aria-posinset=\"1\" data-aria-level=\"1\"><span data-ccp-props=\"{&quot;134233279&quot;:true,&quot;201341983&quot;:0,&quot;335559737&quot;:567,&quot;335559739&quot;:160,&quot;335559740&quot;:240}\">Sis\u00e4turvakamera 2 kpl<\/span><\/li>\n<li style=\"text-align: left\" data-leveltext=\"\uf0b7\" data-font=\"Symbol\" data-listid=\"2\" data-aria-posinset=\"1\" data-aria-level=\"1\"><span data-ccp-props=\"{&quot;134233279&quot;:true,&quot;201341983&quot;:0,&quot;335559737&quot;:567,&quot;335559739&quot;:160,&quot;335559740&quot;:240}\">Turvakameta ulkok\u00e4ytt\u00f6\u00f6n 2 kpl<\/span><\/li>\n<li style=\"text-align: left\" data-leveltext=\"\uf0b7\" data-font=\"Symbol\" data-listid=\"2\" data-aria-posinset=\"1\" data-aria-level=\"1\"><span data-ccp-props=\"{&quot;134233279&quot;:true,&quot;201341983&quot;:0,&quot;335559737&quot;:567,&quot;335559739&quot;:160,&quot;335559740&quot;:240}\">Ulkoinen kovalevy HD-tallennuksella 2TB<\/span><\/li>\n<li style=\"text-align: left\" data-leveltext=\"\uf0b7\" data-font=\"Symbol\" data-listid=\"2\" data-aria-posinset=\"1\" data-aria-level=\"1\"><span data-ccp-props=\"{&quot;134233279&quot;:true,&quot;201341983&quot;:0,&quot;335559737&quot;:567,&quot;335559739&quot;:160,&quot;335559740&quot;:240}\">Full HD Monitori 22\u201d<\/span><\/li>\n<li style=\"text-align: left\" data-leveltext=\"\uf0b7\" data-font=\"Symbol\" data-listid=\"2\" data-aria-posinset=\"1\" data-aria-level=\"1\"><span data-ccp-props=\"{&quot;134233279&quot;:true,&quot;201341983&quot;:0,&quot;335559737&quot;:567,&quot;335559739&quot;:160,&quot;335559740&quot;:240}\">Liikkeentunnistin 2 kpl<\/span><\/li>\n<li style=\"text-align: left\" data-leveltext=\"\uf0b7\" data-font=\"Symbol\" data-listid=\"2\" data-aria-posinset=\"1\" data-aria-level=\"1\"><span data-ccp-props=\"{&quot;134233279&quot;:true,&quot;201341983&quot;:0,&quot;335559737&quot;:567,&quot;335559739&quot;:160,&quot;335559740&quot;:240}\">Varash\u00e4lytin<\/span><\/li>\n<li style=\"text-align: left\" data-leveltext=\"\uf0b7\" data-font=\"Symbol\" data-listid=\"2\" data-aria-posinset=\"1\" data-aria-level=\"1\"><span data-ccp-props=\"{&quot;134233279&quot;:true,&quot;201341983&quot;:0,&quot;335559737&quot;:567,&quot;335559739&quot;:160,&quot;335559740&quot;:240}\">\u00c4lylukko l\u00e4tk\u00e4ll\u00e4 2 kpl<\/span><\/li>\n<li style=\"text-align: left\" data-leveltext=\"\uf0b7\" data-font=\"Symbol\" data-listid=\"2\" data-aria-posinset=\"1\" data-aria-level=\"1\"><span data-ccp-props=\"{&quot;134233279&quot;:true,&quot;201341983&quot;:0,&quot;335559737&quot;:567,&quot;335559739&quot;:160,&quot;335559740&quot;:240}\">Paniikkinappi<\/span><\/li>\n<li style=\"text-align: left\" data-leveltext=\"\uf0b7\" data-font=\"Symbol\" data-listid=\"2\" data-aria-posinset=\"1\" data-aria-level=\"1\"><span data-ccp-props=\"{&quot;134233279&quot;:true,&quot;201341983&quot;:0,&quot;335559737&quot;:567,&quot;335559739&quot;:160,&quot;335559740&quot;:240}\">Tarrat\u00a0<\/span><\/li>\n<\/ul>\n<h2 style=\"text-align: left\"><b><span data-contrast=\"auto\">Kultapaketti<\/span><\/b><b><span data-contrast=\"auto\"> alkaen 4890,00<\/span><\/b><b><span data-contrast=\"auto\">\u00a0<\/span><\/b><b><span data-contrast=\"auto\">\u20ac \/ k<\/span><\/b><b><span data-contrast=\"auto\">ertamaksu ja kuukausilaskutus vartiontipalvelusta sopimuskauden loppuun\u00a0 1299,00 \u20ac tai 2500,00 \u20ac Alv. 0% .<\/span><\/b><span data-ccp-props=\"{&quot;134233279&quot;:true,&quot;201341983&quot;:0,&quot;335559737&quot;:567,&quot;335559739&quot;:160,&quot;335559740&quot;:240}\">\u00a0<\/span><\/h2>\n<ul>\n<li style=\"text-align: left\" data-leveltext=\"o\" data-font=\"Courier New\" data-listid=\"2\" data-aria-posinset=\"1\" data-aria-level=\"2\"><span data-contrast=\"auto\">Sis\u00e4lt\u00e4\u00e4 vartijakierrokset vuorokauden (24h aikana<\/span><span data-contrast=\"auto\">) yksi tai<\/span><span data-contrast=\"auto\"> kaksi k\u00e4yntikertaa sovittuna ajankohtana. <\/span><b><span data-contrast=\"auto\">\u00a0<\/span><\/b><span data-ccp-props=\"{&quot;134233279&quot;:true,&quot;201341983&quot;:0,&quot;335559737&quot;:567,&quot;335559739&quot;:160,&quot;335559740&quot;:240}\">\u00a0<\/span><\/li>\n<li style=\"text-align: left\" data-leveltext=\"o\" data-font=\"Courier New\" data-listid=\"2\" data-aria-posinset=\"3\" data-aria-level=\"2\">Sis\u00e4turvakamera 3 kpl<\/li>\n<li data-leveltext=\"o\" data-font=\"Courier New\" data-listid=\"2\" data-aria-posinset=\"3\" data-aria-level=\"2\">Turvakameta ulkok\u00e4ytt\u00f6\u00f6n 3 kpl<\/li>\n<li data-leveltext=\"o\" data-font=\"Courier New\" data-listid=\"2\" data-aria-posinset=\"3\" data-aria-level=\"2\">Ulkoinen kovalevy HD-tallennuksella 5TB<\/li>\n<li data-leveltext=\"o\" data-font=\"Courier New\" data-listid=\"2\" data-aria-posinset=\"3\" data-aria-level=\"2\">Full HD Monitori 22\u201d 2 kpl<\/li>\n<li data-leveltext=\"o\" data-font=\"Courier New\" data-listid=\"2\" data-aria-posinset=\"3\" data-aria-level=\"2\">Liikkeentunnistin 3 kpl<\/li>\n<li data-leveltext=\"o\" data-font=\"Courier New\" data-listid=\"2\" data-aria-posinset=\"3\" data-aria-level=\"2\">\u00c4lylukko l\u00e4tk\u00e4ll\u00e4 2 kpl<\/li>\n<li data-leveltext=\"o\" data-font=\"Courier New\" data-listid=\"2\" data-aria-posinset=\"3\" data-aria-level=\"2\">Elektroninen lukko<\/li>\n<li data-leveltext=\"o\" data-font=\"Courier New\" data-listid=\"2\" data-aria-posinset=\"3\" data-aria-level=\"2\">Varash\u00e4lytin<\/li>\n<li data-leveltext=\"o\" data-font=\"Courier New\" data-listid=\"2\" data-aria-posinset=\"3\" data-aria-level=\"2\">Paniikkinappi<\/li>\n<li data-leveltext=\"o\" data-font=\"Courier New\" data-listid=\"2\" data-aria-posinset=\"3\" data-aria-level=\"2\">Tarrat<\/li>\n<\/ul>\n<h2><strong>Palo- ja pelastusturvallisuus sek\u00e4 ensiapupaketti 1 300,00 \u20ac\/kertalaskutus<\/strong><\/h2>\n<ul>\n<li data-leveltext=\"o\" data-font=\"Courier New\" data-listid=\"10\" data-aria-posinset=\"1\" data-aria-level=\"5\"><span data-contrast=\"auto\">Ensiapukaappi tarvikkeilla<\/span><\/li>\n<li data-leveltext=\"o\" data-font=\"Courier New\" data-listid=\"10\" data-aria-posinset=\"2\" data-aria-level=\"5\"><span data-contrast=\"auto\">Pikapaloposti<\/span><\/li>\n<li data-leveltext=\"o\" data-font=\"Courier New\" data-listid=\"10\" data-aria-posinset=\"3\" data-aria-level=\"5\"><span data-contrast=\"auto\">Jauhesammutin 3 kpl<\/span><\/li>\n<li data-leveltext=\"o\" data-font=\"Courier New\" data-listid=\"10\" data-aria-posinset=\"3\" data-aria-level=\"5\">Sammutuspeite 120 cm x 180 cm<\/li>\n<li data-leveltext=\"o\" data-font=\"Courier New\" data-listid=\"10\" data-aria-posinset=\"3\" data-aria-level=\"5\">Optinen palovarotin 2 kpl<\/li>\n<\/ul>\n<h2><em><strong>Bronze package price starting from 2290\u20ac + monthly invoicing 1299\u20ac\/ month. (vat. 0%)<\/strong><\/em><\/h2>\n<ul>\n<li><em>Including property check by security guards (once a day)<\/em><\/li>\n<li><em>17\u201d monitor<\/em><\/li>\n<li><em>indoor security camera<\/em><\/li>\n<li><em>outdoor security camera<\/em><\/li>\n<li><em>external harddrive with HD recording 2TB<\/em><\/li>\n<li><em>Antitheft alarm<\/em><\/li>\n<li><em>Smartlock (with keycard)<\/em><\/li>\n<li><em>Motion sensor<\/em><\/li>\n<li><em>Stickers<\/em><\/li>\n<\/ul>\n<h2><em><strong>Silver package price starting from 2999\u20ac + monthly invoicing 1299\u20ac (vat. 0%)<\/strong><\/em><\/h2>\n<ul>\n<li><em>Including property check by security guards (once a day)<\/em><\/li>\n<li><em>Indoor security camera x2<\/em><\/li>\n<li><em>outdoor security camera x2<\/em><\/li>\n<li><em>External harddrive with HD recording 2TB x2<\/em><\/li>\n<li><em>22\u201d monitor<\/em><\/li>\n<li><em>Motion sensor x2<\/em><\/li>\n<li><em>Antitheft alarm x2<\/em><\/li>\n<li><em>Smartlock (with keycard) x2<\/em><\/li>\n<li><em>Panic button<\/em><\/li>\n<li><em>Stickers<\/em><\/li>\n<\/ul>\n<h2><em><strong>Gold package price starting from 4890\u20ac + monthly invoicing 1299\u20ac or 2500\u20ac (vat. 0%)<\/strong><\/em><\/h2>\n<ul>\n<li><em>Including property check by security guards (once a day or twice a day)<\/em><\/li>\n<li><em>indoor security camera x3<\/em><\/li>\n<li><em>outdoor security camera x2<\/em><\/li>\n<li><em>external harddrive with HD recording 5TB<\/em><\/li>\n<li><em>22\u201d monitor x2<\/em><\/li>\n<li><em>Motion sensor x3<\/em><\/li>\n<li><em>Smartlock (With keycard) x2<\/em><\/li>\n<li><em><span style=\"font-size: 1rem\">Electronic lock<\/span><\/em><\/li>\n<li><em><span style=\"font-size: 1rem\">Antitheft alarm<\/span><\/em><\/li>\n<li><em><span style=\"font-size: 1rem\">Panic button<\/span><\/em><\/li>\n<li><em><span style=\"font-size: 1rem\">Stickers<\/span><\/em><\/li>\n<\/ul>\n<h2><em><strong>First Aid Kit price starting from 1300\u20ac (VAT. 0%)<\/strong><\/em><\/h2>\n<ul>\n<li><em>First aid cabinet with supplies<\/em><\/li>\n<li><em>Firehydrant<\/em><\/li>\n<li><em>Powder Fire extinguisher 3KG<\/em><\/li>\n<li><em>Fire blanket 120cm x 180cm<\/em><\/li>\n<li><em>Optical fire alarm x2<\/em><\/li>\n<\/ul>\n","protected":false},"excerpt":{"rendered":"<p>English below Pronssipaketti alkaen 2 290,00\u00a0\u20ac \/ kertamaksu Alv. 0% ja kuukausilaskutus vartiointipalvelusta sopimuskauden loppuun 1299,00 \u20ac Alv. 0% Sis\u00e4lt\u00e4\u00e4 vartijakierrokset vuorokauden aikana (24h aikana) yhden vartijan k\u00e4yntikerran sovittuna ajankohtana. \u00a0\u00a0 Monitori 17\u201d Sis\u00e4turvakamera Turvakamera ulkok\u00e4ytt\u00f6\u00f6n Ulkoinen kovalevy HD-tallennuksella 2 TB Varash\u00e4lytin \u00c4lylukko l\u00e4tk\u00e4ll\u00e4 Liikkeentunnistin Tarrat Hopeapaketti alkaen 2900,00\u00a0\u20ac \/ kertamaksu ja kuukausilaskutus vartiointipalvelusta \u00a0sopimuskauden &hellip; <\/p>\n<p class=\"link-more\"><a href=\"https:\/\/blogi.eoppimispalvelut.fi\/napaturva1\/turvallisuus-paketit\/\" class=\"more-link\">Jatka lukemista<span class=\"screen-reader-text\"> &#8220;Turvallisuuspaketit\/Security services&#8221;<\/span><\/a><\/p>\n","protected":false},"author":4918,"featured_media":0,"parent":0,"menu_order":0,"comment_status":"closed","ping_status":"closed","template":"","meta":{"footnotes":""},"class_list":["post-9","page","type-page","status-publish","hentry"],"_links":{"self":[{"href":"https:\/\/blogi.eoppimispalvelut.fi\/napaturva1\/wp-json\/wp\/v2\/pages\/9","targetHints":{"allow":["GET"]}}],"collection":[{"href":"https:\/\/blogi.eoppimispalvelut.fi\/napaturva1\/wp-json\/wp\/v2\/pages"}],"about":[{"href":"https:\/\/blogi.eoppimispalvelut.fi\/napaturva1\/wp-json\/wp\/v2\/types\/page"}],"author":[{"embeddable":true,"href":"https:\/\/blogi.eoppimispalvelut.fi\/napaturva1\/wp-json\/wp\/v2\/users\/4918"}],"replies":[{"embeddable":true,"href":"https:\/\/blogi.eoppimispalvelut.fi\/napaturva1\/wp-json\/wp\/v2\/comments?post=9"}],"version-history":[{"count":17,"href":"https:\/\/blogi.eoppimispalvelut.fi\/napaturva1\/wp-json\/wp\/v2\/pages\/9\/revisions"}],"predecessor-version":[{"id":238,"href":"https:\/\/blogi.eoppimispalvelut.fi\/napaturva1\/wp-json\/wp\/v2\/pages\/9\/revisions\/238"}],"wp:attachment":[{"href":"https:\/\/blogi.eoppimispalvelut.fi\/napaturva1\/wp-json\/wp\/v2\/media?parent=9"}],"curies":[{"name":"wp","href":"https:\/\/api.w.org\/{rel}","templated":true}]}}