{"id":12,"date":"2018-05-27T14:57:22","date_gmt":"2018-05-27T11:57:22","guid":{"rendered":"https:\/\/blogi.eoppimispalvelut.fi\/niemimiia\/?page_id=12"},"modified":"2018-05-28T18:55:06","modified_gmt":"2018-05-28T15:55:06","slug":"nykytila","status":"publish","type":"page","link":"https:\/\/blogi.eoppimispalvelut.fi\/niemimiia\/nykytila\/","title":{"rendered":"Nykytila"},"content":{"rendered":"<p><img loading=\"lazy\" decoding=\"async\" class=\"alignright wp-image-37 size-full\" src=\"https:\/\/blogi.eoppimispalvelut.fi\/niemimiia\/files\/2018\/05\/2018-05-wp-helmitaulu.jpg\" alt=\"\" width=\"254\" height=\"198\" \/>Aloitimme projektimme, tutustumalla Mari Kortesojan yrityksen nykytilaan. ICT-mieless\u00e4 yrityksen l\u00e4ht\u00f6taso oli pienelle yritykselle ominainen ja perinteinen. Kortesoja oli py\u00f6ritt\u00e4nyt yrityst\u00e4\u00e4n kahden kannettavan tietokoneen, \u00e4lypuhelimen, monitoimilaitteen, sek\u00e4 bluetooth-kaiuttimen avulla. Kaikki hallinnolliset j\u00e4rjestelm\u00e4t ja ajanvaraus olivat\u00a0 manuaalisia.<\/p>\n","protected":false},"excerpt":{"rendered":"<p>Aloitimme projektimme, tutustumalla Mari Kortesojan yrityksen nykytilaan. ICT-mieless\u00e4 yrityksen l\u00e4ht\u00f6taso oli pienelle yritykselle ominainen ja perinteinen. Kortesoja oli py\u00f6ritt\u00e4nyt yrityst\u00e4\u00e4n kahden kannettavan tietokoneen, \u00e4lypuhelimen, monitoimilaitteen, sek\u00e4 bluetooth-kaiuttimen avulla. Kaikki hallinnolliset j\u00e4rjestelm\u00e4t ja ajanvaraus olivat\u00a0 manuaalisia.<\/p>\n","protected":false},"author":3099,"featured_media":0,"parent":0,"menu_order":0,"comment_status":"closed","ping_status":"closed","template":"","meta":{"footnotes":""},"class_list":["post-12","page","type-page","status-publish","hentry"],"_links":{"self":[{"href":"https:\/\/blogi.eoppimispalvelut.fi\/niemimiia\/wp-json\/wp\/v2\/pages\/12","targetHints":{"allow":["GET"]}}],"collection":[{"href":"https:\/\/blogi.eoppimispalvelut.fi\/niemimiia\/wp-json\/wp\/v2\/pages"}],"about":[{"href":"https:\/\/blogi.eoppimispalvelut.fi\/niemimiia\/wp-json\/wp\/v2\/types\/page"}],"author":[{"embeddable":true,"href":"https:\/\/blogi.eoppimispalvelut.fi\/niemimiia\/wp-json\/wp\/v2\/users\/3099"}],"replies":[{"embeddable":true,"href":"https:\/\/blogi.eoppimispalvelut.fi\/niemimiia\/wp-json\/wp\/v2\/comments?post=12"}],"version-history":[{"count":8,"href":"https:\/\/blogi.eoppimispalvelut.fi\/niemimiia\/wp-json\/wp\/v2\/pages\/12\/revisions"}],"predecessor-version":[{"id":78,"href":"https:\/\/blogi.eoppimispalvelut.fi\/niemimiia\/wp-json\/wp\/v2\/pages\/12\/revisions\/78"}],"wp:attachment":[{"href":"https:\/\/blogi.eoppimispalvelut.fi\/niemimiia\/wp-json\/wp\/v2\/media?parent=12"}],"curies":[{"name":"wp","href":"https:\/\/api.w.org\/{rel}","templated":true}]}}