{"id":5,"date":"2020-02-24T12:48:30","date_gmt":"2020-02-24T10:48:30","guid":{"rendered":"https:\/\/blogi.eoppimispalvelut.fi\/nikonblogi\/?page_id=5"},"modified":"2020-04-28T18:08:18","modified_gmt":"2020-04-28T15:08:18","slug":"etusivu","status":"publish","type":"page","link":"https:\/\/blogi.eoppimispalvelut.fi\/nikonblogi\/","title":{"rendered":"Tervetuloa blogisivustolleni!"},"content":{"rendered":"<p>Sivustolle tulen kirjoittamaan erilaisia blogikirjoituksia opintojaksoon liittyen. Blogini p\u00e4ivittyy v\u00e4hitellen uusista kirjoituksista eri aiheisiin liittyen. Sivustoni toimii my\u00f6s henkil\u00f6kohtaisena tietosivuna.<\/p>\n<p>Tulevat blogikirjoitukset:<\/p>\n<p>&#8230;<\/p>\n<p>Menneet blogikirjoitukset:<\/p>\n<p>9.3.2020 \/ <a href=\"https:\/\/blogi.eoppimispalvelut.fi\/nikonblogi\/2020\/03\/07\/mita-on-sisaltomarkkinointi-ja-miten-tuotat-hyvaa-verkkosisaltoa-sivuillesi\/\">Mit\u00e4 on sis\u00e4lt\u00f6markkinointi ja miten tuotat hyv\u00e4\u00e4 verkkosis\u00e4lt\u00f6\u00e4 sivuillesi<\/a><\/p>\n<p>1.4.2020 \/ <a href=\"https:\/\/blogi.eoppimispalvelut.fi\/nikonblogi\/2020\/04\/01\/vaikuttajamarkkinointi-ja-sen-hyodyntaminen-somessa\/\">Vaikuttajamarkkinointi ja sen hy\u00f6dynt\u00e4minen somessa<\/a><\/p>\n<p>15.4.2020 \/ <a href=\"https:\/\/blogi.eoppimispalvelut.fi\/nikonblogi\/2020\/04\/19\/sisallon-mittaaminen-ja-sen-testaus-a-b-tiivistetysti\/\">Sis\u00e4ll\u00f6n mittaaminen ja sen testaus (A\/B) tiivistetysti<\/a><\/p>\n<p>28.4.2020 \/ <a href=\"https:\/\/blogi.eoppimispalvelut.fi\/nikonblogi\/2020\/04\/28\/asiakassuhteiden-rakentamisesta-tiivistetysti\/\">Asiakassuhteiden rakentamisesta tiivistetysti<\/a><\/p>\n","protected":false},"excerpt":{"rendered":"<p>Sivustolle tulen kirjoittamaan erilaisia blogikirjoituksia opintojaksoon liittyen. Blogini p\u00e4ivittyy v\u00e4hitellen uusista kirjoituksista eri aiheisiin liittyen. Sivustoni toimii my\u00f6s henkil\u00f6kohtaisena tietosivuna. Tulevat blogikirjoitukset: &#8230; Menneet blogikirjoitukset: 9.3.2020 \/ Mit\u00e4 on sis\u00e4lt\u00f6markkinointi ja miten tuotat hyv\u00e4\u00e4 verkkosis\u00e4lt\u00f6\u00e4 sivuillesi 1.4.2020 \/ Vaikuttajamarkkinointi ja &hellip; <a href=\"https:\/\/blogi.eoppimispalvelut.fi\/nikonblogi\/\">Continue reading <span class=\"meta-nav\">&rarr;<\/span><\/a><\/p>\n","protected":false},"author":3515,"featured_media":0,"parent":0,"menu_order":0,"comment_status":"closed","ping_status":"closed","template":"","meta":{"footnotes":""},"class_list":["post-5","page","type-page","status-publish","hentry"],"_links":{"self":[{"href":"https:\/\/blogi.eoppimispalvelut.fi\/nikonblogi\/wp-json\/wp\/v2\/pages\/5","targetHints":{"allow":["GET"]}}],"collection":[{"href":"https:\/\/blogi.eoppimispalvelut.fi\/nikonblogi\/wp-json\/wp\/v2\/pages"}],"about":[{"href":"https:\/\/blogi.eoppimispalvelut.fi\/nikonblogi\/wp-json\/wp\/v2\/types\/page"}],"author":[{"embeddable":true,"href":"https:\/\/blogi.eoppimispalvelut.fi\/nikonblogi\/wp-json\/wp\/v2\/users\/3515"}],"replies":[{"embeddable":true,"href":"https:\/\/blogi.eoppimispalvelut.fi\/nikonblogi\/wp-json\/wp\/v2\/comments?post=5"}],"version-history":[{"count":16,"href":"https:\/\/blogi.eoppimispalvelut.fi\/nikonblogi\/wp-json\/wp\/v2\/pages\/5\/revisions"}],"predecessor-version":[{"id":108,"href":"https:\/\/blogi.eoppimispalvelut.fi\/nikonblogi\/wp-json\/wp\/v2\/pages\/5\/revisions\/108"}],"wp:attachment":[{"href":"https:\/\/blogi.eoppimispalvelut.fi\/nikonblogi\/wp-json\/wp\/v2\/media?parent=5"}],"curies":[{"name":"wp","href":"https:\/\/api.w.org\/{rel}","templated":true}]}}