{"id":490,"date":"2019-11-14T15:37:57","date_gmt":"2019-11-14T13:37:57","guid":{"rendered":"https:\/\/blogi.eoppimispalvelut.fi\/nordicnabs\/?page_id=490"},"modified":"2019-11-15T17:51:09","modified_gmt":"2019-11-15T15:51:09","slug":"norjan-tyopaja-2019","status":"publish","type":"page","link":"https:\/\/blogi.eoppimispalvelut.fi\/nordicnabs\/kansainvaliset-tyopajat\/norjan-tyopaja-2019\/","title":{"rendered":"Norjan ty\u00f6paja 2019"},"content":{"rendered":"<h3 style=\"text-align: center\"><strong>Kansainv\u00e4linen ty\u00f6paja Norjassa 7.-10.10.2019<\/strong><\/h3>\n<hr \/>\n<p><strong>Tutustumismatka Norjaan!<\/strong><br \/>\nNordic NaBS -hanke j\u00e4rjest\u00e4\u00e4 lokakuussa 7.-10.10.2019 matkan Mo i Ranaan, Norjaan.<\/p>\n<p>Kutsumme mukaan Keski-Pohjanmaan, Pohjois-Pohjanmaan ja Lapin sek\u00e4 Ruotsin Norrbottenin ja V\u00e4sterbottenin alueilta luontoalan yritt\u00e4ji\u00e4 sek\u00e4 sote- ja kasvatusalan toimijoita. Matkalle osallistuu kumppaneita my\u00f6s Pohjois-Norjasta.<\/p>\n<p>Matka tarjoaa uusia verkostoja, tutustumisk\u00e4yntej\u00e4 Inn p\u00e5 Tunet -tiloille, kokemusten vaihtoa sek\u00e4 ty\u00f6v\u00e4lineit\u00e4 oman luontoperustaisen toiminnan kehitt\u00e4miseen. Matkan aikana osallistujilla on mahdollisuus esitell\u00e4 omaa toimintaansa.<\/p>\n<p>Hanke tarjoaa matkat ja monipuolisen ohjelman. Majoitukset ja p\u00e4\u00e4osa ruokailuista ovat omakustanteisia.<\/p>\n<p>Sitova ilmoittautuminen 30.8.2019 menness\u00e4 <a href=\"https:\/\/link.webropolsurveys.com\/S\/C485E7175ADDB336?fbclid=IwAR3haYazeY7wp6NKc-iXwXvqwjJVl5LzeE0F5_zdaX-z5BgxBvddqCmjrzA\" target=\"_blank\" rel=\"nofollow noopener noreferrer\" data-lynx-mode=\"hover\" data-lynx-uri=\"https:\/\/l.facebook.com\/l.php?u=https%3A%2F%2Flink.webropolsurveys.com%2FS%2FC485E7175ADDB336%3Ffbclid%3DIwAR3haYazeY7wp6NKc-iXwXvqwjJVl5LzeE0F5_zdaX-z5BgxBvddqCmjrzA&amp;h=AT18z8lqEr779uIfmOU2sFjZxT0w2nDwwlYOAd3P4bb6KNploIYfZ_ffXUvmjQh8ZvYAEKP_Ovl5Szheyb3U-IzPFs1o6-qonEdz44-ab4b1oDOsbyfz7kkF8nC0WXj_OQ\">https:\/\/link.webropolsurveys.com\/S\/C485E7175ADDB336<\/a><\/p>\n<p>Mo i Ranassa tapahtumapaikkana on Fjordgaarden Hotell <a href=\"https:\/\/l.facebook.com\/l.php?u=http%3A%2F%2Fwww.fjordgaarden.no%2F%3Ffbclid%3DIwAR05EPHMg1i1buBbB7SFpHbZdtGVEtdjEqTJPtEKeCJHdnEahy6MuasCn3c&amp;h=AT1GNKqjqkHTL9uqNtsDmgnfBlR_zoIQhlq3E5AN9kyWsrx06t0zd8G3H1nsu5UKJZireeVQdunp3yVvlP0HxgKJMotqwC0xOapj59wKZ9x8Gwhg0723X1LzG7WK_fLC5A\" target=\"_blank\" rel=\"nofollow noopener noreferrer\" data-lynx-mode=\"hover\">www.fjordgaarden.no<\/a><\/p>\n<hr \/>\n<h4><strong>Lis\u00e4tietoa matkasta:<\/strong><\/h4>\n<ul>\n<li><a href=\"https:\/\/www.facebook.com\/events\/2223105038003502\/\" target=\"_blank\" rel=\"noopener noreferrer\">FB -tapahtuma<\/a><\/li>\n<li><a href=\"https:\/\/blogi.eoppimispalvelut.fi\/nordicnabs\/files\/2019\/11\/Mo-i-Rana-7.-10.10.2019-info_fi.pdf\" target=\"_blank\" rel=\"noopener noreferrer\">Infokirje 1<\/a> &amp;\u00a0 <a href=\"https:\/\/blogi.eoppimispalvelut.fi\/nordicnabs\/files\/2019\/11\/Mo-i-Rana-7.-10.10.2019-info2_fi.pdf\" target=\"_blank\" rel=\"noopener noreferrer\">infokirje 2<\/a><\/li>\n<li>Esitysmateriaalit:\n<ul>\n<li>Hege Lindstr\u00f6m, <a href=\"https:\/\/blogi.eoppimispalvelut.fi\/nordicnabs\/files\/2019\/11\/Green-care-Hege-Lindstr\u00f8m-Mo-i-Rana-08.10.19-suomeksi.pdf\" target=\"_blank\" rel=\"noopener noreferrer\">Inn P\u00e5 Tunet<\/a><\/li>\n<li>Olli Vuotilainen, Martta Ylilauri, Merja Pakkanen, P\u00e4ivi Juuso &amp;,<a href=\"https:\/\/blogi.eoppimispalvelut.fi\/nordicnabs\/files\/2019\/11\/Presentation_WP3_UVa_0810_2019_final_0610_19_Olli-061019.pdf\" target=\"_blank\" rel=\"noopener noreferrer\"> luontoperustainen toiminta eri maissa -selvitys<\/a><\/li>\n<li>Sissel Siversen, Fjellvang stall &amp; 4H G\u00e5rd<\/li>\n<\/ul>\n<\/li>\n<li>Matkaraportti ja kuvagalleria<\/li>\n<li>\u00a0Yhteyshenkil\u00f6t:\n<ul>\n<li>Lappi: Leena V\u00e4limaa, leena.valimaa(@)lapinamk.fi<\/li>\n<li>Keski-Pohjanmaa: Martta Ylilauri, martta.ylilauri (@) univaasa.fi<\/li>\n<li>Pohjois-Pohjanmaa: Satu V\u00e4lij\u00e4rvi, satu.valij\u00e4rvi(@)oamk.fi<\/li>\n<li>V\u00e4sterbotten ja Norrbotten: P\u00e4ivi Juuso, paivi.juuso(@)ltu.se<\/li>\n<\/ul>\n<\/li>\n<\/ul>\n<hr \/>\n<p><strong><u>OHJELMA<\/u><\/strong><u> (kellonajat paikallista aikaa)<\/u><\/p>\n<p><strong>Ma 7.10.2019<\/strong> <strong>Matka Mo i Ranaan\u00a0<\/strong><\/p>\n<p>5.00\u00a0 \u00a0Matka Kokkola\u2013Oulu<\/p>\n<p>8.00\u00a0 \u00a0Matka Oulu ja Rovaniemi\u2013Tornio<\/p>\n<p>10.00\u00a0 Kahvitauko Torniossa Lapin AMKin kampuksella Minervassa \u2013tila Kaneli <em>(omakustanteinen)<\/em><\/p>\n<p>10.15\u00a0 \u00a0Matka Tornio\u2013Luulaja<\/p>\n<p>11.15\u00a0 \u00a0 Lounas Luulajassa <em>(omakustanteinen) (Ruotsin aikaa)<\/em> <a href=\"https:\/\/www.fazerfoodco.se\/restauranger\/restauranger\/centrumrestaurangen\/\" target=\"_blank\" rel=\"noopener noreferrer\"><em>Centrum restaurangen<\/em><\/a><\/p>\n<p>12.15\u00a0 \u00a0Yhteinen bussimatka Luulaja\u2013Mo i Rana<\/p>\n<p>16.00\u00a0 P\u00e4iv\u00e4llinen Sorselessa <em>(omakustanteinen)<\/em><\/p>\n<p>n.21\u00a0 \u00a0 \u00a0Perill\u00e4 Mo i Ranassa<\/p>\n<p>&nbsp;<\/p>\n<p><strong>Ti 8.10.2019 Inn P\u00e5 Tunet <\/strong>\u2013 <strong>mit\u00e4 se on?<\/strong><\/p>\n<p>8.30\u00a0 \u00a0 \u00a0 P\u00e4iv\u00e4n aloitus ja hanketietoisku, Leena V\u00e4limaa, Nordic NaBS<\/p>\n<p>9.00\u00a0 \u00a0 \u00a0 Mit\u00e4 on Inn P\u00e5 Tunet? Hege Lindstr\u00f6m, Inn P\u00e5 Tunet, Norja<\/p>\n<p>10.00\u00a0 \u00a0 Yritt\u00e4j\u00e4n puheenvuoro, Sissel Sivertsen, Fjellvang stall och 4H g\u00e5rd<\/p>\n<p>10.30\u00a0 \u00a0 Tauko ja keskustelua Inn P\u00e5 Tunet -toiminnasta pienryhmiss\u00e4 ja yhteisesti<\/p>\n<p>12.00\u00a0 \u00a0 Lounas tarjotaan hotellilla<\/p>\n<p>13.00\u00a0 \u00a0 Luontoperustainen toiminta eri maissa -selvitys. Olli Voutilainen, Martta Ylilauri ja P\u00e4ivi Juuso, Nordic NaBS<\/p>\n<p>14.15\u00a0 \u00a0 \u00a0Kahvit ja posteri- ja julistek\u00e4vely, Arja J\u00e4\u00e4skel\u00e4inen, Nordic NaBS <em>\u00a0<\/em><\/p>\n<p>15.45\u00a0 \u00a0 Yhteisen p\u00e4iv\u00e4n p\u00e4\u00e4t\u00f6ssanat, Leena V\u00e4limaa Nordic NaBS<\/p>\n<p>16.30\u00a0 \u00a0 L\u00e4ht\u00f6 yritysvierailulle Fjellvang stall och 4H g\u00e5rd (Hammerveien 125, 8626 Mo I Rana)<\/p>\n<p>19\u201321\u00a0 \u00a0Yhteinen illallinen No3-ravintolassa <em>(omakustanteinen)<\/em><\/p>\n<p>&nbsp;<\/p>\n<p><strong>Ke 9.10.2019 Inn p\u00e5 Tunet: tutustuminen toimintaan ja toimijoihin<\/strong><\/p>\n<p>8.30\u00a0 \u00a0 \u00a0L\u00e4ht\u00f6 hotellilta<\/p>\n<p>9.00\u00a0 \u00a0 \u00a0Vierailu Langfjell G\u00e5rd (Langfjellveien 520, 8615 Skonseng)<\/p>\n<p>11.30\u00a0 \u00a0 Lounas hotellilla (omakustanteinen)<\/p>\n<p>12.30\u00a0 \u00a0 L\u00e4ht\u00f6 seuraavalle tilavierailulle<\/p>\n<p>14.30\u00a0 \u00a0Vierailu Furuheim G\u00e5rd (S\u00f8rsiveien 864, 8690 Hattfjelldal)<\/p>\n<p>n. 19\u00a0 \u00a0 Saavumme takaisin hotellille<\/p>\n<p>Illalla omaehtoista tutustumista Mo i Ranan ymp\u00e4rist\u00f6\u00f6n ja vapaa-aikaa<\/p>\n<p>&nbsp;<\/p>\n<p><strong>To 10.10.2019 Kotimatka\u00a0<\/strong><\/p>\n<p>8.00 \u00a0\u00a0\u00a0\u00a0\u00a0\u00a0\u00a0 L\u00e4ht\u00f6 Mo i Ranasta<\/p>\n<p>11.00\u00a0 \u00a0 \u00a0 \u00a0tunnin mittainen ruokapaussi <em>(ruokailu omakustanteinen)<\/em><\/p>\n<p>16.00 \u00a0\u00a0\u00a0\u00a0\u00a0 Luulajassa, p\u00e4iv\u00e4llinen <em>(omakustanteinen)<\/em><\/p>\n<p>17.00 \u00a0\u00a0\u00a0\u00a0\u00a0 L\u00e4ht\u00f6 Luulajasta<\/p>\n<p>20.00 \u00a0\u00a0\u00a0\u00a0\u00a0 Torniossa <em>(Suomen aikaa)<\/em>, mahdollisuus kahvitaukoon<\/p>\n<p>20.30 \u00a0\u00a0\u00a0\u00a0\u00a0 L\u00e4ht\u00f6 Torniosta suuntiin Rovaniemi \/ Oulu\u2013Kokkola<\/p>\n<p>Rovaniemell\u00e4 n. klo 21.30<\/p>\n<p>Oulussa n. klo 22.00<\/p>\n<p>Kokkolassa n. klo 2.00<\/p>\n<hr \/>\n<p>&nbsp;<\/p>\n<p><a href=\"https:\/\/blogi.eoppimispalvelut.fi\/nordicnabs\/etusivu\/logopalkki-laatikko\/\" rel=\"attachment wp-att-134\"><img loading=\"lazy\" decoding=\"async\" class=\"alignnone wp-image-134\" src=\"https:\/\/blogi.eoppimispalvelut.fi\/nordicnabs\/files\/2019\/09\/logopalkki-laatikko-300x114.png\" alt=\"\" width=\"527\" height=\"200\" srcset=\"https:\/\/blogi.eoppimispalvelut.fi\/nordicnabs\/files\/2019\/09\/logopalkki-laatikko-300x114.png 300w, https:\/\/blogi.eoppimispalvelut.fi\/nordicnabs\/files\/2019\/09\/logopalkki-laatikko.png 598w\" sizes=\"auto, (max-width: 527px) 100vw, 527px\" \/><\/a><\/p>\n<p>&nbsp;<\/p>\n","protected":false},"excerpt":{"rendered":"<p>Kansainv\u00e4linen ty\u00f6paja Norjassa 7.-10.10.2019 Tutustumismatka Norjaan! Nordic NaBS -hanke j\u00e4rjest\u00e4\u00e4 lokakuussa 7.-10.10.2019 matkan Mo i Ranaan, Norjaan. Kutsumme mukaan Keski-Pohjanmaan, Pohjois-Pohjanmaan ja Lapin sek\u00e4 Ruotsin Norrbottenin ja V\u00e4sterbottenin alueilta luontoalan yritt\u00e4ji\u00e4 sek\u00e4 sote- ja kasvatusalan toimijoita. Matkalle osallistuu kumppaneita my\u00f6s Pohjois-Norjasta. Matka tarjoaa uusia verkostoja, tutustumisk\u00e4yntej\u00e4 Inn p\u00e5 Tunet -tiloille, kokemusten vaihtoa sek\u00e4 ty\u00f6v\u00e4lineit\u00e4 oman [&hellip;]<\/p>\n","protected":false},"author":1577,"featured_media":618,"parent":106,"menu_order":0,"comment_status":"closed","ping_status":"closed","template":"template-full-width.php","meta":{"footnotes":""},"class_list":["post-490","page","type-page","status-publish","has-post-thumbnail","hentry"],"_links":{"self":[{"href":"https:\/\/blogi.eoppimispalvelut.fi\/nordicnabs\/wp-json\/wp\/v2\/pages\/490","targetHints":{"allow":["GET"]}}],"collection":[{"href":"https:\/\/blogi.eoppimispalvelut.fi\/nordicnabs\/wp-json\/wp\/v2\/pages"}],"about":[{"href":"https:\/\/blogi.eoppimispalvelut.fi\/nordicnabs\/wp-json\/wp\/v2\/types\/page"}],"author":[{"embeddable":true,"href":"https:\/\/blogi.eoppimispalvelut.fi\/nordicnabs\/wp-json\/wp\/v2\/users\/1577"}],"replies":[{"embeddable":true,"href":"https:\/\/blogi.eoppimispalvelut.fi\/nordicnabs\/wp-json\/wp\/v2\/comments?post=490"}],"version-history":[{"count":31,"href":"https:\/\/blogi.eoppimispalvelut.fi\/nordicnabs\/wp-json\/wp\/v2\/pages\/490\/revisions"}],"predecessor-version":[{"id":620,"href":"https:\/\/blogi.eoppimispalvelut.fi\/nordicnabs\/wp-json\/wp\/v2\/pages\/490\/revisions\/620"}],"up":[{"embeddable":true,"href":"https:\/\/blogi.eoppimispalvelut.fi\/nordicnabs\/wp-json\/wp\/v2\/pages\/106"}],"wp:featuredmedia":[{"embeddable":true,"href":"https:\/\/blogi.eoppimispalvelut.fi\/nordicnabs\/wp-json\/wp\/v2\/media\/618"}],"wp:attachment":[{"href":"https:\/\/blogi.eoppimispalvelut.fi\/nordicnabs\/wp-json\/wp\/v2\/media?parent=490"}],"curies":[{"name":"wp","href":"https:\/\/api.w.org\/{rel}","templated":true}]}}