{"id":582,"date":"2019-11-15T16:51:37","date_gmt":"2019-11-15T14:51:37","guid":{"rendered":"https:\/\/blogi.eoppimispalvelut.fi\/nordicnabs\/?page_id=582"},"modified":"2019-12-03T14:42:30","modified_gmt":"2019-12-03T12:42:30","slug":"ajankohtaista","status":"publish","type":"page","link":"https:\/\/blogi.eoppimispalvelut.fi\/nordicnabs\/ajankohtaista\/","title":{"rendered":"Ajankohtaista"},"content":{"rendered":"<h3 style=\"text-align: center\"><strong>Ajankohtaista\u00a0<\/strong><\/h3>\n<hr \/>\n<p><strong>Tulossa olevat tapahtumat<\/strong><\/p>\n<p>16.12.2019 Luontorentoutusta tarjolla webinaarina, lue lis\u00e4\u00e4 <a href=\"https:\/\/www.facebook.com\/events\/573612843463816\/\" target=\"_blank\" rel=\"noopener noreferrer\">Facebook -tapahtumasta<\/a> tai <a href=\"https:\/\/blogi.eoppimispalvelut.fi\/nordicnabs\/webinaarit\/\" target=\"_blank\" rel=\"noopener noreferrer\">webinaarit -sivulta<\/a><\/p>\n<p>15.1.2020 Kev\u00e4\u00e4n 2020 pilotointisyklin hakuaika p\u00e4\u00e4ttyy, lue lis\u00e4\u00e4 <a href=\"https:\/\/blogi.eoppimispalvelut.fi\/nordicnabs\/palvelukokeilut\/\" target=\"_blank\" rel=\"noopener noreferrer\">pilotointisivulta<\/a><\/p>\n<p>&nbsp;<\/p>\n<p>&nbsp;<\/p>\n<hr \/>\n<p><strong>P\u00e4ivietyt tiedot \/ lis\u00e4tty\u00a0 materiaali<\/strong><\/p>\n<p>&nbsp;<\/p>\n<p>&nbsp;<\/p>\n<p>&nbsp;<\/p>\n<hr \/>\n<p>&nbsp;<\/p>\n","protected":false},"excerpt":{"rendered":"<p>Ajankohtaista\u00a0 Tulossa olevat tapahtumat 16.12.2019 Luontorentoutusta tarjolla webinaarina, lue lis\u00e4\u00e4 Facebook -tapahtumasta tai webinaarit -sivulta 15.1.2020 Kev\u00e4\u00e4n 2020 pilotointisyklin hakuaika p\u00e4\u00e4ttyy, lue lis\u00e4\u00e4 pilotointisivulta &nbsp; &nbsp; P\u00e4ivietyt tiedot \/ lis\u00e4tty\u00a0 materiaali &nbsp; &nbsp; &nbsp; &nbsp;<\/p>\n","protected":false},"author":1577,"featured_media":619,"parent":0,"menu_order":0,"comment_status":"closed","ping_status":"closed","template":"template-full-width.php","meta":{"footnotes":""},"class_list":["post-582","page","type-page","status-publish","has-post-thumbnail","hentry"],"_links":{"self":[{"href":"https:\/\/blogi.eoppimispalvelut.fi\/nordicnabs\/wp-json\/wp\/v2\/pages\/582","targetHints":{"allow":["GET"]}}],"collection":[{"href":"https:\/\/blogi.eoppimispalvelut.fi\/nordicnabs\/wp-json\/wp\/v2\/pages"}],"about":[{"href":"https:\/\/blogi.eoppimispalvelut.fi\/nordicnabs\/wp-json\/wp\/v2\/types\/page"}],"author":[{"embeddable":true,"href":"https:\/\/blogi.eoppimispalvelut.fi\/nordicnabs\/wp-json\/wp\/v2\/users\/1577"}],"replies":[{"embeddable":true,"href":"https:\/\/blogi.eoppimispalvelut.fi\/nordicnabs\/wp-json\/wp\/v2\/comments?post=582"}],"version-history":[{"count":5,"href":"https:\/\/blogi.eoppimispalvelut.fi\/nordicnabs\/wp-json\/wp\/v2\/pages\/582\/revisions"}],"predecessor-version":[{"id":657,"href":"https:\/\/blogi.eoppimispalvelut.fi\/nordicnabs\/wp-json\/wp\/v2\/pages\/582\/revisions\/657"}],"wp:featuredmedia":[{"embeddable":true,"href":"https:\/\/blogi.eoppimispalvelut.fi\/nordicnabs\/wp-json\/wp\/v2\/media\/619"}],"wp:attachment":[{"href":"https:\/\/blogi.eoppimispalvelut.fi\/nordicnabs\/wp-json\/wp\/v2\/media?parent=582"}],"curies":[{"name":"wp","href":"https:\/\/api.w.org\/{rel}","templated":true}]}}