{"id":627,"date":"2019-11-29T13:45:26","date_gmt":"2019-11-29T11:45:26","guid":{"rendered":"https:\/\/blogi.eoppimispalvelut.fi\/nordicnabs\/?page_id=627"},"modified":"2019-12-03T14:00:17","modified_gmt":"2019-12-03T12:00:17","slug":"tyopajat","status":"publish","type":"page","link":"https:\/\/blogi.eoppimispalvelut.fi\/nordicnabs\/tyopajat\/","title":{"rendered":"Ty\u00f6pajat"},"content":{"rendered":"<h3 style=\"text-align: center\"><strong>Ty\u00f6pajat<\/strong><\/h3>\n<hr \/>\n<p>J\u00e4rjest\u00e4mme kaikille avoimia ja maksuttomia ty\u00f6pajoja palveluiden kehitt\u00e4miseksi, yhteisty\u00f6n ja osaamisen lis\u00e4\u00e4miseksi.<\/p>\n<p>Ty\u00f6pajoja j\u00e4rjestet\u00e4\u00e4n 3-5 kertaa vuodessa alueellisesti ja kerran vuodessa kansainv\u00e4lisesti.<\/p>\n<p>Lis\u00e4tietoa <a href=\"https:\/\/blogi.eoppimispalvelut.fi\/nordicnabs\/alueelliset-tyopajat\/\" target=\"_blank\" rel=\"noopener noreferrer\">alueellisista ty\u00f6pajoista<\/a> ja\u00a0<a href=\"https:\/\/blogi.eoppimispalvelut.fi\/nordicnabs\/kansainvaliset-tyopajat\/\" target=\"_blank\" rel=\"noopener noreferrer\">kansainv\u00e4lisist\u00e4 ty\u00f6pajoista<\/a><\/p>\n<p>&nbsp;<\/p>\n<p>&nbsp;<\/p>\n","protected":false},"excerpt":{"rendered":"<p>Ty\u00f6pajat J\u00e4rjest\u00e4mme kaikille avoimia ja maksuttomia ty\u00f6pajoja palveluiden kehitt\u00e4miseksi, yhteisty\u00f6n ja osaamisen lis\u00e4\u00e4miseksi. Ty\u00f6pajoja j\u00e4rjestet\u00e4\u00e4n 3-5 kertaa vuodessa alueellisesti ja kerran vuodessa kansainv\u00e4lisesti. Lis\u00e4tietoa alueellisista ty\u00f6pajoista ja\u00a0kansainv\u00e4lisist\u00e4 ty\u00f6pajoista &nbsp; &nbsp;<\/p>\n","protected":false},"author":1577,"featured_media":203,"parent":0,"menu_order":0,"comment_status":"closed","ping_status":"closed","template":"template-full-width.php","meta":{"footnotes":""},"class_list":["post-627","page","type-page","status-publish","has-post-thumbnail","hentry"],"_links":{"self":[{"href":"https:\/\/blogi.eoppimispalvelut.fi\/nordicnabs\/wp-json\/wp\/v2\/pages\/627","targetHints":{"allow":["GET"]}}],"collection":[{"href":"https:\/\/blogi.eoppimispalvelut.fi\/nordicnabs\/wp-json\/wp\/v2\/pages"}],"about":[{"href":"https:\/\/blogi.eoppimispalvelut.fi\/nordicnabs\/wp-json\/wp\/v2\/types\/page"}],"author":[{"embeddable":true,"href":"https:\/\/blogi.eoppimispalvelut.fi\/nordicnabs\/wp-json\/wp\/v2\/users\/1577"}],"replies":[{"embeddable":true,"href":"https:\/\/blogi.eoppimispalvelut.fi\/nordicnabs\/wp-json\/wp\/v2\/comments?post=627"}],"version-history":[{"count":4,"href":"https:\/\/blogi.eoppimispalvelut.fi\/nordicnabs\/wp-json\/wp\/v2\/pages\/627\/revisions"}],"predecessor-version":[{"id":653,"href":"https:\/\/blogi.eoppimispalvelut.fi\/nordicnabs\/wp-json\/wp\/v2\/pages\/627\/revisions\/653"}],"wp:featuredmedia":[{"embeddable":true,"href":"https:\/\/blogi.eoppimispalvelut.fi\/nordicnabs\/wp-json\/wp\/v2\/media\/203"}],"wp:attachment":[{"href":"https:\/\/blogi.eoppimispalvelut.fi\/nordicnabs\/wp-json\/wp\/v2\/media?parent=627"}],"curies":[{"name":"wp","href":"https:\/\/api.w.org\/{rel}","templated":true}]}}