{"id":2,"date":"2022-11-29T11:22:55","date_gmt":"2022-11-29T09:22:55","guid":{"rendered":"https:\/\/blogi.eoppimispalvelut.fi\/nordicprogrammingcompany\/?page_id=2"},"modified":"2023-02-23T14:52:22","modified_gmt":"2023-02-23T12:52:22","slug":"esimerkkisivu","status":"publish","type":"page","link":"https:\/\/blogi.eoppimispalvelut.fi\/nordicprogrammingcompany\/esimerkkisivu\/","title":{"rendered":"Laitteet\/Devices"},"content":{"rendered":"\n<p>Hintoihin lis\u00e4t\u00e4\u00e4n Alv (+24%)\/The prices do not include VAT (+24% on prices)<\/p>\n\n\n\n<p><\/p>\n\n\n\n<p class=\"has-text-color has-medium-font-size\" style=\"color:#1e73be;text-decoration:underline\"><strong>Tulostimet\/Printers<\/strong><\/p>\n\n\n\n<ul class=\"wp-block-list\">\n<li>HP LaserJet Pro M501dn- tulostin\u200b<\/li>\n\n\n\n<li><strong>299\u20ac<\/strong><\/li>\n<\/ul>\n\n\n\n<p><\/p>\n\n\n\n<ul class=\"wp-block-list\">\n<li>HP LaserJet Enterprise M528dn-monitoimitulostin\/multifunctioning printer\u200b <\/li>\n\n\n\n<li><strong>999 <em>\u20ac<\/em><\/strong><\/li>\n<\/ul>\n\n\n\n<p><\/p>\n\n\n\n<p><\/p>\n\n\n\n<p class=\"has-text-color has-medium-font-size\" style=\"color:#1e73be;text-decoration:underline;text-transform:capitalize\"><strong>Tietokoneet\/Computers<\/strong><\/p>\n\n\n\n<ul class=\"wp-block-list\">\n<li>HP&nbsp;ProBook&nbsp;6560b 15\u2033\u200b Kannettava tietokone\/Laptop<\/li>\n\n\n\n<li><strong>999 \u20ac<\/strong><\/li>\n<\/ul>\n\n\n\n<p><\/p>\n\n\n\n<ul class=\"wp-block-list\">\n<li>Lenovo IdeaCentre AIO 3 24\u2033&nbsp;All-in-one-p\u00f6yt\u00e4kone,&nbsp;Win&nbsp;10, musta\u200b \n<ul class=\"wp-block-list\">\n<li>-Pakettiin sis\u00e4ltyy hiiri, n\u00e4pp\u00e4imist\u00f6 ja n\u00e4ytt\u00f6<\/li>\n<\/ul>\n<\/li>\n\n\n\n<li>Lenovo IdeaCentre AIO 3 24\u2033&nbsp;All-in-one-computer (Black)+mouse, keyboard and display<\/li>\n\n\n\n<li><strong>799 \u20ac<\/strong><\/li>\n<\/ul>\n\n\n\n<p><\/p>\n\n\n\n<p><\/p>\n\n\n\n<p class=\"has-text-color has-medium-font-size\" style=\"color:#1e73be;text-decoration:underline\"><strong>Ty\u00f6puhelin\/Phone for work<\/strong><\/p>\n\n\n\n<ul class=\"wp-block-list\">\n<li>OnePlus 3, 64GT, 6GT RAM -\u00e4lypuhelin\/smartphone<\/li>\n\n\n\n<li><strong>299\u20ac<\/strong><\/li>\n<\/ul>\n\n\n\n<p><\/p>\n\n\n\n<p><\/p>\n\n\n\n<p class=\"has-text-color has-medium-font-size\" style=\"color:#1e73be;text-decoration:underline\"><strong>Lis\u00e4varusteet<\/strong><\/p>\n\n\n\n<ul class=\"wp-block-list\">\n<li>Dell Langaton hiiri\/wireless mouse<\/li>\n\n\n\n<li><strong>19,99\u20ac<\/strong><\/li>\n<\/ul>\n\n\n\n<p><\/p>\n\n\n\n<ul class=\"wp-block-list\">\n<li>Puhelimen suojakuori + panssarilasi\/Protective cover+armored glass on to the phone<\/li>\n\n\n\n<li><strong>29 \u20ac<\/strong><\/li>\n<\/ul>\n\n\n\n<p><\/p>\n\n\n\n<ul class=\"wp-block-list\">\n<li>Muistitikku\/Memorystick 64GB<\/li>\n\n\n\n<li><strong>29 \u20ac<\/strong><\/li>\n<\/ul>\n\n\n\n<p><\/p>\n\n\n\n<ul class=\"wp-block-list\">\n<li>Mustekasetti\/Ink cartridge<\/li>\n\n\n\n<li><strong>89 \u20ac<\/strong><\/li>\n<\/ul>\n\n\n\n<p><\/p>\n\n\n\n<ul class=\"wp-block-list\">\n<li>Kuulokemikrofoni\/Headset microphone<\/li>\n\n\n\n<li><strong>39,99 \u20ac<\/strong><\/li>\n<\/ul>\n\n\n\n<p><\/p>\n","protected":false},"excerpt":{"rendered":"<p>Hintoihin lis\u00e4t\u00e4\u00e4n Alv (+24%)\/The prices do not include VAT (+24% on prices) Tulostimet\/Printers Tietokoneet\/Computers Ty\u00f6puhelin\/Phone for work Lis\u00e4varusteet<\/p>\n","protected":false},"author":19969,"featured_media":0,"parent":0,"menu_order":2,"comment_status":"closed","ping_status":"closed","template":"","meta":{"footnotes":""},"class_list":["post-2","page","type-page","status-publish","hentry"],"_links":{"self":[{"href":"https:\/\/blogi.eoppimispalvelut.fi\/nordicprogrammingcompany\/wp-json\/wp\/v2\/pages\/2","targetHints":{"allow":["GET"]}}],"collection":[{"href":"https:\/\/blogi.eoppimispalvelut.fi\/nordicprogrammingcompany\/wp-json\/wp\/v2\/pages"}],"about":[{"href":"https:\/\/blogi.eoppimispalvelut.fi\/nordicprogrammingcompany\/wp-json\/wp\/v2\/types\/page"}],"author":[{"embeddable":true,"href":"https:\/\/blogi.eoppimispalvelut.fi\/nordicprogrammingcompany\/wp-json\/wp\/v2\/users\/19969"}],"replies":[{"embeddable":true,"href":"https:\/\/blogi.eoppimispalvelut.fi\/nordicprogrammingcompany\/wp-json\/wp\/v2\/comments?post=2"}],"version-history":[{"count":18,"href":"https:\/\/blogi.eoppimispalvelut.fi\/nordicprogrammingcompany\/wp-json\/wp\/v2\/pages\/2\/revisions"}],"predecessor-version":[{"id":155,"href":"https:\/\/blogi.eoppimispalvelut.fi\/nordicprogrammingcompany\/wp-json\/wp\/v2\/pages\/2\/revisions\/155"}],"wp:attachment":[{"href":"https:\/\/blogi.eoppimispalvelut.fi\/nordicprogrammingcompany\/wp-json\/wp\/v2\/media?parent=2"}],"curies":[{"name":"wp","href":"https:\/\/api.w.org\/{rel}","templated":true}]}}