{"id":44,"date":"2021-11-26T12:50:33","date_gmt":"2021-11-26T10:50:33","guid":{"rendered":"https:\/\/blogi.eoppimispalvelut.fi\/northrevolutionwear\/?page_id=44"},"modified":"2022-02-08T20:28:49","modified_gmt":"2022-02-08T18:28:49","slug":"tyovaatteet","status":"publish","type":"page","link":"https:\/\/blogi.eoppimispalvelut.fi\/northrevolutionwear\/tyovaatteet\/","title":{"rendered":"Ty\u00f6vaatteet"},"content":{"rendered":"<p>[et_pb_section fb_built=&#8221;1&#8243; inner_shadow=&#8221;on&#8221; _builder_version=&#8221;4.8.2&#8243; _module_preset=&#8221;default&#8221; background_color=&#8221;RGBA(0,0,0,0)&#8221; background_image=&#8221;https:\/\/blogi.eoppimispalvelut.fi\/northrevolutionwear\/files\/2021\/11\/vtr-workwear-palosuojaus.jpg&#8221; background_position=&#8221;top_center&#8221;][et_pb_row _builder_version=&#8221;4.8.2&#8243; _module_preset=&#8221;default&#8221; background_color=&#8221;rgba(0,0,0,0.68)&#8221; custom_padding=&#8221;25px|||||&#8221; border_radii=&#8221;on|28px|28px|28px|28px&#8221;][et_pb_column type=&#8221;4_4&#8243; _builder_version=&#8221;4.8.2&#8243; _module_preset=&#8221;default&#8221;][et_pb_text _builder_version=&#8221;4.8.2&#8243; _module_preset=&#8221;default&#8221; text_text_color=&#8221;#FFFFFF&#8221; text_font_size=&#8221;17px&#8221;]<\/p>\n<p style=\"text-align: center\"><strong>Esimerkkej\u00e4 ty\u00f6vaatepaketeistamme. Kysy tarjousta s\u00e4hk\u00f6postilla, r\u00e4\u00e4t\u00e4l\u00f6imme juuri sinulle sopivan paketin ty\u00f6vaatteita!<\/strong><\/p>\n<p>[\/et_pb_text][\/et_pb_column][\/et_pb_row][et_pb_row _builder_version=&#8221;4.8.2&#8243; _module_preset=&#8221;default&#8221; custom_margin=&#8221;|auto|-39px|auto||&#8221;][et_pb_column type=&#8221;4_4&#8243; _builder_version=&#8221;4.8.2&#8243; _module_preset=&#8221;default&#8221;][\/et_pb_column][\/et_pb_row][et_pb_row column_structure=&#8221;1_2,1_2&#8243; _builder_version=&#8221;4.8.2&#8243; _module_preset=&#8221;default&#8221; background_color=&#8221;rgba(0,0,0,0.7)&#8221; border_radii=&#8221;on|14px|14px|14px|14px&#8221;][et_pb_column type=&#8221;1_2&#8243; _builder_version=&#8221;4.8.2&#8243; _module_preset=&#8221;default&#8221;][et_pb_text _builder_version=&#8221;4.8.2&#8243; _module_preset=&#8221;default&#8221; text_text_color=&#8221;#FFFFFF&#8221; text_font_size=&#8221;16px&#8221; custom_margin=&#8221;|||25px|false|false&#8221; custom_padding=&#8221;|0px||||&#8221;]<\/p>\n<p><strong>Ty\u00f6vaatepaketti sis\u00e4ty\u00f6h\u00f6n\u00a0(1 hl\u00f6 842 \u20ac)\u200b<\/strong><\/p>\n<ul style=\"font-weight: 400\">\n<li data-charcodes=\"111\" data-font=\"Courier New,monospace\" data-buautonum=\"8\" data-margin=\"604\" data-aria-posinset=\"2\" data-aria-level=\"2\"><strong>T-paita 2 kpl\u200b<\/strong><\/li>\n<li data-charcodes=\"111\" data-font=\"Courier New,monospace\" data-buautonum=\"8\" data-margin=\"604\" data-aria-posinset=\"3\" data-aria-level=\"2\"><strong>Housut 2 kpl\u200b<\/strong><\/li>\n<li data-charcodes=\"111\" data-font=\"Courier New,monospace\" data-buautonum=\"8\" data-margin=\"604\" data-aria-posinset=\"4\" data-aria-level=\"2\"><strong>Sukat 2 kpl\u200b<\/strong><\/li>\n<li data-charcodes=\"111\" data-font=\"Courier New,monospace\" data-buautonum=\"8\" data-margin=\"604\" data-aria-posinset=\"5\" data-aria-level=\"2\"><strong>Kauluspaita 2 kpl\u200b<\/strong><\/li>\n<li data-charcodes=\"111\" data-font=\"Courier New,monospace\" data-buautonum=\"8\" data-margin=\"604\" data-aria-posinset=\"6\" data-aria-level=\"2\"><strong>Ty\u00f6keng\u00e4t 1 kpl\u200b<\/strong><\/li>\n<li data-charcodes=\"111\" data-font=\"Courier New,monospace\" data-buautonum=\"8\" data-margin=\"604\" data-aria-posinset=\"7\" data-aria-level=\"2\"><strong>Takki 1 kpl<\/strong><\/li>\n<\/ul>\n<p>[\/et_pb_text][\/et_pb_column][et_pb_column type=&#8221;1_2&#8243; _builder_version=&#8221;4.8.2&#8243; _module_preset=&#8221;default&#8221;][et_pb_text _builder_version=&#8221;4.8.2&#8243; _module_preset=&#8221;default&#8221; text_text_color=&#8221;#FFFFFF&#8221; text_font_size=&#8221;16px&#8221;]<\/p>\n<p data-ccp-props=\"{&quot;335551550&quot;:1,&quot;335551620&quot;:1,&quot;335559683&quot;:0,&quot;335559685&quot;:0,&quot;335559731&quot;:0,&quot;335559737&quot;:0,&quot;335562764&quot;:2,&quot;335562765&quot;:0.9,&quot;335562766&quot;:4,&quot;335562767&quot;:10,&quot;335562768&quot;:4,&quot;335562769&quot;:0}\"><strong>Ty\u00f6vaatepaketti ulkoty\u00f6h\u00f6n\u00a0(1 hl\u00f6 1060,50 \u20ac)\u200b<\/strong><\/p>\n<ul style=\"font-weight: 400\">\n<li data-charcodes=\"111\" data-font=\"Courier New,monospace\" data-buautonum=\"8\" data-margin=\"604\" data-aria-posinset=\"1\" data-aria-level=\"2\"><strong>Takki 2 kpl\u200b<\/strong><\/li>\n<li data-charcodes=\"111\" data-font=\"Courier New,monospace\" data-buautonum=\"8\" data-margin=\"604\" data-aria-posinset=\"2\" data-aria-level=\"2\"><strong>T-paita 2 kpl\u200b<\/strong><\/li>\n<li data-charcodes=\"111\" data-font=\"Courier New,monospace\" data-buautonum=\"8\" data-margin=\"604\" data-aria-posinset=\"3\" data-aria-level=\"2\"><strong>Housut 2 kpl\u200b<\/strong><\/li>\n<li data-charcodes=\"111\" data-font=\"Courier New,monospace\" data-buautonum=\"8\" data-margin=\"604\" data-aria-posinset=\"4\" data-aria-level=\"2\"><strong>Fleece-takki 2 kpl\u200b<\/strong><\/li>\n<li data-charcodes=\"111\" data-font=\"Courier New,monospace\" data-buautonum=\"8\" data-margin=\"604\" data-aria-posinset=\"5\" data-aria-level=\"2\"><strong>Fleece-housut 2kpl\u200b<\/strong><\/li>\n<li data-charcodes=\"111\" data-font=\"Courier New,monospace\" data-buautonum=\"8\" data-margin=\"604\" data-aria-posinset=\"6\" data-aria-level=\"2\"><strong>Sukat 3 kpl\u200b<\/strong><\/li>\n<li data-charcodes=\"111\" data-font=\"Courier New,monospace\" data-buautonum=\"8\" data-margin=\"604\" data-aria-posinset=\"7\" data-aria-level=\"2\"><strong>Turvakeng\u00e4t 1 kpl\u200b<\/strong><\/li>\n<li data-charcodes=\"111\" data-font=\"Courier New,monospace\" data-buautonum=\"8\" data-margin=\"604\" data-aria-posinset=\"8\" data-aria-level=\"2\"><strong>Brodeeraus 2 kpl<\/strong><\/li>\n<\/ul>\n<p>[\/et_pb_text][\/et_pb_column][\/et_pb_row][\/et_pb_section]<\/p>\n","protected":false},"excerpt":{"rendered":"<p>Esimerkkej\u00e4 ty\u00f6vaatepaketeistamme. Kysy tarjousta s\u00e4hk\u00f6postilla, r\u00e4\u00e4t\u00e4l\u00f6imme juuri sinulle sopivan paketin ty\u00f6vaatteita!Ty\u00f6vaatepaketti sis\u00e4ty\u00f6h\u00f6n\u00a0(1 hl\u00f6 842 \u20ac)\u200b T-paita 2 kpl\u200b Housut 2 kpl\u200b Sukat 2 kpl\u200b Kauluspaita 2 kpl\u200b Ty\u00f6keng\u00e4t 1 kpl\u200b Takki 1 kpl Ty\u00f6vaatepaketti ulkoty\u00f6h\u00f6n\u00a0(1 hl\u00f6 1060,50 \u20ac)\u200b Takki 2 kpl\u200b T-paita 2 kpl\u200b Housut 2 kpl\u200b Fleece-takki 2 kpl\u200b Fleece-housut 2kpl\u200b Sukat 3 kpl\u200b [&hellip;]<\/p>\n","protected":false},"author":8798,"featured_media":0,"parent":0,"menu_order":0,"comment_status":"closed","ping_status":"closed","template":"","meta":{"_et_pb_use_builder":"on","_et_pb_old_content":"","_et_gb_content_width":"","footnotes":""},"class_list":["post-44","page","type-page","status-publish","hentry"],"_links":{"self":[{"href":"https:\/\/blogi.eoppimispalvelut.fi\/northrevolutionwear\/wp-json\/wp\/v2\/pages\/44","targetHints":{"allow":["GET"]}}],"collection":[{"href":"https:\/\/blogi.eoppimispalvelut.fi\/northrevolutionwear\/wp-json\/wp\/v2\/pages"}],"about":[{"href":"https:\/\/blogi.eoppimispalvelut.fi\/northrevolutionwear\/wp-json\/wp\/v2\/types\/page"}],"author":[{"embeddable":true,"href":"https:\/\/blogi.eoppimispalvelut.fi\/northrevolutionwear\/wp-json\/wp\/v2\/users\/8798"}],"replies":[{"embeddable":true,"href":"https:\/\/blogi.eoppimispalvelut.fi\/northrevolutionwear\/wp-json\/wp\/v2\/comments?post=44"}],"version-history":[{"count":6,"href":"https:\/\/blogi.eoppimispalvelut.fi\/northrevolutionwear\/wp-json\/wp\/v2\/pages\/44\/revisions"}],"predecessor-version":[{"id":255,"href":"https:\/\/blogi.eoppimispalvelut.fi\/northrevolutionwear\/wp-json\/wp\/v2\/pages\/44\/revisions\/255"}],"wp:attachment":[{"href":"https:\/\/blogi.eoppimispalvelut.fi\/northrevolutionwear\/wp-json\/wp\/v2\/media?parent=44"}],"curies":[{"name":"wp","href":"https:\/\/api.w.org\/{rel}","templated":true}]}}